000
CDUS43 KLOT 171126
CLIRFD

CLIMATE REPORT
NATIONAL WEATHER SERVICE CHICAGO IL
135 AM CDT FRI OCT 17 2014


...................................

...THE ROCKFORD IL CLIMATE SUMMARY FOR OCTOBER 16 2014...

CLIMATE NORMAL PERIOD 1981 TO 2010
CLIMATE RECORD PERIOD 1905 TO 2014


WEATHER ITEM   OBSERVED TIME   RECORD YEAR NORMAL DEPARTURE LAST
                VALUE   (LST)  VALUE       VALUE  FROM      YEAR
                                                  NORMAL
..................................................................
TEMPERATURE (F)
 YESTERDAY
  MAXIMUM         63    329 PM  87    1938  63      0       53
  MINIMUM         50    853 AM  27    1991  41      9       47
                                      1944
  AVERAGE         57                        52      5       50

PRECIPITATION (IN)
  YESTERDAY        T             0.91 1914   0.08  -0.08      T
  MONTH TO DATE    2.60                      1.39   1.21     1.54
  SINCE SEP 1      4.60                      4.74  -0.14     3.15
  SINCE JAN 1     30.85                     30.40   0.45    35.15

SNOWFALL (IN)
  YESTERDAY        0.0           T    1943   0.0    0.0      0.0
  MONTH TO DATE    T                         0.0    0.0      0.0
  SINCE SEP 1      T                         0.0    0.0      0.0
  SINCE JUL 1      T                         0.0    0.0      0.0
  SNOW DEPTH       0

DEGREE DAYS
 HEATING
  YESTERDAY        8                        14     -6       15
  MONTH TO DATE  186                       179      7       93
  SINCE SEP 1    317                       296     21      164
  SINCE JUL 1    327                       310     17      175

 COOLING
  YESTERDAY        0                         0      0        0
  MONTH TO DATE    3                         8     -5       16
  SINCE SEP 1     73                        92    -19      141
  SINCE JAN 1    729                       819    -90      890
..................................................................


WIND (MPH)
  HIGHEST WIND SPEED    13   HIGHEST WIND DIRECTION     S (170)
  HIGHEST GUST SPEED    17   HIGHEST GUST DIRECTION    SW (210)
  AVERAGE WIND SPEED     5.8


SKY COVER
  POSSIBLE SUNSHINE  MM
  AVERAGE SKY COVER 0.8


WEATHER CONDITIONS
 THE FOLLOWING WEATHER WAS RECORDED YESTERDAY.

  LIGHT RAIN
  FOG


RELATIVE HUMIDITY (PERCENT)
 HIGHEST    93           500 AM
 LOWEST     60           400 PM
 AVERAGE    77

..........................................................


THE ROCKFORD IL CLIMATE NORMALS FOR TODAY
                         NORMAL    RECORD    YEAR
 MAXIMUM TEMPERATURE (F)   62        87      1950
                                             1947
                                             1938
 MINIMUM TEMPERATURE (F)   40        24      1992
                                             1952


SUNRISE AND SUNSET
OCTOBER 17 2014.......SUNRISE   711 AM CDT   SUNSET   611 PM CDT
OCTOBER 18 2014.......SUNRISE   712 AM CDT   SUNSET   610 PM CDT


-  INDICATES NEGATIVE NUMBERS.
R  INDICATES RECORD WAS SET OR TIED.
MM INDICATES DATA IS MISSING.
T  INDICATES TRACE AMOUNT.




$$
