000
CDUS43 KLOT 300636
CLIRFD


CLIMATE REPORT
NATIONAL WEATHER SERVICE CHICAGO IL
136 AM CDT MON MAR 30 2015


...................................

...THE ROCKFORD IL CLIMATE SUMMARY FOR MARCH 29 2015...

CLIMATE NORMAL PERIOD 1981 TO 2010
CLIMATE RECORD PERIOD 1905 TO 2015


WEATHER ITEM   OBSERVED TIME   RECORD YEAR NORMAL DEPARTURE LAST
                VALUE   (LST)  VALUE       VALUE  FROM      YEAR
                                                  NORMAL
..................................................................
TEMPERATURE (F)
 YESTERDAY
  MAXIMUM         50    454 PM  85    1986  53     -3       48
  MINIMUM         28    406 AM  12    1969  32     -4       28
  AVERAGE         39                        42     -3       38

PRECIPITATION (IN)
  YESTERDAY        0.06          1.75 1914   0.09  -0.03     0.00
  MONTH TO DATE    1.30                      2.13  -0.83     1.03
  SINCE MAR 1      1.30                      2.13  -0.83     1.03
  SINCE JAN 1      3.22                      4.91  -1.69     4.77

SNOWFALL (IN)
  YESTERDAY        T            10.4  1972   0.1   -0.1      0.0
  MONTH TO DATE    7.6                       4.6    3.0      9.1
  SINCE MAR 1      7.6                       4.6    3.0      9.1
  SINCE JUL 1     35.5                      35.6   -0.1     56.6
  SNOW DEPTH       0

DEGREE DAYS
 HEATING
  YESTERDAY       26                        23      3       27
  MONTH TO DATE  905                       820     85     1056
  SINCE MAR 1    905                       820     85     1056
  SINCE JUL 1   6351                      5822    529     6948

 COOLING
  YESTERDAY        0                         0      0        0
  MONTH TO DATE    0                         0      0        0
  SINCE MAR 1      0                         0      0        0
  SINCE JAN 1      0                         0      0        0
..................................................................


WIND (MPH)
  HIGHEST WIND SPEED    28   HIGHEST WIND DIRECTION     S (180)
  HIGHEST GUST SPEED    39   HIGHEST GUST DIRECTION     W (250)
  AVERAGE WIND SPEED    17.0


SKY COVER
  POSSIBLE SUNSHINE  MM
  AVERAGE SKY COVER 0.6


WEATHER CONDITIONS
 THE FOLLOWING WEATHER WAS RECORDED YESTERDAY.
  LIGHT RAIN
  SLEET
  FOG


RELATIVE HUMIDITY (PERCENT)
 HIGHEST    76           100 PM
 LOWEST     56           800 AM
 AVERAGE    66

..........................................................


THE ROCKFORD IL CLIMATE NORMALS FOR TODAY
                         NORMAL    RECORD    YEAR
 MAXIMUM TEMPERATURE (F)   54        82      1910
 MINIMUM TEMPERATURE (F)   32         6      1954


SUNRISE AND SUNSET
MARCH 30 2015.........SUNRISE   643 AM CDT   SUNSET   720 PM CDT
MARCH 31 2015.........SUNRISE   641 AM CDT   SUNSET   721 PM CDT


-  INDICATES NEGATIVE NUMBERS.
R  INDICATES RECORD WAS SET OR TIED.
MM INDICATES DATA IS MISSING.
T  INDICATES TRACE AMOUNT.




$$
