000
CDUS43 KLOT 130640
CLIRFD


CLIMATE REPORT
NATIONAL WEATHER SERVICE CHICAGO IL
138 AM CDT SAT SEP 13 2014


...................................

...THE ROCKFORD IL CLIMATE SUMMARY FOR SEPTEMBER 12 2014...

CLIMATE NORMAL PERIOD 1981 TO 2010
CLIMATE RECORD PERIOD 1905 TO 2014


WEATHER ITEM   OBSERVED TIME   RECORD YEAR NORMAL DEPARTURE LAST
                VALUE   (LST)  VALUE       VALUE  FROM      YEAR
                                                  NORMAL
..................................................................
TEMPERATURE (F)
 YESTERDAY
  MAXIMUM         53   1102 AM  95    1927  77    -24       81
  MINIMUM         40   1159 PM  36    1975  54    -14       58
  AVERAGE         47                        66    -19       70

PRECIPITATION (IN)
  YESTERDAY        0.10          2.82 1991   0.11  -0.01     0.00
  MONTH TO DATE    1.83                      1.39   0.44     0.05
  SINCE SEP 1      1.83                      1.39   0.44     0.05
  SINCE JAN 1     28.08                     27.05   1.03    32.05

SNOWFALL (IN)
  YESTERDAY        0.0           0.0    MM   0.0    0.0      0.0
  MONTH TO DATE    0.0                       0.0    0.0      0.0
  SINCE SEP 1      0.0                       0.0    0.0      0.0
  SINCE JUL 1      T                         0.0    0.0      0.0
  SNOW DEPTH       0

DEGREE DAYS
 HEATING
  YESTERDAY       18                         3     15        0
  MONTH TO DATE   32                        19     13        0
  SINCE SEP 1     32                        19     13        0
  SINCE JUL 1     42                        33      9       11

 COOLING
  YESTERDAY        0                         3     -3        5
  MONTH TO DATE   47                        51     -4      100
  SINCE SEP 1     47                        51     -4      100
  SINCE JAN 1    703                       778    -75      849
..................................................................


WIND (MPH)
  HIGHEST WIND SPEED    17   HIGHEST WIND DIRECTION     N (10)
  HIGHEST GUST SPEED    21   HIGHEST GUST DIRECTION     N (360)
  AVERAGE WIND SPEED    10.4


SKY COVER
  POSSIBLE SUNSHINE  MM
  AVERAGE SKY COVER 0.9


WEATHER CONDITIONS
 THE FOLLOWING WEATHER WAS RECORDED YESTERDAY.
  LIGHT RAIN
  FOG


RELATIVE HUMIDITY (PERCENT)
 HIGHEST    93          1100 PM
 LOWEST     59          1100 AM
 AVERAGE    76

..........................................................


THE ROCKFORD IL CLIMATE NORMALS FOR TODAY
                         NORMAL    RECORD    YEAR
 MAXIMUM TEMPERATURE (F)   77        99      1939
 MINIMUM TEMPERATURE (F)   54        32      1975


SUNRISE AND SUNSET
SEPTEMBER 13 2014.....SUNRISE   634 AM CDT   SUNSET   709 PM CDT
SEPTEMBER 14 2014.....SUNRISE   635 AM CDT   SUNSET   708 PM CDT


-  INDICATES NEGATIVE NUMBERS.
R  INDICATES RECORD WAS SET OR TIED.
MM INDICATES DATA IS MISSING.
T  INDICATES TRACE AMOUNT.


$$

BMD
