000
CDUS43 KLOT 240633
CLIRFD


CLIMATE REPORT
NATIONAL WEATHER SERVICE CHICAGO IL
1232 AM CST THU NOV 24 2016


...................................

...THE ROCKFORD IL CLIMATE SUMMARY FOR NOVEMBER 23 2016...

CLIMATE NORMAL PERIOD 1981 TO 2010
CLIMATE RECORD PERIOD 1905 TO 2016


WEATHER ITEM   OBSERVED TIME   RECORD YEAR NORMAL DEPARTURE LAST
                VALUE   (LST)  VALUE       VALUE  FROM      YEAR
                                                  NORMAL
..................................................................
TEMPERATURE (F)
 YESTERDAY
  MAXIMUM         44    615 PM  65    1931  43      1       37
  MINIMUM         36    127 AM   0    1950  27      9       19
  AVERAGE         40                        35      5       28

PRECIPITATION (IN)
  YESTERDAY        0.28          0.80 1983   0.09   0.19     0.00
  MONTH TO DATE    1.04                      2.01  -0.97     3.25
  SINCE SEP 1      5.73                      8.03  -2.30     8.55
  SINCE JAN 1     31.65                     33.69  -2.04    33.08

SNOWFALL (IN)
  YESTERDAY        0.0           3.0  1941   0.1   -0.1      0.0
  MONTH TO DATE    T                         0.8   -0.8      8.8
  SINCE SEP 1      T                         0.9   -0.9      8.8
  SINCE JUL 1      T                         0.9   -0.9      8.8
  SNOW DEPTH       0

DEGREE DAYS
 HEATING
  YESTERDAY       25                        30     -5       37
  MONTH TO DATE  398                       558   -160      452
  SINCE SEP 1    695                      1097   -402      829
  SINCE JUL 1    695                      1111   -416      839

 COOLING
  YESTERDAY        0                         0      0        0
  MONTH TO DATE    4                         0      4        0
  SINCE SEP 1    186                        93     93      172
  SINCE JAN 1   1103                       820    283      825
..................................................................


WIND (MPH)
  HIGHEST WIND SPEED    18   HIGHEST WIND DIRECTION    SE (140)
  HIGHEST GUST SPEED    24   HIGHEST GUST DIRECTION     E (110)
  AVERAGE WIND SPEED     9.9


SKY COVER
  POSSIBLE SUNSHINE  MM
  AVERAGE SKY COVER 1.0


WEATHER CONDITIONS
 THE FOLLOWING WEATHER WAS RECORDED YESTERDAY.
  LIGHT RAIN
  FOG


RELATIVE HUMIDITY (PERCENT)
 HIGHEST   100           900 AM
 LOWEST     85           200 AM
 AVERAGE    93

..........................................................


THE ROCKFORD IL CLIMATE NORMALS FOR TODAY
                         NORMAL    RECORD    YEAR
 MAXIMUM TEMPERATURE (F)   43        65      1931
 MINIMUM TEMPERATURE (F)   26        -6      1950


SUNRISE AND SUNSET
NOVEMBER 24 2016......SUNRISE   658 AM CST   SUNSET   428 PM CST
NOVEMBER 25 2016......SUNRISE   659 AM CST   SUNSET   427 PM CST


-  INDICATES NEGATIVE NUMBERS.
R  INDICATES RECORD WAS SET OR TIED.
MM INDICATES DATA IS MISSING.
T  INDICATES TRACE AMOUNT.




$$
