381
CDUS43 KLOT 040638
CLIRFD


CLIMATE REPORT
NATIONAL WEATHER SERVICE CHICAGO IL
1238 AM CST THU FEB 4 2016


...................................

...THE ROCKFORD IL CLIMATE SUMMARY FOR FEBRUARY 3 2016...

CLIMATE NORMAL PERIOD 1981 TO 2010
CLIMATE RECORD PERIOD 1905 TO 2016


WEATHER ITEM   OBSERVED TIME   RECORD YEAR NORMAL DEPARTURE LAST
                VALUE   (LST)  VALUE       VALUE  FROM      YEAR
                                                  NORMAL
..................................................................
TEMPERATURE (F)
 YESTERDAY
  MAXIMUM         36   1052 AM  54    1992  31      5       22
                                      1931
  MINIMUM         23   1159 PM -24    1996  15      8        0
  AVERAGE         30                        23      7       11

PRECIPITATION (IN)
  YESTERDAY        T             0.34 2008   0.04  -0.04     0.09
  MONTH TO DATE    0.40                      0.12   0.28     0.69
  SINCE DEC 1      5.93                      3.47   2.46     2.69
  SINCE JAN 1      1.28                      1.49  -0.21     1.76

SNOWFALL (IN)
  YESTERDAY        T             5.8  2008   0.3   -0.3      1.1
  MONTH TO DATE    0.2                       1.0   -0.8     11.6
  SINCE DEC 1      9.1                      22.5  -13.4     21.2
  SINCE JUL 1     17.9                      24.3   -6.4     24.8
  SNOW DEPTH       0

DEGREE DAYS
 HEATING
  YESTERDAY       35                        42     -7       54
  MONTH TO DATE  102                       127    -25      155
  SINCE DEC 1   2242                      2701   -459     2580
  SINCE JUL 1   3273                      4036   -763     4127

 COOLING
  YESTERDAY        0                         0      0        0
  MONTH TO DATE    0                         0      0        0
  SINCE DEC 1      0                         0      0        0
  SINCE JAN 1      0                         0      0        0
..................................................................


WIND (MPH)
  HIGHEST WIND SPEED    24   HIGHEST WIND DIRECTION     W (290)
  HIGHEST GUST SPEED    28   HIGHEST GUST DIRECTION     W (290)
  AVERAGE WIND SPEED    11.8


SKY COVER
  POSSIBLE SUNSHINE  MM
  AVERAGE SKY COVER 1.0


WEATHER CONDITIONS
 THE FOLLOWING WEATHER WAS RECORDED YESTERDAY.
  LIGHT RAIN
  SNOW
  LIGHT SNOW
  FOG
  FOG W/VISIBILITY <= 1/4 MILE


RELATIVE HUMIDITY (PERCENT)
 HIGHEST   100           100 AM
 LOWEST     72           500 PM
 AVERAGE    86

..........................................................


THE ROCKFORD IL CLIMATE NORMALS FOR TODAY
                         NORMAL    RECORD    YEAR
 MAXIMUM TEMPERATURE (F)   31        49      1973
                                             1962
 MINIMUM TEMPERATURE (F)   15       -19      1996


SUNRISE AND SUNSET
FEBRUARY  4 2016......SUNRISE   707 AM CST   SUNSET   514 PM CST
FEBRUARY  5 2016......SUNRISE   706 AM CST   SUNSET   515 PM CST


-  INDICATES NEGATIVE NUMBERS.
R  INDICATES RECORD WAS SET OR TIED.
MM INDICATES DATA IS MISSING.
T  INDICATES TRACE AMOUNT.




$$
