000
CDUS43 KLOT 160633
CLIRFD


CLIMATE REPORT
NATIONAL WEATHER SERVICE CHICAGO IL
132 AM CDT THU OCT 16 2014


...................................

...THE ROCKFORD IL CLIMATE SUMMARY FOR OCTOBER 15 2014...

CLIMATE NORMAL PERIOD 1981 TO 2010
CLIMATE RECORD PERIOD 1905 TO 2014


WEATHER ITEM   OBSERVED TIME   RECORD YEAR NORMAL DEPARTURE LAST
                VALUE   (LST)  VALUE       VALUE  FROM      YEAR
                                                  NORMAL
..................................................................
TEMPERATURE (F)
 YESTERDAY
  MAXIMUM         54    300 PM  89    1947  63     -9       67
  MINIMUM         50    751 AM  21    1937  41      9       45
  AVERAGE         52                        52      0       56

PRECIPITATION (IN)
  YESTERDAY        0.03          1.06 1967   0.08  -0.05     0.28
  MONTH TO DATE    2.60                      1.31   1.29     1.54
  SINCE SEP 1      4.60                      4.66  -0.06     3.15
  SINCE JAN 1     30.85                     30.32   0.53    35.15

SNOWFALL (IN)
  YESTERDAY        0.0           0.0    MM   0.0    0.0      0.0
  MONTH TO DATE    T                         0.0    0.0      0.0
  SINCE SEP 1      T                         0.0    0.0      0.0
  SINCE JUL 1      T                         0.0    0.0      0.0
  SNOW DEPTH       0

DEGREE DAYS
 HEATING
  YESTERDAY       13                        13      0        9
  MONTH TO DATE  178                       165     13       78
  SINCE SEP 1    309                       282     27      149
  SINCE JUL 1    319                       296     23      160

 COOLING
  YESTERDAY        0                         0      0        0
  MONTH TO DATE    3                         8     -5       16
  SINCE SEP 1     73                        92    -19      141
  SINCE JAN 1    729                       819    -90      890
..................................................................


WIND (MPH)
  HIGHEST WIND SPEED    18   HIGHEST WIND DIRECTION     N (10)
  HIGHEST GUST SPEED    26   HIGHEST GUST DIRECTION    NE (30)
  AVERAGE WIND SPEED    11.1


SKY COVER
  POSSIBLE SUNSHINE  MM
  AVERAGE SKY COVER 1.0


WEATHER CONDITIONS
 THE FOLLOWING WEATHER WAS RECORDED YESTERDAY.
  LIGHT RAIN
  FOG


RELATIVE HUMIDITY (PERCENT)
 HIGHEST    93           300 AM
 LOWEST     83           100 AM
 AVERAGE    88

..........................................................


THE ROCKFORD IL CLIMATE NORMALS FOR TODAY
                         NORMAL    RECORD    YEAR
 MAXIMUM TEMPERATURE (F)   63        87      1938
 MINIMUM TEMPERATURE (F)   41        27      1991
                                             1944


SUNRISE AND SUNSET
OCTOBER 16 2014.......SUNRISE   710 AM CDT   SUNSET   613 PM CDT
OCTOBER 17 2014.......SUNRISE   711 AM CDT   SUNSET   611 PM CDT


-  INDICATES NEGATIVE NUMBERS.
R  INDICATES RECORD WAS SET OR TIED.
MM INDICATES DATA IS MISSING.
T  INDICATES TRACE AMOUNT.




$$
