000
CDUS43 KLOT 250634
CLIRFD


CLIMATE REPORT
NATIONAL WEATHER SERVICE CHICAGO IL
133 AM CDT SAT JUL 25 2015


...................................

...THE ROCKFORD IL CLIMATE SUMMARY FOR JULY 24 2015...

CLIMATE NORMAL PERIOD 1981 TO 2010
CLIMATE RECORD PERIOD 1905 TO 2015


WEATHER ITEM   OBSERVED TIME   RECORD YEAR NORMAL DEPARTURE LAST
                VALUE   (LST)  VALUE       VALUE  FROM      YEAR
                                                  NORMAL
..................................................................
TEMPERATURE (F)
 YESTERDAY
  MAXIMUM         81    519 PM 107    1934  84     -3       78
  MINIMUM         62    455 AM  51    2000  63     -1       55
  AVERAGE         72                        74     -2       67

PRECIPITATION (IN)
  YESTERDAY        0.00          2.81 2010   0.14  -0.14     0.00
  MONTH TO DATE    3.46                      3.02   0.44     2.44
  SINCE JUN 1      8.10                      7.67   0.43    10.50
  SINCE JAN 1     19.29                     20.14  -0.85    20.47

SNOWFALL (IN)
  YESTERDAY        0.0           0.0    MM   0.0    0.0      0.0
  MONTH TO DATE    0.0                       0.0    0.0      0.0
  SINCE JUN 1      0.0                       0.0    0.0      0.0
  SINCE JUL 1      0.0                       0.0    0.0      0.0
  SNOW DEPTH       0

DEGREE DAYS
 HEATING
  YESTERDAY        0                         0      0        0
  MONTH TO DATE    5                         0      5        9
  SINCE JUN 1     21                        31    -10       20
  SINCE JUL 1      5                         0      5        9

 COOLING
  YESTERDAY        7                         9     -2        2
  MONTH TO DATE  160                       216    -56      114
  SINCE JUN 1    312                       391    -79      309
  SINCE JAN 1    372                       446    -74      392
..................................................................


WIND (MPH)
  HIGHEST WIND SPEED    24   HIGHEST WIND DIRECTION     S (190)
  HIGHEST GUST SPEED    28   HIGHEST GUST DIRECTION     S (180)
  AVERAGE WIND SPEED     7.9


SKY COVER
  POSSIBLE SUNSHINE  MM
  AVERAGE SKY COVER 0.6


WEATHER CONDITIONS
 THE FOLLOWING WEATHER WAS RECORDED YESTERDAY.
  FOG


RELATIVE HUMIDITY (PERCENT)
 HIGHEST    93           400 AM
 LOWEST     51          1100 AM
 AVERAGE    72

..........................................................


THE ROCKFORD IL CLIMATE NORMALS FOR TODAY
                         NORMAL    RECORD    YEAR
 MAXIMUM TEMPERATURE (F)   84       105      1934
 MINIMUM TEMPERATURE (F)   63        47      1920


SUNRISE AND SUNSET
JULY 25 2015..........SUNRISE   542 AM CDT   SUNSET   823 PM CDT
JULY 26 2015..........SUNRISE   543 AM CDT   SUNSET   822 PM CDT


-  INDICATES NEGATIVE NUMBERS.
R  INDICATES RECORD WAS SET OR TIED.
MM INDICATES DATA IS MISSING.
T  INDICATES TRACE AMOUNT.




$$
