000
CDUS43 KLOT 280636
CLIRFD


CLIMATE REPORT
NATIONAL WEATHER SERVICE CHICAGO IL
135 AM CDT THU AUG 28 2014


...................................

...THE ROCKFORD IL CLIMATE SUMMARY FOR AUGUST 27 2014...

CLIMATE NORMAL PERIOD 1981 TO 2010
CLIMATE RECORD PERIOD 1905 TO 2014


WEATHER ITEM   OBSERVED TIME   RECORD YEAR NORMAL DEPARTURE LAST
                VALUE   (LST)  VALUE       VALUE  FROM      YEAR
                                                  NORMAL
..................................................................
TEMPERATURE (F)
 YESTERDAY
  MAXIMUM         80   1249 PM  97    1953  81     -1       94
                                      1937
  MINIMUM         63    535 AM  40    1915  60      3       72
  AVERAGE         72                        71      1       83

PRECIPITATION (IN)
  YESTERDAY        0.00          2.70 1950   0.15  -0.15     0.00
  MONTH TO DATE    5.47                      4.04   1.43     2.72
  SINCE JUN 1     15.99                     12.64   3.35    12.36
  SINCE JAN 1     25.96                     25.11   0.85    31.80

SNOWFALL (IN)
  YESTERDAY        0.0           0.0    MM   0.0    0.0      0.0
  MONTH TO DATE    T                         0.0    0.0      0.0
  SINCE JUN 1      T                         0.0    0.0      0.0
  SINCE JUL 1      T                         0.0    0.0      0.0
  SNOW DEPTH       0

DEGREE DAYS
 HEATING
  YESTERDAY        0                         1     -1        0
  MONTH TO DATE    0                         2     -2        2
  SINCE JUN 1     21                        36    -15       45
  SINCE JUL 1     10                         5      5       11

 COOLING
  YESTERDAY        7                         6      1       18
  MONTH TO DATE  198                       200     -2      179
  SINCE JUN 1    540                       649   -109      604
  SINCE JAN 1    623                       704    -81      696
..................................................................


WIND (MPH)
  HIGHEST WIND SPEED    10   HIGHEST WIND DIRECTION     E (70)
  HIGHEST GUST SPEED    14   HIGHEST GUST DIRECTION     N (350)
  AVERAGE WIND SPEED     5.8


SKY COVER
  POSSIBLE SUNSHINE  MM
  AVERAGE SKY COVER 0.8


WEATHER CONDITIONS
 THE FOLLOWING WEATHER WAS RECORDED YESTERDAY.
  NO SIGNIFICANT WEATHER WAS OBSERVED.


RELATIVE HUMIDITY (PERCENT)
 HIGHEST    87          1000 PM
 LOWEST     45          1200 PM
 AVERAGE    66

..........................................................


THE ROCKFORD IL CLIMATE NORMALS FOR TODAY
                         NORMAL    RECORD    YEAR
 MAXIMUM TEMPERATURE (F)   81        97      1955
 MINIMUM TEMPERATURE (F)   60        38      1915


SUNRISE AND SUNSET
AUGUST 28 2014........SUNRISE   618 AM CDT   SUNSET   737 PM CDT
AUGUST 29 2014........SUNRISE   619 AM CDT   SUNSET   735 PM CDT


-  INDICATES NEGATIVE NUMBERS.
R  INDICATES RECORD WAS SET OR TIED.
MM INDICATES DATA IS MISSING.
T  INDICATES TRACE AMOUNT.




$$
