000
CDUS43 KLOT 150633
CLIRFD


CLIMATE REPORT
NATIONAL WEATHER SERVICE CHICAGO IL
1232 AM CST SAT NOV 15 2014


...................................

...THE ROCKFORD IL CLIMATE SUMMARY FOR NOVEMBER 14 2014...

CLIMATE NORMAL PERIOD 1981 TO 2010
CLIMATE RECORD PERIOD 1905 TO 2014


WEATHER ITEM   OBSERVED TIME   RECORD YEAR NORMAL DEPARTURE LAST
                VALUE   (LST)  VALUE       VALUE  FROM      YEAR
                                                  NORMAL
..................................................................
TEMPERATURE (F)
 YESTERDAY
  MAXIMUM         31    249 PM  73    1971  49    -18       50
  MINIMUM         17   1151 PM   4    1959  31    -14       31
  AVERAGE         24                        40    -16       41

PRECIPITATION (IN)
  YESTERDAY        T             1.19 1926   0.09  -0.09     0.00
  MONTH TO DATE    0.55                      1.23  -0.68     0.61
  SINCE SEP 1      5.24                      7.25  -2.01     5.40
  SINCE JAN 1     31.49                     32.91  -1.42    37.40

SNOWFALL (IN)
  YESTERDAY        T             0.4  1972   0.0    0.0      0.0
  MONTH TO DATE    0.3                       0.2    0.1      0.4
  SINCE SEP 1      0.4                       0.3    0.1      0.4
  SINCE JUL 1      0.4                       0.3    0.1      0.4
  SNOW DEPTH       0

DEGREE DAYS
 HEATING
  YESTERDAY       41                        25     16       24
  MONTH TO DATE  348                       308     40      353
  SINCE SEP 1    900                       847     53      843
  SINCE JUL 1    910                       861     49      854

 COOLING
  YESTERDAY        0                         0      0        0
  MONTH TO DATE    0                         0      0        0
  SINCE SEP 1     73                        93    -20      141
  SINCE JAN 1    729                       820    -91      890
..................................................................


WIND (MPH)
  HIGHEST WIND SPEED    14   HIGHEST WIND DIRECTION    NW (300)
  HIGHEST GUST SPEED    17   HIGHEST GUST DIRECTION    NW (300)
  AVERAGE WIND SPEED     5.9


SKY COVER
  POSSIBLE SUNSHINE  MM
  AVERAGE SKY COVER 0.7


WEATHER CONDITIONS
 THE FOLLOWING WEATHER WAS RECORDED YESTERDAY.
  LIGHT SNOW


RELATIVE HUMIDITY (PERCENT)
 HIGHEST    74           400 AM
 LOWEST     43           200 PM
 AVERAGE    59

..........................................................


THE ROCKFORD IL CLIMATE NORMALS FOR TODAY
                         NORMAL    RECORD    YEAR
 MAXIMUM TEMPERATURE (F)   48        69      1990
                                             1953
 MINIMUM TEMPERATURE (F)   31         0      1959


SUNRISE AND SUNSET
NOVEMBER 15 2014......SUNRISE   647 AM CST   SUNSET   435 PM CST
NOVEMBER 16 2014......SUNRISE   648 AM CST   SUNSET   434 PM CST


-  INDICATES NEGATIVE NUMBERS.
R  INDICATES RECORD WAS SET OR TIED.
MM INDICATES DATA IS MISSING.
T  INDICATES TRACE AMOUNT.




$$
