000
CDUS43 KLOT 200634
CLIRFD


CLIMATE REPORT
NATIONAL WEATHER SERVICE CHICAGO IL
134 AM CDT FRI MAR 20 2015


...................................

...THE ROCKFORD IL CLIMATE SUMMARY FOR MARCH 19 2015...

CLIMATE NORMAL PERIOD 1981 TO 2010
CLIMATE RECORD PERIOD 1905 TO 2015


WEATHER ITEM   OBSERVED TIME   RECORD YEAR NORMAL DEPARTURE LAST
                VALUE   (LST)  VALUE       VALUE  FROM      YEAR
                                                  NORMAL
..................................................................
TEMPERATURE (F)
 YESTERDAY
  MAXIMUM         48    352 PM  78    1921  48      0       41
  MINIMUM         36    520 AM  -9    1923  29      7       33
  AVERAGE         42                        38      4       37

PRECIPITATION (IN)
  YESTERDAY        0.00          1.05 1970   0.08  -0.08     0.10
  MONTH TO DATE    0.40                      1.29  -0.89     0.68
  SINCE MAR 1      0.40                      1.29  -0.89     0.68
  SINCE JAN 1      2.32                      4.07  -1.75     4.42

SNOWFALL (IN)
  YESTERDAY        0.0           3.8  1967   0.1   -0.1      0.0
  MONTH TO DATE    2.5                       3.5   -1.0      8.1
  SINCE MAR 1      2.5                       3.5   -1.0      8.1
  SINCE JUL 1     30.4                      34.5   -4.1     55.6
  SNOW DEPTH       0

DEGREE DAYS
 HEATING
  YESTERDAY       23                        27     -4       28
  MONTH TO DATE  605                       576     29      738
  SINCE MAR 1    605                       576     29      738
  SINCE JUL 1   6051                      5578    473     6630

 COOLING
  YESTERDAY        0                         0      0        0
  MONTH TO DATE    0                         0      0        0
  SINCE MAR 1      0                         0      0        0
  SINCE JAN 1      0                         0      0        0
..................................................................


WIND (MPH)
  HIGHEST WIND SPEED    18   HIGHEST WIND DIRECTION    SE (130)
  HIGHEST GUST SPEED    22   HIGHEST GUST DIRECTION    SE (140)
  AVERAGE WIND SPEED     7.0


SKY COVER
  POSSIBLE SUNSHINE  MM
  AVERAGE SKY COVER 1.0


WEATHER CONDITIONS
 THE FOLLOWING WEATHER WAS RECORDED YESTERDAY.
  NO SIGNIFICANT WEATHER WAS OBSERVED.


RELATIVE HUMIDITY (PERCENT)
 HIGHEST    64           200 AM
 LOWEST     28           400 PM
 AVERAGE    46

..........................................................


THE ROCKFORD IL CLIMATE NORMALS FOR TODAY
                         NORMAL    RECORD    YEAR
 MAXIMUM TEMPERATURE (F)   49        83      2012
 MINIMUM TEMPERATURE (F)   29         4      1965


SUNRISE AND SUNSET
MARCH 20 2015.........SUNRISE   700 AM CDT   SUNSET   708 PM CDT
MARCH 21 2015.........SUNRISE   658 AM CDT   SUNSET   709 PM CDT


-  INDICATES NEGATIVE NUMBERS.
R  INDICATES RECORD WAS SET OR TIED.
MM INDICATES DATA IS MISSING.
T  INDICATES TRACE AMOUNT.




$$
