000
CDUS43 KLOT 092231
CLIRFD


CLIMATE REPORT
NATIONAL WEATHER SERVICE CHICAGO IL
431 PM CST THU MAR 9 2017


...................................

...THE ROCKFORD IL CLIMATE SUMMARY FOR MARCH 9 2017...
VALID TODAY AS OF 0400 PM LOCAL TIME.

CLIMATE NORMAL PERIOD 1981 TO 2010
CLIMATE RECORD PERIOD 1905 TO 2017


WEATHER ITEM   OBSERVED TIME   RECORD YEAR NORMAL DEPARTURE LAST
                VALUE   (LST)  VALUE       VALUE  FROM      YEAR
                                                  NORMAL
..................................................................
TEMPERATURE (F)
 TODAY
  MAXIMUM         45    150 PM  68    1977  44      1       62
  MINIMUM         28    418 AM  -2    1984  25      3       46
  AVERAGE         37                        34      3       54

PRECIPITATION (IN)
  TODAY            0.00          1.00 1946   0.06  -0.06     0.25
  MONTH TO DATE    0.27                      0.58  -0.31     0.39
  SINCE MAR 1      0.27                      0.58  -0.31     0.39
  SINCE JAN 1      4.30                      3.36   0.94     1.92

SNOWFALL (IN)
  TODAY            0.0           9.5  1946   0.2   -0.2      0.0
  MONTH TO DATE    1.2                       1.9   -0.7      1.8
  SINCE MAR 1      1.2                       1.9   -0.7      1.8
  SINCE JUL 1     18.2                      32.9  -14.7     23.0

DEGREE DAYS
 HEATING
  TODAY           28                        31     -3       11
  MONTH TO DATE  221                       292    -71      233
  SINCE MAR 1    221                       292    -71      233
  SINCE JUL 1   4295                      5294   -999     4419

 COOLING
  TODAY            0                         0      0        0
  MONTH TO DATE    0                         0      0        0
  SINCE MAR 1      0                         0      0        0
  SINCE JAN 1      0                         0      0        0
..................................................................


WIND (MPH)
  HIGHEST WIND SPEED    17   HIGHEST WIND DIRECTION     N (20)
  HIGHEST GUST SPEED    28   HIGHEST GUST DIRECTION    NE (60)
  AVERAGE WIND SPEED     6.8


SKY COVER
  POSSIBLE SUNSHINE  MM
  AVERAGE SKY COVER 0.8


WEATHER CONDITIONS
 THE FOLLOWING WEATHER WAS RECORDED TODAY.
  NO SIGNIFICANT WEATHER WAS OBSERVED.


RELATIVE HUMIDITY (PERCENT)
 HIGHEST    59           100 AM
 LOWEST     41           300 PM
 AVERAGE    50

..........................................................


THE ROCKFORD IL CLIMATE NORMALS FOR TOMORROW
                         NORMAL    RECORD    YEAR
 MAXIMUM TEMPERATURE (F)   44        70      1955
 MINIMUM TEMPERATURE (F)   26        -2      2003


SUNRISE AND SUNSET
MARCH  9 2017.........SUNRISE   618 AM CST   SUNSET   556 PM CST
MARCH 10 2017.........SUNRISE   616 AM CST   SUNSET   557 PM CST


-  INDICATES NEGATIVE NUMBERS.
R  INDICATES RECORD WAS SET OR TIED.
MM INDICATES DATA IS MISSING.
T  INDICATES TRACE AMOUNT.




$$
