000
CDUS43 KLOT 280639
CLIRFD


CLIMATE REPORT
NATIONAL WEATHER SERVICE CHICAGO IL
134 AM CDT FRI AUG 28 2015


...................................

...THE ROCKFORD IL CLIMATE SUMMARY FOR AUGUST 27 2015...

CLIMATE NORMAL PERIOD 1981 TO 2010
CLIMATE RECORD PERIOD 1905 TO 2015


WEATHER ITEM   OBSERVED TIME   RECORD YEAR NORMAL DEPARTURE LAST
                VALUE   (LST)  VALUE       VALUE  FROM      YEAR
                                                  NORMAL
..................................................................
TEMPERATURE (F)
 YESTERDAY
  MAXIMUM         74    103 PM  97    1953  81     -7       80
                                      1937
  MINIMUM         51    554 AM  40    1915  60     -9       63
  AVERAGE         63                        71     -8       72

PRECIPITATION (IN)
  YESTERDAY        0.00          2.70 1950   0.15  -0.15     0.00
  MONTH TO DATE    3.57                      4.04  -0.47     5.47
  SINCE JUN 1     11.71                     12.64  -0.93    15.99
  SINCE JAN 1     22.90                     25.11  -2.21    25.96

SNOWFALL (IN)
  YESTERDAY        0.0           0.0    MM   0.0    0.0      0.0
  MONTH TO DATE    0.0                       0.0    0.0       T
  SINCE JUN 1      0.0                       0.0    0.0       T
  SINCE JUL 1      0.0                       0.0    0.0       T
  SNOW DEPTH       0

DEGREE DAYS
 HEATING
  YESTERDAY        2                         1      1        0
  MONTH TO DATE    4                         2      2        0
  SINCE JUN 1     25                        36    -11       21
  SINCE JUL 1      9                         5      4       10

 COOLING
  YESTERDAY        0                         6     -6        7
  MONTH TO DATE  187                       200    -13      198
  SINCE JUN 1    580                       649    -69      540
  SINCE JAN 1    640                       704    -64      623
..................................................................


WIND (MPH)
  HIGHEST WIND SPEED    10   HIGHEST WIND DIRECTION    SE (140)
  HIGHEST GUST SPEED    14   HIGHEST GUST DIRECTION    SW (210)
  AVERAGE WIND SPEED     4.3


SKY COVER
  POSSIBLE SUNSHINE  MM
  AVERAGE SKY COVER 0.5


WEATHER CONDITIONS
 THE FOLLOWING WEATHER WAS RECORDED YESTERDAY.
  NO SIGNIFICANT WEATHER WAS OBSERVED.


RELATIVE HUMIDITY (PERCENT)
 HIGHEST    93           100 AM
 LOWEST     53           100 PM
 AVERAGE    73

..........................................................


THE ROCKFORD IL CLIMATE NORMALS FOR TODAY
                         NORMAL    RECORD    YEAR
 MAXIMUM TEMPERATURE (F)   81        97      1955
 MINIMUM TEMPERATURE (F)   60        38      1915


SUNRISE AND SUNSET
AUGUST 28 2015........SUNRISE   617 AM CDT   SUNSET   737 PM CDT
AUGUST 29 2015........SUNRISE   618 AM CDT   SUNSET   735 PM CDT


-  INDICATES NEGATIVE NUMBERS.
R  INDICATES RECORD WAS SET OR TIED.
MM INDICATES DATA IS MISSING.
T  INDICATES TRACE AMOUNT.




$$
