000
CDUS43 KLOT 032142
CLIRFD


CLIMATE REPORT
NATIONAL WEATHER SERVICE CHICAGO IL
442 PM CDT MON AUG 3 2015


...................................

...THE ROCKFORD IL CLIMATE SUMMARY FOR AUGUST 3 2015...
VALID TODAY AS OF 0400 PM LOCAL TIME.

CLIMATE NORMAL PERIOD 1981 TO 2010
CLIMATE RECORD PERIOD 1905 TO 2015


WEATHER ITEM   OBSERVED TIME   RECORD YEAR NORMAL DEPARTURE LAST
                VALUE   (LST)  VALUE       VALUE  FROM      YEAR
                                                  NORMAL
..................................................................
TEMPERATURE (F)
 TODAY
  MAXIMUM         82    259 PM 100    1930  84     -2       84
  MINIMUM         67    612 AM  43    1927  63      4       62
  AVERAGE         75                        73      2       73

PRECIPITATION (IN)
  TODAY            0.00          2.70 2004   0.14  -0.14     0.00
  MONTH TO DATE    0.00                      0.44  -0.44     1.35
  SINCE JUN 1      8.14                      9.04  -0.90    11.87
  SINCE JAN 1     19.33                     21.51  -2.18    21.84

SNOWFALL (IN)
  TODAY            0.0           0.0    MM   0.0    0.0      0.0
  MONTH TO DATE    0.0                       0.0    0.0       T
  SINCE JUN 1      0.0                       0.0    0.0       T
  SINCE JUL 1      0.0                       0.0    0.0       T

DEGREE DAYS
 HEATING
  TODAY            0                         0      0        0
  MONTH TO DATE    0                         0      0        0
  SINCE JUN 1     21                        34    -13       21
  SINCE JUL 1      5                         3      2       10

 COOLING
  TODAY           10                         8      2        8
  MONTH TO DATE   32                        24      8       20
  SINCE JUN 1    425                       473    -48      362
  SINCE JAN 1    485                       528    -43      445
..................................................................


WIND (MPH)
  HIGHEST WIND SPEED    20   HIGHEST WIND DIRECTION     W (290)
  HIGHEST GUST SPEED    25   HIGHEST GUST DIRECTION    NW (320)
  AVERAGE WIND SPEED     8.1


SKY COVER
  POSSIBLE SUNSHINE  MM
  AVERAGE SKY COVER 0.5


WEATHER CONDITIONS
 THE FOLLOWING WEATHER WAS RECORDED TODAY.
  NO SIGNIFICANT WEATHER WAS OBSERVED.


RELATIVE HUMIDITY (PERCENT)
 HIGHEST    84           200 AM
 LOWEST     30          1200 PM
 AVERAGE    57

..........................................................


THE ROCKFORD IL CLIMATE NORMALS FOR TOMORROW
                         NORMAL    RECORD    YEAR
 MAXIMUM TEMPERATURE (F)   83        99      1947
                                             1930
 MINIMUM TEMPERATURE (F)   62        46      1912


SUNRISE AND SUNSET
AUGUST  3 2015........SUNRISE   551 AM CDT   SUNSET   813 PM CDT
AUGUST  4 2015........SUNRISE   552 AM CDT   SUNSET   812 PM CDT


-  INDICATES NEGATIVE NUMBERS.
R  INDICATES RECORD WAS SET OR TIED.
MM INDICATES DATA IS MISSING.
T  INDICATES TRACE AMOUNT.




$$
