000
CDUS43 KLOT 290635
CLIRFD


CLIMATE REPORT
NATIONAL WEATHER SERVICE CHICAGO IL
134 AM CDT SUN MAY 29 2016


...................................

...THE ROCKFORD IL CLIMATE SUMMARY FOR MAY 28 2016...

CLIMATE NORMAL PERIOD 1981 TO 2010
CLIMATE RECORD PERIOD 1905 TO 2016


WEATHER ITEM   OBSERVED TIME   RECORD YEAR NORMAL DEPARTURE LAST
                VALUE   (LST)  VALUE       VALUE  FROM      YEAR
                                                  NORMAL
..................................................................
TEMPERATURE (F)
 YESTERDAY
  MAXIMUM         85    456 PM  93    2006  76      9       83
                                      1991
  MINIMUM         68    852 PM  36    1992  52     16       55
                                      1949
  AVERAGE         77                        64     13       69

PRECIPITATION (IN)
  YESTERDAY        T             4.77 1996   0.14  -0.14     0.00
  MONTH TO DATE    2.55                      3.57  -1.02     4.32
  SINCE MAR 1      9.46                      9.24   0.22     8.74
  SINCE JAN 1     10.99                     12.02  -1.03    10.66

SNOWFALL (IN)
  YESTERDAY        0.0           0.0    MM   0.0    0.0      0.0
  MONTH TO DATE    0.0                       0.0    0.0       T
  SINCE MAR 1      2.8                       5.7   -2.9      7.6
  SINCE JUL 1     24.0                      36.7  -12.7     35.5
  SNOW DEPTH       0

DEGREE DAYS
 HEATING
  YESTERDAY        0                         4     -4        0
  MONTH TO DATE  199                       191      8      142
  SINCE MAR 1   1349                      1529   -180     1492
  SINCE JUL 1   5535                      6531   -996     6938

 COOLING
  YESTERDAY       12                         3      9        4
  MONTH TO DATE   54                        38     16       52
  SINCE MAR 1     61                        46     15       52
  SINCE JAN 1     61                        46     15       52
..................................................................


WIND (MPH)
  HIGHEST WIND SPEED    28   HIGHEST WIND DIRECTION     S (190)
  HIGHEST GUST SPEED    36   HIGHEST GUST DIRECTION     S (190)
  AVERAGE WIND SPEED    13.9


SKY COVER
  POSSIBLE SUNSHINE  MM
  AVERAGE SKY COVER 0.7


WEATHER CONDITIONS
 THE FOLLOWING WEATHER WAS RECORDED YESTERDAY.
  THUNDERSTORM
  LIGHT RAIN


RELATIVE HUMIDITY (PERCENT)
 HIGHEST    90           100 AM
 LOWEST     40           500 PM
 AVERAGE    65

..........................................................


THE ROCKFORD IL CLIMATE NORMALS FOR TODAY
                         NORMAL    RECORD    YEAR
 MAXIMUM TEMPERATURE (F)   76        97      1934
 MINIMUM TEMPERATURE (F)   53        33      1965


SUNRISE AND SUNSET
MAY 29 2016...........SUNRISE   524 AM CDT   SUNSET   824 PM CDT
MAY 30 2016...........SUNRISE   523 AM CDT   SUNSET   825 PM CDT


-  INDICATES NEGATIVE NUMBERS.
R  INDICATES RECORD WAS SET OR TIED.
MM INDICATES DATA IS MISSING.
T  INDICATES TRACE AMOUNT.




$$
