000
CDUS43 KLOT 092145
CLIRFD


CLIMATE REPORT
NATIONAL WEATHER SERVICE CHICAGO IL
444 PM CDT FRI JUN 9 2017


...................................

...THE ROCKFORD IL CLIMATE SUMMARY FOR JUNE 9 2017...
VALID TODAY AS OF 0400 PM LOCAL TIME.

CLIMATE NORMAL PERIOD 1981 TO 2010
CLIMATE RECORD PERIOD 1905 TO 2017


WEATHER ITEM   OBSERVED TIME   RECORD YEAR NORMAL DEPARTURE LAST
                VALUE   (LST)  VALUE       VALUE  FROM      YEAR
                                                  NORMAL
..................................................................
TEMPERATURE (F)
 TODAY
  MAXIMUM         89    246 PM  96    1895  80      9       72
  MINIMUM         61    501 AM  36    1913  57      4       55
  AVERAGE         75                        68      7       64

PRECIPITATION (IN)
  TODAY            0.00          1.75 1968   0.16  -0.16     0.53
  MONTH TO DATE    0.86                      1.47  -0.61     0.56
  SINCE JUN 1      0.86                      1.47  -0.61     0.56
  SINCE JAN 1     19.71                     13.94   5.77    12.12

SNOWFALL (IN)
  TODAY            0.0           0.0    MM   0.0    0.0      0.0
  MONTH TO DATE    0.0                       0.0    0.0      0.0
  SINCE JUN 1      0.0                       0.0    0.0      0.0
  SINCE JUL 1     22.1                      36.7  -14.6     24.0

DEGREE DAYS
 HEATING
  TODAY            0                         1     -1        1
  MONTH TO DATE    2                        18    -16        6
  SINCE JUN 1      2                        18    -16        6
  SINCE JUL 1   5454                      6556  -1102     5541

 COOLING
  TODAY           10                         4      6        0
  MONTH TO DATE   38                        33      5       29
  SINCE JUN 1     38                        33      5       29
  SINCE JAN 1     74                        88    -14      114
..................................................................


WIND (MPH)
  HIGHEST WIND SPEED    17   HIGHEST WIND DIRECTION    NW (310)
  HIGHEST GUST SPEED    21   HIGHEST GUST DIRECTION     W (290)
  AVERAGE WIND SPEED     8.1


SKY COVER
  POSSIBLE SUNSHINE  MM
  AVERAGE SKY COVER 0.3


WEATHER CONDITIONS
 THE FOLLOWING WEATHER WAS RECORDED TODAY.
  NO SIGNIFICANT WEATHER WAS OBSERVED.


RELATIVE HUMIDITY (PERCENT)
 HIGHEST    73          1200 AM
 LOWEST     34           100 PM
 AVERAGE    54

..........................................................


THE ROCKFORD IL CLIMATE NORMALS FOR TOMORROW
                         NORMAL    RECORD    YEAR
 MAXIMUM TEMPERATURE (F)   80        98      1933
 MINIMUM TEMPERATURE (F)   57        37      1913


SUNRISE AND SUNSET
JUNE  9 2017..........SUNRISE   520 AM CDT   SUNSET   832 PM CDT
JUNE 10 2017..........SUNRISE   520 AM CDT   SUNSET   832 PM CDT


-  INDICATES NEGATIVE NUMBERS.
R  INDICATES RECORD WAS SET OR TIED.
MM INDICATES DATA IS MISSING.
T  INDICATES TRACE AMOUNT.




$$
