000
CDUS43 KLOT 140635
CLIRFD


CLIMATE REPORT
NATIONAL WEATHER SERVICE CHICAGO IL
1233 AM CST FRI NOV 14 2014


...................................

...THE ROCKFORD IL CLIMATE SUMMARY FOR NOVEMBER 13 2014...

CLIMATE NORMAL PERIOD 1981 TO 2010
CLIMATE RECORD PERIOD 1905 TO 2014


WEATHER ITEM   OBSERVED TIME   RECORD YEAR NORMAL DEPARTURE LAST
                VALUE   (LST)  VALUE       VALUE  FROM      YEAR
                                                  NORMAL
..................................................................
TEMPERATURE (F)
 YESTERDAY
  MAXIMUM         30    151 PM  73    1989  49    -19       41
  MINIMUM         22    748 AM   3    1986  32    -10       16
  AVERAGE         26                        40    -14       29

PRECIPITATION (IN)
  YESTERDAY        T             1.87 1951   0.09  -0.09     0.00
  MONTH TO DATE    0.55                      1.14  -0.59     0.61
  SINCE SEP 1      5.24                      7.16  -1.92     5.40
  SINCE JAN 1     31.49                     32.82  -1.33    37.40

SNOWFALL (IN)
  YESTERDAY        0.3           1.5  1972   0.1    0.2      0.0
  MONTH TO DATE    0.3                       0.2    0.1      0.4
  SINCE SEP 1      0.4                       0.3    0.1      0.4
  SINCE JUL 1      0.4                       0.3    0.1      0.4
  SNOW DEPTH       0

DEGREE DAYS
 HEATING
  YESTERDAY       39                        25     14       36
  MONTH TO DATE  307                       283     24      329
  SINCE SEP 1    859                       822     37      819
  SINCE JUL 1    869                       836     33      830

 COOLING
  YESTERDAY        0                         0      0        0
  MONTH TO DATE    0                         0      0        0
  SINCE SEP 1     73                        93    -20      141
  SINCE JAN 1    729                       820    -91      890
..................................................................


WIND (MPH)
  HIGHEST WIND SPEED    20   HIGHEST WIND DIRECTION    NW (300)
  HIGHEST GUST SPEED    25   HIGHEST GUST DIRECTION    NW (310)
  AVERAGE WIND SPEED    10.5


SKY COVER
  POSSIBLE SUNSHINE  MM
  AVERAGE SKY COVER 1.0


WEATHER CONDITIONS
 THE FOLLOWING WEATHER WAS RECORDED YESTERDAY.
  LIGHT SNOW


RELATIVE HUMIDITY (PERCENT)
 HIGHEST    81           400 AM
 LOWEST     58           100 PM
 AVERAGE    70

..........................................................


THE ROCKFORD IL CLIMATE NORMALS FOR TODAY
                         NORMAL    RECORD    YEAR
 MAXIMUM TEMPERATURE (F)   49        73      1971
 MINIMUM TEMPERATURE (F)   31         4      1959


SUNRISE AND SUNSET
NOVEMBER 14 2014......SUNRISE   645 AM CST   SUNSET   436 PM CST
NOVEMBER 15 2014......SUNRISE   647 AM CST   SUNSET   435 PM CST


-  INDICATES NEGATIVE NUMBERS.
R  INDICATES RECORD WAS SET OR TIED.
MM INDICATES DATA IS MISSING.
T  INDICATES TRACE AMOUNT.




$$
