074
CDUS43 KLOT 080644
CLIRFD


CLIMATE REPORT
NATIONAL WEATHER SERVICE CHICAGO IL
143 AM CDT FRI MAY 8 2015


...................................

...THE ROCKFORD IL CLIMATE SUMMARY FOR MAY 7 2015...

CLIMATE NORMAL PERIOD 1981 TO 2010
CLIMATE RECORD PERIOD 1905 TO 2015


WEATHER ITEM   OBSERVED TIME   RECORD YEAR NORMAL DEPARTURE LAST
                VALUE   (LST)  VALUE       VALUE  FROM      YEAR
                                                  NORMAL
..................................................................
TEMPERATURE (F)
 YESTERDAY
  MAXIMUM         83    411 PM  89    1934  69     14       79
                                      1926
  MINIMUM         60    349 AM  28    1989  46     14       52
                                      1976
  AVERAGE         72                        57     15       66

PRECIPITATION (IN)
  YESTERDAY        0.01          1.08 1997   0.11  -0.10      T
  MONTH TO DATE    1.84                      0.79   1.05     0.10
  SINCE MAR 1      6.26                      6.46  -0.20     4.00
  SINCE JAN 1      8.18                      9.24  -1.06     7.74

SNOWFALL (IN)
  YESTERDAY        0.0           T    1960   0.0    0.0      0.0
  MONTH TO DATE    0.0                       0.0    0.0       T
  SINCE MAR 1      7.6                       5.7    1.9      9.4
  SINCE JUL 1     35.5                      36.7   -1.2     56.9
  SNOW DEPTH       0

DEGREE DAYS
 HEATING
  YESTERDAY        0                         9     -9        0
  MONTH TO DATE   24                        66    -42       83
  SINCE MAR 1   1374                      1404    -30     1662
  SINCE JUL 1   6820                      6406    414     7554

 COOLING
  YESTERDAY        7                         1      6        1
  MONTH TO DATE    9                         5      4        1
  SINCE MAR 1      9                        13     -4        1
  SINCE JAN 1      9                        13     -4        1
..................................................................


WIND (MPH)
  HIGHEST WIND SPEED    30   HIGHEST WIND DIRECTION    SW (210)
  HIGHEST GUST SPEED    38   HIGHEST GUST DIRECTION    SW (210)
  AVERAGE WIND SPEED    13.0


SKY COVER
  POSSIBLE SUNSHINE  MM
  AVERAGE SKY COVER 0.6


WEATHER CONDITIONS
 THE FOLLOWING WEATHER WAS RECORDED YESTERDAY.
  LIGHT RAIN
  HAZE


RELATIVE HUMIDITY (PERCENT)
 HIGHEST    84           100 AM
 LOWEST     34          1200 PM
 AVERAGE    59

..........................................................


THE ROCKFORD IL CLIMATE NORMALS FOR TODAY
                         NORMAL    RECORD    YEAR
 MAXIMUM TEMPERATURE (F)   69        89      1963
 MINIMUM TEMPERATURE (F)   46        30      1947


SUNRISE AND SUNSET
MAY  8 2015...........SUNRISE   543 AM CDT   SUNSET   803 PM CDT
MAY  9 2015...........SUNRISE   542 AM CDT   SUNSET   804 PM CDT


-  INDICATES NEGATIVE NUMBERS.
R  INDICATES RECORD WAS SET OR TIED.
MM INDICATES DATA IS MISSING.
T  INDICATES TRACE AMOUNT.




$$
