000
CDUS43 KLOT 100639
CLIRFD


CLIMATE REPORT
NATIONAL WEATHER SERVICE CHICAGO IL
136 AM CDT WED SEP 10 2014


...................................

...THE ROCKFORD IL CLIMATE SUMMARY FOR SEPTEMBER 9 2014...

CLIMATE NORMAL PERIOD 1981 TO 2010
CLIMATE RECORD PERIOD 1905 TO 2014


WEATHER ITEM   OBSERVED TIME   RECORD YEAR NORMAL DEPARTURE LAST
                VALUE   (LST)  VALUE       VALUE  FROM      YEAR
                                                  NORMAL
..................................................................
TEMPERATURE (F)
 YESTERDAY
  MAXIMUM         79    254 PM  97    1955  78      1       94
  MINIMUM         61    457 AM  41    1924  56      5       68
                                      1923
                                      1914
  AVERAGE         70                        67      3       81

PRECIPITATION (IN)
  YESTERDAY        0.06          5.45 1941   0.12  -0.06     0.00
  MONTH TO DATE    1.10                      1.06   0.04     0.03
  SINCE SEP 1      1.10                      1.06   0.04     0.03
  SINCE JAN 1     27.35                     26.72   0.63    32.03

SNOWFALL (IN)
  YESTERDAY        0.0           0.0    MM   0.0    0.0      0.0
  MONTH TO DATE    0.0                       0.0    0.0      0.0
  SINCE SEP 1      0.0                       0.0    0.0      0.0
  SINCE JUL 1      T                         0.0    0.0      0.0
  SNOW DEPTH       0

DEGREE DAYS
 HEATING
  YESTERDAY        0                         2     -2        0
  MONTH TO DATE    0                        12    -12        0
  SINCE SEP 1      0                        12    -12        0
  SINCE JUL 1     10                        26    -16       11

 COOLING
  YESTERDAY        5                         4      1       16
  MONTH TO DATE   46                        41      5       65
  SINCE SEP 1     46                        41      5       65
  SINCE JAN 1    702                       768    -66      814
..................................................................


WIND (MPH)
  HIGHEST WIND SPEED    20   HIGHEST WIND DIRECTION     S (170)
  HIGHEST GUST SPEED    24   HIGHEST GUST DIRECTION     S (160)
  AVERAGE WIND SPEED     6.5


SKY COVER
  POSSIBLE SUNSHINE  MM
  AVERAGE SKY COVER 0.9


WEATHER CONDITIONS
 THE FOLLOWING WEATHER WAS RECORDED YESTERDAY.
  LIGHT RAIN
  FOG


RELATIVE HUMIDITY (PERCENT)
 HIGHEST    90           500 AM
 LOWEST     62           200 PM
 AVERAGE    76

..........................................................


THE ROCKFORD IL CLIMATE NORMALS FOR TODAY
                         NORMAL    RECORD    YEAR
 MAXIMUM TEMPERATURE (F)   78        96      2013
                                             1931
 MINIMUM TEMPERATURE (F)   55        37      1917


SUNRISE AND SUNSET
SEPTEMBER 10 2014.....SUNRISE   631 AM CDT   SUNSET   715 PM CDT
SEPTEMBER 11 2014.....SUNRISE   632 AM CDT   SUNSET   713 PM CDT


-  INDICATES NEGATIVE NUMBERS.
R  INDICATES RECORD WAS SET OR TIED.
MM INDICATES DATA IS MISSING.
T  INDICATES TRACE AMOUNT.




$$

BMD
