000
CDUS43 KLOT 062233
CLIRFD


CLIMATE REPORT
NATIONAL WEATHER SERVICE CHICAGO IL
432 PM CST SAT JAN 6 2018


...................................

...THE ROCKFORD IL CLIMATE SUMMARY FOR JANUARY 6 2018...
VALID TODAY AS OF 0400 PM LOCAL TIME.

CLIMATE NORMAL PERIOD 1981 TO 2010
CLIMATE RECORD PERIOD 1905 TO 2018


WEATHER ITEM   OBSERVED TIME   RECORD YEAR NORMAL DEPARTURE LAST
                VALUE   (LST)  VALUE       VALUE  FROM      YEAR
                                                  NORMAL
..................................................................
TEMPERATURE (F)
 TODAY
  MAXIMUM         11   1214 PM  60    2008  29    -18        7
  MINIMUM        -16    704 AM -19    1988  14    -30       -1
                                      1924
  AVERAGE         -2                        22    -24        3

PRECIPITATION (IN)
  TODAY            0.00          1.25 1946   0.04  -0.04      T
  MONTH TO DATE    0.01                      0.29  -0.28      T
  SINCE DEC 1      0.50                      2.27  -1.77     1.88
  SINCE JAN 1      0.01                      0.29  -0.28      T

SNOWFALL (IN)
  TODAY            0.0           9.8  1918   0.3   -0.3       T
  MONTH TO DATE    0.9                       2.0   -1.1       T
  SINCE DEC 1      5.6                      13.3   -7.7     16.1
  SINCE JUL 1      5.8                      15.1   -9.3     16.1

DEGREE DAYS
 HEATING
  TODAY           67                        43     24       62
  MONTH TO DATE  394                       258    136      280
  SINCE DEC 1   1639                      1484    155     1550
  SINCE JUL 1   2853                      2819     34     2419

 COOLING
  TODAY            0                         0      0        0
  MONTH TO DATE    0                         0      0        0
  SINCE DEC 1      0                         0      0        0
  SINCE JAN 1      0                         0      0        0
..................................................................


WIND (MPH)
  HIGHEST WIND SPEED     8   HIGHEST WIND DIRECTION     S (200)
  HIGHEST GUST SPEED     9   HIGHEST GUST DIRECTION    SW (210)
  AVERAGE WIND SPEED     2.2


SKY COVER
  POSSIBLE SUNSHINE  MM
  AVERAGE SKY COVER 0.1


WEATHER CONDITIONS
 THE FOLLOWING WEATHER WAS RECORDED TODAY.
  NO SIGNIFICANT WEATHER WAS OBSERVED.


RELATIVE HUMIDITY (PERCENT)
 HIGHEST    86           900 AM
 LOWEST     57           100 PM
 AVERAGE    72

..........................................................


THE ROCKFORD IL CLIMATE NORMALS FOR TOMORROW
                         NORMAL    RECORD    YEAR
 MAXIMUM TEMPERATURE (F)   29        63      2008
 MINIMUM TEMPERATURE (F)   14       -20      1942
                                             1912


SUNRISE AND SUNSET
JANUARY  6 2018.......SUNRISE   725 AM CST   SUNSET   440 PM CST
JANUARY  7 2018.......SUNRISE   725 AM CST   SUNSET   441 PM CST


-  INDICATES NEGATIVE NUMBERS.
R  INDICATES RECORD WAS SET OR TIED.
MM INDICATES DATA IS MISSING.
T  INDICATES TRACE AMOUNT.




$$
