000
CDUS43 KLOT 110651
CLIRFD


CLIMATE REPORT
NATIONAL WEATHER SERVICE CHICAGO IL
151 AM CDT SAT OCT 11 2014


...................................

...THE ROCKFORD IL CLIMATE SUMMARY FOR OCTOBER 10 2014...

CLIMATE NORMAL PERIOD 1981 TO 2010
CLIMATE RECORD PERIOD 1905 TO 2014


WEATHER ITEM   OBSERVED TIME   RECORD YEAR NORMAL DEPARTURE LAST
                VALUE   (LST)  VALUE       VALUE  FROM      YEAR
                                                  NORMAL
..................................................................
TEMPERATURE (F)
 YESTERDAY
  MAXIMUM         60    200 PM  88    1938  65     -5       75
  MINIMUM         37    629 AM  22    1925  42     -5       45
  AVERAGE         49                        54     -5       60

PRECIPITATION (IN)
  YESTERDAY        0.00          4.78 1954   0.08  -0.08     0.00
  MONTH TO DATE    0.83                      0.90  -0.07     1.25
  SINCE SEP 1      2.83                      4.25  -1.42     2.86
  SINCE JAN 1     29.08                     29.91  -0.83    34.86

SNOWFALL (IN)
  YESTERDAY        0.0           T    2009   0.0    0.0      0.0
                                      1990
  MONTH TO DATE    T                         0.0    0.0      0.0
  SINCE SEP 1      T                         0.0    0.0      0.0
  SINCE JUL 1      T                         0.0    0.0      0.0
  SNOW DEPTH       0

DEGREE DAYS
 HEATING
  YESTERDAY       16                        12      4        5
  MONTH TO DATE  123                       102     21       34
  SINCE SEP 1    254                       219     35      105
  SINCE JUL 1    264                       233     31      116

 COOLING
  YESTERDAY        0                         0      0        0
  MONTH TO DATE    3                         8     -5       16
  SINCE SEP 1     73                        92    -19      141
  SINCE JAN 1    729                       819    -90      890
..................................................................


WIND (MPH)
  HIGHEST WIND SPEED    13   HIGHEST WIND DIRECTION    NE (40)
  HIGHEST GUST SPEED    16   HIGHEST GUST DIRECTION    NE (30)
  AVERAGE WIND SPEED     5.6


SKY COVER
  POSSIBLE SUNSHINE  MM
  AVERAGE SKY COVER 0.7


WEATHER CONDITIONS
 THE FOLLOWING WEATHER WAS RECORDED YESTERDAY.
  NO SIGNIFICANT WEATHER WAS OBSERVED.


RELATIVE HUMIDITY (PERCENT)
 HIGHEST    85           500 AM
 LOWEST     40           200 PM
 AVERAGE    63

..........................................................


THE ROCKFORD IL CLIMATE NORMALS FOR TODAY
                         NORMAL    RECORD    YEAR
 MAXIMUM TEMPERATURE (F)   65        88      1920
 MINIMUM TEMPERATURE (F)   42        25      2009


SUNRISE AND SUNSET
OCTOBER 11 2014.......SUNRISE   704 AM CDT   SUNSET   621 PM CDT
OCTOBER 12 2014.......SUNRISE   706 AM CDT   SUNSET   619 PM CDT


-  INDICATES NEGATIVE NUMBERS.
R  INDICATES RECORD WAS SET OR TIED.
MM INDICATES DATA IS MISSING.
T  INDICATES TRACE AMOUNT.




$$
