000
CDUS43 KLOT 200643
CLIRFD


CLIMATE REPORT
NATIONAL WEATHER SERVICE CHICAGO IL
142 AM CDT MON OCT 20 2014


...................................

...THE ROCKFORD IL CLIMATE SUMMARY FOR OCTOBER 19 2014...

CLIMATE NORMAL PERIOD 1981 TO 2010
CLIMATE RECORD PERIOD 1905 TO 2014


WEATHER ITEM   OBSERVED TIME   RECORD YEAR NORMAL DEPARTURE LAST
                VALUE   (LST)  VALUE       VALUE  FROM      YEAR
                                                  NORMAL
..................................................................
TEMPERATURE (F)
 YESTERDAY
  MAXIMUM         59    322 PM  84    1953  62     -3       54
                                      1924
  MINIMUM         31    633 AM  18    1992  40     -9       35
  AVERAGE         45                        51     -6       45

PRECIPITATION (IN)
  YESTERDAY        0.00          1.72 1982   0.08  -0.08     0.01
  MONTH TO DATE    2.61                      1.64   0.97     1.80
  SINCE SEP 1      4.61                      4.99  -0.38     3.41
  SINCE JAN 1     30.86                     30.65   0.21    35.41

SNOWFALL (IN)
  YESTERDAY        0.0           0.7  1989   0.0    0.0      0.0
  MONTH TO DATE    T                         0.0    0.0      0.0
  SINCE SEP 1      T                         0.0    0.0      0.0
  SINCE JUL 1      T                         0.0    0.0      0.0
  SNOW DEPTH       0

DEGREE DAYS
 HEATING
  YESTERDAY       20                        14      6       20
  MONTH TO DATE  240                       221     19      152
  SINCE SEP 1    371                       338     33      223
  SINCE JUL 1    381                       352     29      234

 COOLING
  YESTERDAY        0                         0      0        0
  MONTH TO DATE    3                         8     -5       16
  SINCE SEP 1     73                        92    -19      141
  SINCE JAN 1    729                       819    -90      890
..................................................................


WIND (MPH)
  HIGHEST WIND SPEED    20   HIGHEST WIND DIRECTION     S (200)
  HIGHEST GUST SPEED    23   HIGHEST GUST DIRECTION    SW (210)
  AVERAGE WIND SPEED     8.4


SKY COVER
  POSSIBLE SUNSHINE  MM
  AVERAGE SKY COVER 0.7


WEATHER CONDITIONS
 THE FOLLOWING WEATHER WAS RECORDED YESTERDAY.
  FOG


RELATIVE HUMIDITY (PERCENT)
 HIGHEST    92           400 AM
 LOWEST     47           300 PM
 AVERAGE    70

..........................................................


THE ROCKFORD IL CLIMATE NORMALS FOR TODAY
                         NORMAL    RECORD    YEAR
 MAXIMUM TEMPERATURE (F)   61        86      1953
 MINIMUM TEMPERATURE (F)   40        19      1930


SUNRISE AND SUNSET
OCTOBER 20 2014.......SUNRISE   715 AM CDT   SUNSET   607 PM CDT
OCTOBER 21 2014.......SUNRISE   716 AM CDT   SUNSET   605 PM CDT


-  INDICATES NEGATIVE NUMBERS.
R  INDICATES RECORD WAS SET OR TIED.
MM INDICATES DATA IS MISSING.
T  INDICATES TRACE AMOUNT.




$$
