000
CDUS43 KLOT 040645
CLIRFD


CLIMATE REPORT
NATIONAL WEATHER SERVICE CHICAGO IL
145 AM CDT TUE JUL 4 2017


...................................

...THE ROCKFORD IL CLIMATE SUMMARY FOR JULY 3 2017...

CLIMATE NORMAL PERIOD 1981 TO 2010
CLIMATE RECORD PERIOD 1905 TO 2017


WEATHER ITEM   OBSERVED TIME   RECORD YEAR NORMAL DEPARTURE LAST
                VALUE   (LST)  VALUE       VALUE  FROM      YEAR
                                                  NORMAL
..................................................................
TEMPERATURE (F)
 YESTERDAY
  MAXIMUM         82    236 PM  99    1925  85     -3       81
  MINIMUM         66   1159 PM  45    1924  63      3       53
  AVERAGE         74                        74      0       67

PRECIPITATION (IN)
  YESTERDAY        0.00          1.55 1903   0.13  -0.13     0.00
  MONTH TO DATE    0.00                      0.37  -0.37     0.00
  SINCE JUN 1      7.49                      5.02   2.47     2.19
  SINCE JAN 1     26.34                     17.49   8.85    13.75

SNOWFALL (IN)
  YESTERDAY        0.0           0.0    MM   0.0    0.0      0.0
  MONTH TO DATE    0.0                       0.0    0.0      0.0
  SINCE JUN 1      0.0                       0.0    0.0      0.0
  SINCE JUL 1      0.0                       0.0    0.0      0.0
  SNOW DEPTH       0

DEGREE DAYS
 HEATING
  YESTERDAY        0                         0      0        0
  MONTH TO DATE    0                         0      0        0
  SINCE JUN 1     11                        31    -20        6
  SINCE JUL 1      0                         0      0        0

 COOLING
  YESTERDAY        9                         9      0        2
  MONTH TO DATE   24                        27     -3        6
  SINCE JUN 1    236                       202     34      222
  SINCE JAN 1    272                       257     15      307
..................................................................


WIND (MPH)
  HIGHEST WIND SPEED    15   HIGHEST WIND DIRECTION     E (80)
  HIGHEST GUST SPEED    19   HIGHEST GUST DIRECTION     E (70)
  AVERAGE WIND SPEED     7.8


SKY COVER
  POSSIBLE SUNSHINE  MM
  AVERAGE SKY COVER 0.7


WEATHER CONDITIONS
 THE FOLLOWING WEATHER WAS RECORDED YESTERDAY.
  NO SIGNIFICANT WEATHER WAS OBSERVED.


RELATIVE HUMIDITY (PERCENT)
 HIGHEST    87           400 AM
 LOWEST     49           800 PM
 AVERAGE    68

..........................................................


THE ROCKFORD IL CLIMATE NORMALS FOR TODAY
                         NORMAL    RECORD    YEAR
 MAXIMUM TEMPERATURE (F)   85       102      2012
 MINIMUM TEMPERATURE (F)   63        46      1967
                                             1924


SUNRISE AND SUNSET
JULY  4 2017..........SUNRISE   526 AM CDT   SUNSET   836 PM CDT
JULY  5 2017..........SUNRISE   526 AM CDT   SUNSET   835 PM CDT


-  INDICATES NEGATIVE NUMBERS.
R  INDICATES RECORD WAS SET OR TIED.
MM INDICATES DATA IS MISSING.
T  INDICATES TRACE AMOUNT.




$$
