000
CDUS43 KLOT 060636
CLIRFD


CLIMATE REPORT
NATIONAL WEATHER SERVICE CHICAGO IL
136 AM CDT WED JUL 6 2016


...................................

...THE ROCKFORD IL CLIMATE SUMMARY FOR JULY 5 2016...

CLIMATE NORMAL PERIOD 1981 TO 2010
CLIMATE RECORD PERIOD 1905 TO 2016


WEATHER ITEM   OBSERVED TIME   RECORD YEAR NORMAL DEPARTURE LAST
                VALUE   (LST)  VALUE       VALUE  FROM      YEAR
                                                  NORMAL
..................................................................
TEMPERATURE (F)
 YESTERDAY
  MAXIMUM         88    328 PM 102    2012  85      3       83
  MINIMUM         69    516 AM  43    1967  63      6       60
  AVERAGE         79                        74      5       72

PRECIPITATION (IN)
  YESTERDAY        0.00          1.80 1943   0.13  -0.13     0.00
  MONTH TO DATE    0.00                      0.62  -0.62     0.00
  SINCE JUN 1      2.19                      5.27  -3.08     4.64
  SINCE JAN 1     13.75                     17.74  -3.99    15.83

SNOWFALL (IN)
  YESTERDAY        0.0           0.0    MM   0.0    0.0      0.0
  MONTH TO DATE    0.0                       0.0    0.0      0.0
  SINCE JUN 1      0.0                       0.0    0.0      0.0
  SINCE JUL 1      0.0                       0.0    0.0      0.0
  SNOW DEPTH       0

DEGREE DAYS
 HEATING
  YESTERDAY        0                         0      0        0
  MONTH TO DATE    0                         0      0        2
  SINCE JUN 1      6                        31    -25       18
  SINCE JUL 1      0                         0      0        2

 COOLING
  YESTERDAY       14                         9      5        7
  MONTH TO DATE   27                        45    -18       15
  SINCE JUN 1    243                       220     23      167
  SINCE JAN 1    328                       275     53      227
..................................................................


WIND (MPH)
  HIGHEST WIND SPEED    15   HIGHEST WIND DIRECTION    SW (220)
  HIGHEST GUST SPEED    22   HIGHEST GUST DIRECTION     S (180)
  AVERAGE WIND SPEED     6.9


SKY COVER
  POSSIBLE SUNSHINE  MM
  AVERAGE SKY COVER 0.8


WEATHER CONDITIONS
 THE FOLLOWING WEATHER WAS RECORDED YESTERDAY.
  THUNDERSTORM


RELATIVE HUMIDITY (PERCENT)
 HIGHEST    90           500 AM
 LOWEST     48           200 PM
 AVERAGE    69

..........................................................


THE ROCKFORD IL CLIMATE NORMALS FOR TODAY
                         NORMAL    RECORD    YEAR
 MAXIMUM TEMPERATURE (F)   85       104      2012
 MINIMUM TEMPERATURE (F)   63        44      1967


SUNRISE AND SUNSET
JULY  6 2016..........SUNRISE   527 AM CDT   SUNSET   835 PM CDT
JULY  7 2016..........SUNRISE   528 AM CDT   SUNSET   835 PM CDT


-  INDICATES NEGATIVE NUMBERS.
R  INDICATES RECORD WAS SET OR TIED.
MM INDICATES DATA IS MISSING.
T  INDICATES TRACE AMOUNT.




$$
