000
CDUS43 KLOT 072132
CLIRFD


CLIMATE REPORT
NATIONAL WEATHER SERVICE CHICAGO IL
431 PM CDT FRI APR 7 2017


...................................

...THE ROCKFORD IL CLIMATE SUMMARY FOR APRIL 7 2017...
VALID TODAY AS OF 0400 PM LOCAL TIME.

CLIMATE NORMAL PERIOD 1981 TO 2010
CLIMATE RECORD PERIOD 1905 TO 2017


WEATHER ITEM   OBSERVED TIME   RECORD YEAR NORMAL DEPARTURE LAST
                VALUE   (LST)  VALUE       VALUE  FROM      YEAR
                                                  NORMAL
..................................................................
TEMPERATURE (F)
 TODAY
  MAXIMUM         58    259 PM  81    1921  57      1       45
  MINIMUM         31    514 AM   5    1982  35     -4       35
  AVERAGE         45                        46     -1       40

PRECIPITATION (IN)
  TODAY            0.00          1.65 1954   0.12  -0.12      T
  MONTH TO DATE    1.39                      0.75   0.64     1.44
  SINCE MAR 1      4.18                      3.07   1.11     5.45
  SINCE JAN 1      8.21                      5.85   2.36     6.98

SNOWFALL (IN)
  TODAY            0.0           2.5  1972   0.0    0.0       T
  MONTH TO DATE    T                         0.4   -0.4       T
  SINCE MAR 1      5.1                       5.2   -0.1      2.4
  SINCE JUL 1     22.1                      36.2  -14.1     23.6

DEGREE DAYS
 HEATING
  TODAY           20                        19      1       25
  MONTH TO DATE  123                       141    -18      173
  SINCE MAR 1    925                      1003    -78      852
  SINCE JUL 1   4999                      6005  -1006     5038

 COOLING
  TODAY            0                         0      0        0
  MONTH TO DATE    0                         0      0        0
  SINCE MAR 1      0                         0      0        0
  SINCE JAN 1      0                         0      0        0
..................................................................


WIND (MPH)
  HIGHEST WIND SPEED    17   HIGHEST WIND DIRECTION     N (20)
  HIGHEST GUST SPEED    20   HIGHEST GUST DIRECTION     N (360)
  AVERAGE WIND SPEED     9.3


SKY COVER
  POSSIBLE SUNSHINE  MM
  AVERAGE SKY COVER 0.2


WEATHER CONDITIONS
 THE FOLLOWING WEATHER WAS RECORDED TODAY.
  NO SIGNIFICANT WEATHER WAS OBSERVED.


RELATIVE HUMIDITY (PERCENT)
 HIGHEST    61           600 AM
 LOWEST     20           100 PM
 AVERAGE    41

..........................................................


THE ROCKFORD IL CLIMATE NORMALS FOR TOMORROW
                         NORMAL    RECORD    YEAR
 MAXIMUM TEMPERATURE (F)   58        85      1931
 MINIMUM TEMPERATURE (F)   35        15      1972


SUNRISE AND SUNSET
APRIL  7 2017.........SUNRISE   628 AM CDT   SUNSET   729 PM CDT
APRIL  8 2017.........SUNRISE   627 AM CDT   SUNSET   730 PM CDT


-  INDICATES NEGATIVE NUMBERS.
R  INDICATES RECORD WAS SET OR TIED.
MM INDICATES DATA IS MISSING.
T  INDICATES TRACE AMOUNT.




$$
