000
CDUS43 KLOT 110634
CLIRFD


CLIMATE REPORT
NATIONAL WEATHER SERVICE CHICAGO IL
134 AM CDT WED MAY 11 2016


...................................

...THE ROCKFORD IL CLIMATE SUMMARY FOR MAY 10 2016...

CLIMATE NORMAL PERIOD 1981 TO 2010
CLIMATE RECORD PERIOD 1905 TO 2016


WEATHER ITEM   OBSERVED TIME   RECORD YEAR NORMAL DEPARTURE LAST
                VALUE   (LST)  VALUE       VALUE  FROM      YEAR
                                                  NORMAL
..................................................................
TEMPERATURE (F)
 YESTERDAY
  MAXIMUM         65    327 PM  91    2011  70     -5       59
                                      1922
  MINIMUM         53    135 AM  24    1966  47      6       49
  AVERAGE         59                        58      1       54

PRECIPITATION (IN)
  YESTERDAY        0.38          1.74 1951   0.12   0.26     0.08
  MONTH TO DATE    1.60                      1.14   0.46     2.00
  SINCE MAR 1      8.51                      6.81   1.70     6.42
  SINCE JAN 1     10.04                      9.59   0.45     8.34

SNOWFALL (IN)
  YESTERDAY        0.0           0.2  1990   0.0    0.0      0.0
                                      2001
  MONTH TO DATE    0.0                       0.0    0.0      0.0
  SINCE MAR 1      2.8                       5.7   -2.9      7.6
  SINCE JUL 1     24.0                      36.7  -12.7     35.5
  SNOW DEPTH       0

DEGREE DAYS
 HEATING
  YESTERDAY        6                         8     -2       11
  MONTH TO DATE   97                        90      7       39
  SINCE MAR 1   1247                      1428   -181     1389
  SINCE JUL 1   5433                      6430   -997     6835

 COOLING
  YESTERDAY        0                         1     -1        0
  MONTH TO DATE    0                         8     -8       13
  SINCE MAR 1      7                        16     -9       13
  SINCE JAN 1      7                        16     -9       13
..................................................................


WIND (MPH)
  HIGHEST WIND SPEED    18   HIGHEST WIND DIRECTION     E (90)
  HIGHEST GUST SPEED    24   HIGHEST GUST DIRECTION     E (110)
  AVERAGE WIND SPEED    10.2


SKY COVER
  POSSIBLE SUNSHINE  MM
  AVERAGE SKY COVER 1.0


WEATHER CONDITIONS
 THE FOLLOWING WEATHER WAS RECORDED YESTERDAY.
  LIGHT RAIN
  FOG


RELATIVE HUMIDITY (PERCENT)
 HIGHEST    93           100 AM
 LOWEST     84           400 PM
 AVERAGE    89

..........................................................


THE ROCKFORD IL CLIMATE NORMALS FOR TODAY
                         NORMAL    RECORD    YEAR
 MAXIMUM TEMPERATURE (F)   70        91      2011
 MINIMUM TEMPERATURE (F)   47        28      1907


SUNRISE AND SUNSET
MAY 11 2016...........SUNRISE   539 AM CDT   SUNSET   807 PM CDT
MAY 12 2016...........SUNRISE   538 AM CDT   SUNSET   808 PM CDT


-  INDICATES NEGATIVE NUMBERS.
R  INDICATES RECORD WAS SET OR TIED.
MM INDICATES DATA IS MISSING.
T  INDICATES TRACE AMOUNT.




$$
