000
CDUS43 KLOT 012138
CLIRFD


CLIMATE REPORT
NATIONAL WEATHER SERVICE CHICAGO IL
438 PM CDT THU JUN 1 2017


...................................

...THE ROCKFORD IL CLIMATE SUMMARY FOR JUNE 1 2017...
VALID TODAY AS OF 0400 PM LOCAL TIME.

CLIMATE NORMAL PERIOD 1981 TO 2010
CLIMATE RECORD PERIOD 1905 TO 2017


WEATHER ITEM   OBSERVED TIME   RECORD YEAR NORMAL DEPARTURE LAST
                VALUE   (LST)  VALUE       VALUE  FROM      YEAR
                                                  NORMAL
..................................................................
TEMPERATURE (F)
 TODAY
  MAXIMUM         80    259 PM 106    1934  77      3       80
  MINIMUM         46    418 AM  36    1897  54     -8       60
  AVERAGE         63                        65     -2       70

PRECIPITATION (IN)
  TODAY            0.00          2.19 1996   0.16  -0.16     0.01
  MONTH TO DATE    0.00                      0.16  -0.16     0.01
  SINCE JUN 1      0.00                      0.16  -0.16     0.01
  SINCE JAN 1     18.85                     12.63   6.22    11.57

SNOWFALL (IN)
  TODAY            0.0           0.0    MM   0.0    0.0      0.0
  MONTH TO DATE    0.0                       0.0    0.0      0.0
  SINCE JUN 1      0.0                       0.0    0.0      0.0
  SINCE JUL 1     22.1                      36.7  -14.6     24.0

DEGREE DAYS
 HEATING
  TODAY            2                         3     -1        0
  MONTH TO DATE    2                         3     -1        0
  SINCE JUN 1      2                         3     -1        0
  SINCE JUL 1   5454                      6541  -1087     5535

 COOLING
  TODAY            0                         3     -3        5
  MONTH TO DATE    0                         3     -3        5
  SINCE JUN 1      0                         3     -3        5
  SINCE JAN 1     36                        58    -22       90
..................................................................


WIND (MPH)
  HIGHEST WIND SPEED    15   HIGHEST WIND DIRECTION    NW (330)
  HIGHEST GUST SPEED    20   HIGHEST GUST DIRECTION    NW (330)
  AVERAGE WIND SPEED     3.5


SKY COVER
  POSSIBLE SUNSHINE  MM
  AVERAGE SKY COVER 0.1


WEATHER CONDITIONS
 THE FOLLOWING WEATHER WAS RECORDED TODAY.
  NO SIGNIFICANT WEATHER WAS OBSERVED.


RELATIVE HUMIDITY (PERCENT)
 HIGHEST    83           600 AM
 LOWEST     25           200 PM
 AVERAGE    54

..........................................................


THE ROCKFORD IL CLIMATE NORMALS FOR TOMORROW
                         NORMAL    RECORD    YEAR
 MAXIMUM TEMPERATURE (F)   77        98      1934
 MINIMUM TEMPERATURE (F)   54        41      2003
                                             1956


SUNRISE AND SUNSET
JUNE  1 2017..........SUNRISE   523 AM CDT   SUNSET   826 PM CDT
JUNE  2 2017..........SUNRISE   522 AM CDT   SUNSET   827 PM CDT


-  INDICATES NEGATIVE NUMBERS.
R  INDICATES RECORD WAS SET OR TIED.
MM INDICATES DATA IS MISSING.
T  INDICATES TRACE AMOUNT.




$$
