000
CDUS43 KLOT 200632
CLIRFD


CLIMATE REPORT
NATIONAL WEATHER SERVICE CHICAGO IL
1231 AM CST SUN NOV 20 2016


...................................

...THE ROCKFORD IL CLIMATE SUMMARY FOR NOVEMBER 19 2016...

CLIMATE NORMAL PERIOD 1981 TO 2010
CLIMATE RECORD PERIOD 1905 TO 2016


WEATHER ITEM   OBSERVED TIME   RECORD YEAR NORMAL DEPARTURE LAST
                VALUE   (LST)  VALUE       VALUE  FROM      YEAR
                                                  NORMAL
..................................................................
TEMPERATURE (F)
 YESTERDAY
  MAXIMUM         38   1249 AM  76    1930  46     -8       46
  MINIMUM         25   1159 PM   7    1914  29     -4       34
  AVERAGE         32                        37     -5       40

PRECIPITATION (IN)
  YESTERDAY        T             1.43 1934   0.09  -0.09      T
  MONTH TO DATE    0.68                      1.67  -0.99     2.58
  SINCE SEP 1      5.37                      7.69  -2.32     7.88
  SINCE JAN 1     31.29                     33.35  -2.06    32.41

SNOWFALL (IN)
  YESTERDAY        T             2.0  1955   0.0    0.0      0.0
  MONTH TO DATE    T                         0.4   -0.4      0.0
  SINCE SEP 1      T                         0.5   -0.5      0.0
  SINCE JUL 1      T                         0.5   -0.5      0.0
  SNOW DEPTH       0

DEGREE DAYS
 HEATING
  YESTERDAY       33                        28      5       25
  MONTH TO DATE  271                       442   -171      294
  SINCE SEP 1    568                       981   -413      671
  SINCE JUL 1    568                       995   -427      681

 COOLING
  YESTERDAY        0                         0      0        0
  MONTH TO DATE    4                         0      4        0
  SINCE SEP 1    186                        93     93      172
  SINCE JAN 1   1103                       820    283      825
..................................................................


WIND (MPH)
  HIGHEST WIND SPEED    35   HIGHEST WIND DIRECTION    NW (320)
  HIGHEST GUST SPEED    43   HIGHEST GUST DIRECTION    NW (310)
  AVERAGE WIND SPEED    18.6


SKY COVER
  POSSIBLE SUNSHINE  MM
  AVERAGE SKY COVER 0.4


WEATHER CONDITIONS
 THE FOLLOWING WEATHER WAS RECORDED YESTERDAY.
  LIGHT SNOW


RELATIVE HUMIDITY (PERCENT)
 HIGHEST    68          1000 PM
 LOWEST     48           200 PM
 AVERAGE    58

..........................................................


THE ROCKFORD IL CLIMATE NORMALS FOR TODAY
                         NORMAL    RECORD    YEAR
 MAXIMUM TEMPERATURE (F)   45        69      1942
 MINIMUM TEMPERATURE (F)   28         5      1914


SUNRISE AND SUNSET
NOVEMBER 20 2016......SUNRISE   653 AM CST   SUNSET   430 PM CST
NOVEMBER 21 2016......SUNRISE   655 AM CST   SUNSET   430 PM CST


-  INDICATES NEGATIVE NUMBERS.
R  INDICATES RECORD WAS SET OR TIED.
MM INDICATES DATA IS MISSING.
T  INDICATES TRACE AMOUNT.




$$
