321
CDUS43 KLOT 160635
CLIRFD


CLIMATE REPORT
NATIONAL WEATHER SERVICE CHICAGO IL
134 AM CDT SAT JUL 16 2016


...................................

...THE ROCKFORD IL CLIMATE SUMMARY FOR JULY 15 2016...

CLIMATE NORMAL PERIOD 1981 TO 2010
CLIMATE RECORD PERIOD 1905 TO 2016


WEATHER ITEM   OBSERVED TIME   RECORD YEAR NORMAL DEPARTURE LAST
                VALUE   (LST)  VALUE       VALUE  FROM      YEAR
                                                  NORMAL
..................................................................
TEMPERATURE (F)
 YESTERDAY
  MAXIMUM         77   1158 AM 102    1988  85     -8       80
  MINIMUM         59   1159 PM  45    1930  63     -4       57
  AVERAGE         68                        74     -6       69

PRECIPITATION (IN)
  YESTERDAY        0.13          1.75 1933   0.12   0.01     0.00
  MONTH TO DATE    1.56                      1.88  -0.32     1.72
  SINCE JUN 1      3.75                      6.53  -2.78     6.36
  SINCE JAN 1     15.31                     19.00  -3.69    17.55

SNOWFALL (IN)
  YESTERDAY        0.0           0.0    MM   0.0    0.0      0.0
  MONTH TO DATE    0.0                       0.0    0.0      0.0
  SINCE JUN 1      0.0                       0.0    0.0      0.0
  SINCE JUL 1      0.0                       0.0    0.0      0.0
  SNOW DEPTH       0

DEGREE DAYS
 HEATING
  YESTERDAY        0                         0      0        0
  MONTH TO DATE    0                         0      0        5
  SINCE JUN 1      6                        31    -25       21
  SINCE JUL 1      0                         0      0        5

 COOLING
  YESTERDAY        3                         9     -6        4
  MONTH TO DATE  132                       135     -3       75
  SINCE JUN 1    348                       310     38      227
  SINCE JAN 1    433                       365     68      287
..................................................................


WIND (MPH)
  HIGHEST WIND SPEED    16   HIGHEST WIND DIRECTION    NW (300)
  HIGHEST GUST SPEED    19   HIGHEST GUST DIRECTION    NW (300)
  AVERAGE WIND SPEED     6.5


SKY COVER
  POSSIBLE SUNSHINE  MM
  AVERAGE SKY COVER 0.6


WEATHER CONDITIONS
 THE FOLLOWING WEATHER WAS RECORDED YESTERDAY.
  LIGHT RAIN
  FOG


RELATIVE HUMIDITY (PERCENT)
 HIGHEST    90           500 AM
 LOWEST     61          1100 AM
 AVERAGE    76

..........................................................


THE ROCKFORD IL CLIMATE NORMALS FOR TODAY
                         NORMAL    RECORD    YEAR
 MAXIMUM TEMPERATURE (F)   85       100      1936
 MINIMUM TEMPERATURE (F)   63        46      1945


SUNRISE AND SUNSET
JULY 16 2016..........SUNRISE   535 AM CDT   SUNSET   830 PM CDT
JULY 17 2016..........SUNRISE   536 AM CDT   SUNSET   829 PM CDT


-  INDICATES NEGATIVE NUMBERS.
R  INDICATES RECORD WAS SET OR TIED.
MM INDICATES DATA IS MISSING.
T  INDICATES TRACE AMOUNT.




$$
