000
CDUS43 KLOT 100632
CLIRFD


CLIMATE REPORT
NATIONAL WEATHER SERVICE CHICAGO IL
132 AM CDT TUE MAY 10 2016


...................................

...THE ROCKFORD IL CLIMATE SUMMARY FOR MAY 9 2016...

CLIMATE NORMAL PERIOD 1981 TO 2010
CLIMATE RECORD PERIOD 1905 TO 2016


WEATHER ITEM   OBSERVED TIME   RECORD YEAR NORMAL DEPARTURE LAST
                VALUE   (LST)  VALUE       VALUE  FROM      YEAR
                                                  NORMAL
..................................................................
TEMPERATURE (F)
 YESTERDAY
  MAXIMUM         62   1216 PM  96    1934  70     -8       68
  MINIMUM         51    946 PM  27    1966  46      5       54
  AVERAGE         57                        58     -1       61

PRECIPITATION (IN)
  YESTERDAY        0.73          1.92 2000   0.12   0.61     0.00
  MONTH TO DATE    1.22                      1.02   0.20     1.92
  SINCE MAR 1      8.13                      6.69   1.44     6.34
  SINCE JAN 1      9.66                      9.47   0.19     8.26

SNOWFALL (IN)
  YESTERDAY        0.0           T    1966   0.0    0.0      0.0
  MONTH TO DATE    0.0                       0.0    0.0      0.0
  SINCE MAR 1      2.8                       5.7   -2.9      7.6
  SINCE JUL 1     24.0                      36.7  -12.7     35.5
  SNOW DEPTH       0

DEGREE DAYS
 HEATING
  YESTERDAY        8                         8      0        4
  MONTH TO DATE   91                        82      9       28
  SINCE MAR 1   1241                      1420   -179     1378
  SINCE JUL 1   5427                      6422   -995     6824

 COOLING
  YESTERDAY        0                         1     -1        0
  MONTH TO DATE    0                         7     -7       13
  SINCE MAR 1      7                        15     -8       13
  SINCE JAN 1      7                        15     -8       13
..................................................................


WIND (MPH)
  HIGHEST WIND SPEED    24   HIGHEST WIND DIRECTION    SE (140)
  HIGHEST GUST SPEED    31   HIGHEST GUST DIRECTION    SE (130)
  AVERAGE WIND SPEED    12.1


SKY COVER
  POSSIBLE SUNSHINE  MM
  AVERAGE SKY COVER 1.0


WEATHER CONDITIONS
 THE FOLLOWING WEATHER WAS RECORDED YESTERDAY.
  THUNDERSTORM
  HEAVY RAIN
  RAIN
  LIGHT RAIN
  FOG
  HAZE


RELATIVE HUMIDITY (PERCENT)
 HIGHEST    96          1100 PM
 LOWEST     60          1100 AM
 AVERAGE    78

..........................................................


THE ROCKFORD IL CLIMATE NORMALS FOR TODAY
                         NORMAL    RECORD    YEAR
 MAXIMUM TEMPERATURE (F)   70        91      2011
                                             1922
 MINIMUM TEMPERATURE (F)   47        24      1966


SUNRISE AND SUNSET
MAY 10 2016...........SUNRISE   540 AM CDT   SUNSET   806 PM CDT
MAY 11 2016...........SUNRISE   539 AM CDT   SUNSET   807 PM CDT


-  INDICATES NEGATIVE NUMBERS.
R  INDICATES RECORD WAS SET OR TIED.
MM INDICATES DATA IS MISSING.
T  INDICATES TRACE AMOUNT.




$$
