000
CDUS43 KLOT 042142
CLIRFD


CLIMATE REPORT
NATIONAL WEATHER SERVICE CHICAGO IL
440 PM CDT THU SEP 4 2014


...................................

...THE ROCKFORD IL CLIMATE SUMMARY FOR SEPTEMBER 4 2014...
VALID TODAY AS OF 0400 PM LOCAL TIME.

CLIMATE NORMAL PERIOD 1981 TO 2010
CLIMATE RECORD PERIOD 1905 TO 2014


WEATHER ITEM   OBSERVED TIME   RECORD YEAR NORMAL DEPARTURE LAST
                VALUE   (LST)  VALUE       VALUE  FROM      YEAR
                                                  NORMAL
..................................................................
TEMPERATURE (F)
 TODAY
  MAXIMUM         84    259 PM 101    1925  80      4       84
  MINIMUM         69   1011 AM  39    1974  58     11       51
  AVERAGE         77                        68      9       68

PRECIPITATION (IN)
  TODAY            0.80          2.38 2008   0.12   0.68     0.00
  MONTH TO DATE    0.83                      0.48   0.35     0.00
  SINCE SEP 1      0.83                      0.48   0.35     0.00
  SINCE JAN 1     27.08                     26.14   0.94    32.00

SNOWFALL (IN)
  TODAY            0.0           0.0    MM   0.0    0.0      0.0
  MONTH TO DATE    0.0                       0.0    0.0      0.0
  SINCE SEP 1      0.0                       0.0    0.0      0.0
  SINCE JUL 1      T                         0.0    0.0      0.0

DEGREE DAYS
 HEATING
  TODAY            0                         1     -1        0
  MONTH TO DATE    0                         4     -4        0
  SINCE SEP 1      0                         4     -4        0
  SINCE JUL 1     10                        18     -8       11

 COOLING
  TODAY           12                         5      7        3
  MONTH TO DATE   34                        20     14       15
  SINCE SEP 1     34                        20     14       15
  SINCE JAN 1    690                       747    -57      764
..................................................................


WIND (MPH)
  HIGHEST WIND SPEED    31   HIGHEST WIND DIRECTION     S (200)
  HIGHEST GUST SPEED    40   HIGHEST GUST DIRECTION     S (200)
  AVERAGE WIND SPEED    15.3


SKY COVER
  POSSIBLE SUNSHINE  MM
  AVERAGE SKY COVER 0.9


WEATHER CONDITIONS
 THE FOLLOWING WEATHER WAS RECORDED TODAY.
  THUNDERSTORM
  HEAVY RAIN
  LIGHT RAIN
  FOG


RELATIVE HUMIDITY (PERCENT)
 HIGHEST    90           800 AM
 LOWEST     58           300 PM
 AVERAGE    74

..........................................................


THE ROCKFORD IL CLIMATE NORMALS FOR TOMORROW
                         NORMAL    RECORD    YEAR
 MAXIMUM TEMPERATURE (F)   79       100      1925
 MINIMUM TEMPERATURE (F)   57        41      1924


SUNRISE AND SUNSET
SEPTEMBER  4 2014.....SUNRISE   625 AM CDT   SUNSET   725 PM CDT
SEPTEMBER  5 2014.....SUNRISE   626 AM CDT   SUNSET   723 PM CDT


-  INDICATES NEGATIVE NUMBERS.
R  INDICATES RECORD WAS SET OR TIED.
MM INDICATES DATA IS MISSING.
T  INDICATES TRACE AMOUNT.




$$
