000
CDUS43 KLOT 120645
CLIRFD


CLIMATE REPORT
NATIONAL WEATHER SERVICE CHICAGO IL
1243 AM CST SAT NOV 12 2016


...................................

...THE ROCKFORD IL CLIMATE SUMMARY FOR NOVEMBER 11 2016...

CLIMATE NORMAL PERIOD 1981 TO 2010
CLIMATE RECORD PERIOD 1905 TO 2016


WEATHER ITEM   OBSERVED TIME   RECORD YEAR NORMAL DEPARTURE LAST
                VALUE   (LST)  VALUE       VALUE  FROM      YEAR
                                                  NORMAL
..................................................................
TEMPERATURE (F)
 YESTERDAY
  MAXIMUM         55    100 PM  74    1911  50      5       62
  MINIMUM         32   1146 PM  10    1926  33     -1       40
  AVERAGE         44                        42      2       51

PRECIPITATION (IN)
  YESTERDAY        0.00          1.08 1911   0.09  -0.09     0.24
  MONTH TO DATE    0.65                      0.97  -0.32     0.56
  SINCE SEP 1      5.34                      6.99  -1.65     5.86
  SINCE JAN 1     31.26                     32.65  -1.39    30.39

SNOWFALL (IN)
  YESTERDAY        0.0           1.6  1995   0.0    0.0      0.0
  MONTH TO DATE    0.0                       0.1   -0.1      0.0
  SINCE SEP 1      T                         0.2   -0.2      0.0
  SINCE JUL 1      T                         0.2   -0.2      0.0
  SNOW DEPTH       0

DEGREE DAYS
 HEATING
  YESTERDAY       21                        24     -3       14
  MONTH TO DATE  124                       234   -110      154
  SINCE SEP 1    421                       773   -352      531
  SINCE JUL 1    421                       787   -366      541

 COOLING
  YESTERDAY        0                         0      0        0
  MONTH TO DATE    4                         0      4        0
  SINCE SEP 1    186                        93     93      172
  SINCE JAN 1   1103                       820    283      825
..................................................................


WIND (MPH)
  HIGHEST WIND SPEED    22   HIGHEST WIND DIRECTION    NE (40)
  HIGHEST GUST SPEED    26   HIGHEST GUST DIRECTION    NE (40)
  AVERAGE WIND SPEED     8.8


SKY COVER
  POSSIBLE SUNSHINE  MM
  AVERAGE SKY COVER 0.3


WEATHER CONDITIONS
 THE FOLLOWING WEATHER WAS RECORDED YESTERDAY.
  NO SIGNIFICANT WEATHER WAS OBSERVED.


RELATIVE HUMIDITY (PERCENT)
 HIGHEST    82          1100 PM
 LOWEST     42           400 PM
 AVERAGE    62

..........................................................


THE ROCKFORD IL CLIMATE NORMALS FOR TODAY
                         NORMAL    RECORD    YEAR
 MAXIMUM TEMPERATURE (F)   50        68      1909
 MINIMUM TEMPERATURE (F)   32         7      1986


SUNRISE AND SUNSET
NOVEMBER 12 2016......SUNRISE   644 AM CST   SUNSET   437 PM CST
NOVEMBER 13 2016......SUNRISE   645 AM CST   SUNSET   436 PM CST


-  INDICATES NEGATIVE NUMBERS.
R  INDICATES RECORD WAS SET OR TIED.
MM INDICATES DATA IS MISSING.
T  INDICATES TRACE AMOUNT.




$$
