000
CDUS43 KLOT 141117
CLIRFD

CLIMATE REPORT
NATIONAL WEATHER SERVICE CHICAGO IL
144 AM CDT THU APR 14 2016


...................................

...THE ROCKFORD IL CLIMATE SUMMARY FOR APRIL 13 2016...

CLIMATE NORMAL PERIOD 1981 TO 2010
CLIMATE RECORD PERIOD 1905 TO 2016


WEATHER ITEM   OBSERVED TIME   RECORD YEAR NORMAL DEPARTURE LAST
                VALUE   (LST)  VALUE       VALUE  FROM      YEAR
                                                  NORMAL
..................................................................
TEMPERATURE (F)
 YESTERDAY
  MAXIMUM         60    427 PM  83    2006  60      0       66
  MINIMUM         34    554 AM  18    1950  37     -3       42
  AVERAGE         47                        48     -1       54

PRECIPITATION (IN)
  YESTERDAY        0.00          1.21 2014   0.12  -0.12     0.09
  MONTH TO DATE    1.67                      1.43   0.24     2.60
  SINCE MAR 1      5.68                      3.75   1.93     3.90
  SINCE JAN 1      7.21                      6.53   0.68     5.82

SNOWFALL (IN)
  YESTERDAY        0.0           0.3  2006   0.0    0.0      0.0
  MONTH TO DATE    0.4                       0.6   -0.2       T
  SINCE MAR 1      2.8                       5.4   -2.6      7.6
  SINCE JUL 1     24.0                      36.4  -12.4     35.5
  SNOW DEPTH       0

DEGREE DAYS
 HEATING
  YESTERDAY       18                        17      1       11
  MONTH TO DATE  326                       247     79      186
  SINCE MAR 1   1005                      1109   -104     1122
  SINCE JUL 1   5191                      6111   -920     6568

 COOLING
  YESTERDAY        0                         0      0        0
  MONTH TO DATE    0                         0      0        0
  SINCE MAR 1      0                         0      0        0
  SINCE JAN 1      0                         0      0        0
..................................................................


WIND (MPH)
  HIGHEST WIND SPEED    18   HIGHEST WIND DIRECTION    SE (150)
  HIGHEST GUST SPEED    24   HIGHEST GUST DIRECTION    SE (130)
  AVERAGE WIND SPEED    10.0


SKY COVER
  POSSIBLE SUNSHINE  MM
  AVERAGE SKY COVER 0.5


WEATHER CONDITIONS
 THE FOLLOWING WEATHER WAS RECORDED YESTERDAY.
  NO SIGNIFICANT WEATHER WAS OBSERVED.


RELATIVE HUMIDITY (PERCENT)
 HIGHEST    62          1100 PM
 LOWEST     29           300 PM
 AVERAGE    46

..........................................................


THE ROCKFORD IL CLIMATE NORMALS FOR TODAY
                         NORMAL    RECORD    YEAR
 MAXIMUM TEMPERATURE (F)   60        85      2003
 MINIMUM TEMPERATURE (F)   38        21      1957
                                             1907


SUNRISE AND SUNSET
APRIL 14 2016.........SUNRISE   616 AM CDT   SUNSET   737 PM CDT
APRIL 15 2016.........SUNRISE   615 AM CDT   SUNSET   738 PM CDT


-  INDICATES NEGATIVE NUMBERS.
R  INDICATES RECORD WAS SET OR TIED.
MM INDICATES DATA IS MISSING.
T  INDICATES TRACE AMOUNT.




$$
