000
CDUS43 KLOT 092139
CLIRFD


CLIMATE REPORT
NATIONAL WEATHER SERVICE CHICAGO IL
438 PM CDT THU OCT 9 2014


...................................

...THE ROCKFORD IL CLIMATE SUMMARY FOR OCTOBER 9 2014...
VALID TODAY AS OF 0400 PM LOCAL TIME.

CLIMATE NORMAL PERIOD 1981 TO 2010
CLIMATE RECORD PERIOD 1905 TO 2014


WEATHER ITEM   OBSERVED TIME   RECORD YEAR NORMAL DEPARTURE LAST
                VALUE   (LST)  VALUE       VALUE  FROM      YEAR
                                                  NORMAL
..................................................................
TEMPERATURE (F)
 TODAY
  MAXIMUM         62    253 PM  90    2010  66     -4       74
  MINIMUM         44    631 AM  23    1915  43      1       47
  AVERAGE         53                        54     -1       61

PRECIPITATION (IN)
  TODAY            0.00          1.84 1982   0.09  -0.09     0.00
  MONTH TO DATE    0.83                      0.82   0.01     1.25
  SINCE SEP 1      2.83                      4.17  -1.34     2.86
  SINCE JAN 1     29.08                     29.83  -0.75    34.86

SNOWFALL (IN)
  TODAY            0.0           T    1925   0.0    0.0      0.0
  MONTH TO DATE    T                         0.0    0.0      0.0
  SINCE SEP 1      T                         0.0    0.0      0.0
  SINCE JUL 1      T                         0.0    0.0      0.0

DEGREE DAYS
 HEATING
  TODAY           12                        11      1        4
  MONTH TO DATE  107                        90     17       29
  SINCE SEP 1    238                       207     31      100
  SINCE JUL 1    248                       221     27      111

 COOLING
  TODAY            0                         0      0        0
  MONTH TO DATE    3                         8     -5       16
  SINCE SEP 1     73                        92    -19      141
  SINCE JAN 1    729                       819    -90      890
..................................................................


WIND (MPH)
  HIGHEST WIND SPEED    13   HIGHEST WIND DIRECTION     N (340)
  HIGHEST GUST SPEED    17   HIGHEST GUST DIRECTION     N (10)
  AVERAGE WIND SPEED     5.1


SKY COVER
  POSSIBLE SUNSHINE  MM
  AVERAGE SKY COVER 0.7


WEATHER CONDITIONS
 THE FOLLOWING WEATHER WAS RECORDED TODAY.
  NO SIGNIFICANT WEATHER WAS OBSERVED.


RELATIVE HUMIDITY (PERCENT)
 HIGHEST    70           600 AM
 LOWEST     29           100 PM
 AVERAGE    50

..........................................................


THE ROCKFORD IL CLIMATE NORMALS FOR TOMORROW
                         NORMAL    RECORD    YEAR
 MAXIMUM TEMPERATURE (F)   65        88      1938
 MINIMUM TEMPERATURE (F)   42        22      1925


SUNRISE AND SUNSET
OCTOBER  9 2014.......SUNRISE   702 AM CDT   SUNSET   624 PM CDT
OCTOBER 10 2014.......SUNRISE   703 AM CDT   SUNSET   623 PM CDT


-  INDICATES NEGATIVE NUMBERS.
R  INDICATES RECORD WAS SET OR TIED.
MM INDICATES DATA IS MISSING.
T  INDICATES TRACE AMOUNT.




$$
