000
CDUS43 KLOT 150633
CLIRFD


CLIMATE REPORT
NATIONAL WEATHER SERVICE CHICAGO IL
1233 AM CST SUN FEB 15 2015


...................................

...THE ROCKFORD IL CLIMATE SUMMARY FOR FEBRUARY 14 2015...

CLIMATE NORMAL PERIOD 1981 TO 2010
CLIMATE RECORD PERIOD 1905 TO 2015


WEATHER ITEM   OBSERVED TIME   RECORD YEAR NORMAL DEPARTURE LAST
                VALUE   (LST)  VALUE       VALUE  FROM      YEAR
                                                  NORMAL
..................................................................
TEMPERATURE (F)
 YESTERDAY
  MAXIMUM         28    210 AM  59    2006  34     -6       19
                                      1918
  MINIMUM          1   1159 PM  -8    1916  17    -16        7
  AVERAGE         15                        26    -11       13

PRECIPITATION (IN)
  YESTERDAY        T             0.90 1906   0.05  -0.05     0.00
  MONTH TO DATE    0.69                      0.62   0.07     0.62
  SINCE DEC 1      2.69                      3.97  -1.28     4.29
  SINCE JAN 1      1.76                      1.99  -0.23     2.60

SNOWFALL (IN)
  YESTERDAY        T             6.0  1990   0.3   -0.3      0.0
  MONTH TO DATE   12.0                       4.2    7.8      7.5
  SINCE DEC 1     21.6                      25.7   -4.1     40.5
  SINCE JUL 1     25.2                      27.5   -2.3     41.5
  SNOW DEPTH       4

DEGREE DAYS
 HEATING
  YESTERDAY       50                        40     10       52
  MONTH TO DATE  676                       577     99      819
  SINCE DEC 1   3101                      3151    -50     3861
  SINCE JUL 1   4648                      4486    162     5244

 COOLING
  YESTERDAY        0                         0      0        0
  MONTH TO DATE    0                         0      0        0
  SINCE DEC 1      0                         0      0        0
  SINCE JAN 1      0                         0      0        0
..................................................................


WIND (MPH)
  HIGHEST WIND SPEED    33   HIGHEST WIND DIRECTION     N (350)
  HIGHEST GUST SPEED    43   HIGHEST GUST DIRECTION     N (340)
  AVERAGE WIND SPEED    18.9


SKY COVER
  POSSIBLE SUNSHINE  MM
  AVERAGE SKY COVER 0.5


WEATHER CONDITIONS
 THE FOLLOWING WEATHER WAS RECORDED YESTERDAY.
  LIGHT SNOW
  HAZE
  BLOWING SNOW


RELATIVE HUMIDITY (PERCENT)
 HIGHEST    74           400 AM
 LOWEST     37           400 PM
 AVERAGE    56

..........................................................


THE ROCKFORD IL CLIMATE NORMALS FOR TODAY
                         NORMAL    RECORD    YEAR
 MAXIMUM TEMPERATURE (F)   34        67      1921
 MINIMUM TEMPERATURE (F)   18       -13      1920


SUNRISE AND SUNSET
FEBRUARY 15 2015......SUNRISE   653 AM CST   SUNSET   529 PM CST
FEBRUARY 16 2015......SUNRISE   652 AM CST   SUNSET   530 PM CST


-  INDICATES NEGATIVE NUMBERS.
R  INDICATES RECORD WAS SET OR TIED.
MM INDICATES DATA IS MISSING.
T  INDICATES TRACE AMOUNT.




$$
