000
CDUS43 KLOT 062235
CLIRFD


CLIMATE REPORT
NATIONAL WEATHER SERVICE CHICAGO IL
434 PM CST SAT DEC 6 2014


...................................

...THE ROCKFORD IL CLIMATE SUMMARY FOR DECEMBER 6 2014...
VALID TODAY AS OF 0400 PM LOCAL TIME.

CLIMATE NORMAL PERIOD 1981 TO 2010
CLIMATE RECORD PERIOD 1905 TO 2014


WEATHER ITEM   OBSERVED TIME   RECORD YEAR NORMAL DEPARTURE LAST
                VALUE   (LST)  VALUE       VALUE  FROM      YEAR
                                                  NORMAL
..................................................................
TEMPERATURE (F)
 TODAY
  MAXIMUM         39    215 PM  60    1980  36      3       19
  MINIMUM         30    711 AM -10    1964  21      9        9
  AVERAGE         35                        28      7       14

PRECIPITATION (IN)
  TODAY            0.00          0.83 1998   0.08  -0.08     0.00
  MONTH TO DATE    0.00                      0.46  -0.46     0.13
  SINCE DEC 1      0.00                      0.46  -0.46     0.13
  SINCE JAN 1     32.57                     34.72  -2.15    39.01

SNOWFALL (IN)
  TODAY            0.0           6.9  1994   0.3   -0.3      0.0
  MONTH TO DATE    0.0                       1.8   -1.8       T
  SINCE DEC 1      0.0                       1.8   -1.8       T
  SINCE JUL 1      3.6                       3.6    0.0      1.0

DEGREE DAYS
 HEATING
  TODAY           30                        36     -6       51
  MONTH TO DATE  223                       212     11      200
  SINCE DEC 1    223                       212     11      200
  SINCE JUL 1   1770                      1547    223     1583

 COOLING
  TODAY            0                         0      0        0
  MONTH TO DATE    0                         0      0        0
  SINCE DEC 1      0                         0      0        0
  SINCE JAN 1    729                       820    -91      890
..................................................................


WIND (MPH)
  HIGHEST WIND SPEED    21   HIGHEST WIND DIRECTION     N (10)
  HIGHEST GUST SPEED    26   HIGHEST GUST DIRECTION     N (10)
  AVERAGE WIND SPEED    12.8


SKY COVER
  POSSIBLE SUNSHINE  MM
  AVERAGE SKY COVER 0.6


WEATHER CONDITIONS
 THE FOLLOWING WEATHER WAS RECORDED TODAY.
  FOG
  HAZE


RELATIVE HUMIDITY (PERCENT)
 HIGHEST    89          1200 AM
 LOWEST     54           100 PM
 AVERAGE    72

..........................................................


THE ROCKFORD IL CLIMATE NORMALS FOR TOMORROW
                         NORMAL    RECORD    YEAR
 MAXIMUM TEMPERATURE (F)   36        64      1916
 MINIMUM TEMPERATURE (F)   20       -11      1977


SUNRISE AND SUNSET
DECEMBER  6 2014......SUNRISE   710 AM CST   SUNSET   424 PM CST
DECEMBER  7 2014......SUNRISE   711 AM CST   SUNSET   424 PM CST


-  INDICATES NEGATIVE NUMBERS.
R  INDICATES RECORD WAS SET OR TIED.
MM INDICATES DATA IS MISSING.
T  INDICATES TRACE AMOUNT.




$$
