000
CDUS43 KLOT 130637
CLIRFD


CLIMATE REPORT
NATIONAL WEATHER SERVICE CHICAGO IL
1236 AM CST THU NOV 13 2014


...................................

...THE ROCKFORD IL CLIMATE SUMMARY FOR NOVEMBER 12 2014...

CLIMATE NORMAL PERIOD 1981 TO 2010
CLIMATE RECORD PERIOD 1905 TO 2014


WEATHER ITEM   OBSERVED TIME   RECORD YEAR NORMAL DEPARTURE LAST
                VALUE   (LST)  VALUE       VALUE  FROM      YEAR
                                                  NORMAL
..................................................................
TEMPERATURE (F)
 YESTERDAY
  MAXIMUM         30    143 PM  68    1909  50    -20       31
  MINIMUM         24    808 AM   7    1986  32     -8       18
  AVERAGE         27                        41    -14       25

PRECIPITATION (IN)
  YESTERDAY        T             1.69 1922   0.08  -0.08     0.00
  MONTH TO DATE    0.55                      1.05  -0.50     0.61
  SINCE SEP 1      5.24                      7.07  -1.83     5.40
  SINCE JAN 1     31.49                     32.73  -1.24    37.40

SNOWFALL (IN)
  YESTERDAY        T             3.5  1959   0.0    0.0      0.0
  MONTH TO DATE    T                         0.1   -0.1      0.4
  SINCE SEP 1      0.1                       0.2   -0.1      0.4
  SINCE JUL 1      0.1                       0.2   -0.1      0.4
  SNOW DEPTH       0

DEGREE DAYS
 HEATING
  YESTERDAY       38                        24     14       40
  MONTH TO DATE  268                       258     10      293
  SINCE SEP 1    820                       797     23      783
  SINCE JUL 1    830                       811     19      794

 COOLING
  YESTERDAY        0                         0      0        0
  MONTH TO DATE    0                         0      0        0
  SINCE SEP 1     73                        93    -20      141
  SINCE JAN 1    729                       820    -91      890
..................................................................


WIND (MPH)
  HIGHEST WIND SPEED    21   HIGHEST WIND DIRECTION    NW (320)
  HIGHEST GUST SPEED    26   HIGHEST GUST DIRECTION    NW (310)
  AVERAGE WIND SPEED    12.7


SKY COVER
  POSSIBLE SUNSHINE  MM
  AVERAGE SKY COVER 1.0


WEATHER CONDITIONS
 THE FOLLOWING WEATHER WAS RECORDED YESTERDAY.
  LIGHT SNOW


RELATIVE HUMIDITY (PERCENT)
 HIGHEST    69          1200 AM
 LOWEST     50           900 AM
 AVERAGE    60

..........................................................


THE ROCKFORD IL CLIMATE NORMALS FOR TODAY
                         NORMAL    RECORD    YEAR
 MAXIMUM TEMPERATURE (F)   49        73      1989
 MINIMUM TEMPERATURE (F)   32         3      1986


SUNRISE AND SUNSET
NOVEMBER 13 2014......SUNRISE   644 AM CST   SUNSET   437 PM CST
NOVEMBER 14 2014......SUNRISE   645 AM CST   SUNSET   436 PM CST


-  INDICATES NEGATIVE NUMBERS.
R  INDICATES RECORD WAS SET OR TIED.
MM INDICATES DATA IS MISSING.
T  INDICATES TRACE AMOUNT.




$$

BMD
