000
CDUS43 KLOT 100632
CLIRFD


CLIMATE REPORT
NATIONAL WEATHER SERVICE CHICAGO IL
131 AM CDT SUN AUG 10 2014


...................................

...THE ROCKFORD IL CLIMATE SUMMARY FOR AUGUST 9 2014...

CLIMATE NORMAL PERIOD 1981 TO 2010
CLIMATE RECORD PERIOD 1905 TO 2014


WEATHER ITEM   OBSERVED TIME   RECORD YEAR NORMAL DEPARTURE LAST
                VALUE   (LST)  VALUE       VALUE  FROM      YEAR
                                                  NORMAL
..................................................................
TEMPERATURE (F)
 YESTERDAY
  MAXIMUM         81    242 PM 100    1936  83     -2       83
                                      1934
  MINIMUM         64    545 AM  43    1927  62      2       58
  AVERAGE         73                        73      0       71

PRECIPITATION (IN)
  YESTERDAY        0.00          1.29 1965   0.15  -0.15     0.00
  MONTH TO DATE    1.83                      1.33   0.50     1.28
  SINCE JUN 1     12.35                      9.93   2.42    10.92
  SINCE JAN 1     22.32                     22.40  -0.08    30.36

SNOWFALL (IN)
  YESTERDAY        0.0           0.0    MM   0.0    0.0      0.0
  MONTH TO DATE    T                         0.0    0.0      0.0
  SINCE JUN 1      T                         0.0    0.0      0.0
  SINCE JUL 1      T                         0.0    0.0      0.0
  SNOW DEPTH       0

DEGREE DAYS
 HEATING
  YESTERDAY        0                         0      0        0
  MONTH TO DATE    0                         0      0        0
  SINCE JUN 1     21                        34    -13       43
  SINCE JUL 1     10                         3      7        9

 COOLING
  YESTERDAY        8                         8      0        6
  MONTH TO DATE   64                        72     -8       62
  SINCE JUN 1    406                       521   -115      487
  SINCE JAN 1    489                       576    -87      579
..................................................................


WIND (MPH)
  HIGHEST WIND SPEED    17   HIGHEST WIND DIRECTION     E (70)
  HIGHEST GUST SPEED    23   HIGHEST GUST DIRECTION     E (70)
  AVERAGE WIND SPEED     8.7


SKY COVER
  POSSIBLE SUNSHINE  MM
  AVERAGE SKY COVER 0.4


WEATHER CONDITIONS
 THE FOLLOWING WEATHER WAS RECORDED YESTERDAY.
  NO SIGNIFICANT WEATHER WAS OBSERVED.


RELATIVE HUMIDITY (PERCENT)
 HIGHEST    87           400 AM
 LOWEST     45           300 PM
 AVERAGE    66

..........................................................


THE ROCKFORD IL CLIMATE NORMALS FOR TODAY
                         NORMAL    RECORD    YEAR
 MAXIMUM TEMPERATURE (F)   83        98      1944
                                             1913
 MINIMUM TEMPERATURE (F)   62        48      1917


SUNRISE AND SUNSET
AUGUST 10 2014........SUNRISE   559 AM CDT   SUNSET   804 PM CDT
AUGUST 11 2014........SUNRISE   600 AM CDT   SUNSET   803 PM CDT


-  INDICATES NEGATIVE NUMBERS.
R  INDICATES RECORD WAS SET OR TIED.
MM INDICATES DATA IS MISSING.
T  INDICATES TRACE AMOUNT.




$$
