000
CDUS43 KLOT 031243
CLIRFD

CLIMATE REPORT
NATIONAL WEATHER SERVICE CHICAGO IL
1234 AM CST MON NOV 3 2014


...................................

...THE ROCKFORD IL CLIMATE SUMMARY FOR NOVEMBER 2 2014...

CLIMATE NORMAL PERIOD 1981 TO 2010
CLIMATE RECORD PERIOD 1905 TO 2014


WEATHER ITEM   OBSERVED TIME   RECORD YEAR NORMAL DEPARTURE LAST
                VALUE   (LST)  VALUE       VALUE  FROM      YEAR
                                                  NORMAL
..................................................................
TEMPERATURE (F)
 YESTERDAY
  MAXIMUM         52    406 PM  76    1961  55     -3       50
  MINIMUM         27    602 AM  12    1951  36     -9       32
  AVERAGE         40                        46     -6       41

PRECIPITATION (IN)
  YESTERDAY        0.00          1.95 1964   0.10  -0.10     0.00
  MONTH TO DATE    0.00                      0.19  -0.19     0.03
  SINCE SEP 1      4.69                      6.21  -1.52     4.82
  SINCE JAN 1     30.94                     31.87  -0.93    36.82

SNOWFALL (IN)
  YESTERDAY        0.0           0.8  1954   0.0    0.0      0.0
  MONTH TO DATE    0.0                       0.0    0.0      0.0
  SINCE SEP 1      0.1                       0.1    0.0       T
  SINCE JUL 1      0.1                       0.1    0.0       T
  SNOW DEPTH       0

DEGREE DAYS
 HEATING
  YESTERDAY       25                        19      6       24
  MONTH TO DATE   53                        38     15       46
  SINCE SEP 1    605                       577     28      536
  SINCE JUL 1    615                       591     24      547

 COOLING
  YESTERDAY        0                         0      0        0
  MONTH TO DATE    0                         0      0        0
  SINCE SEP 1     73                        93    -20      141
  SINCE JAN 1    729                       820    -91      890
..................................................................


WIND (MPH)
  HIGHEST WIND SPEED    23   HIGHEST WIND DIRECTION     S (180)
  HIGHEST GUST SPEED    29   HIGHEST GUST DIRECTION     S (180)
  AVERAGE WIND SPEED    12.7


SKY COVER
  POSSIBLE SUNSHINE  MM
  AVERAGE SKY COVER 0.6


WEATHER CONDITIONS
 THE FOLLOWING WEATHER WAS RECORDED YESTERDAY.

  NO SIGNIFICANT WEATHER WAS OBSERVED.


RELATIVE HUMIDITY (PERCENT)
 HIGHEST    85           400 AM
 LOWEST     30           400 PM
 AVERAGE    58

..........................................................


THE ROCKFORD IL CLIMATE NORMALS FOR TODAY
                         NORMAL    RECORD    YEAR
 MAXIMUM TEMPERATURE (F)   55        77      1938
 MINIMUM TEMPERATURE (F)   36        11      1951


SUNRISE AND SUNSET
NOVEMBER  3 2014......SUNRISE   632 AM CST   SUNSET   447 PM CST
NOVEMBER  4 2014......SUNRISE   633 AM CST   SUNSET   446 PM CST


-  INDICATES NEGATIVE NUMBERS.
R  INDICATES RECORD WAS SET OR TIED.
MM INDICATES DATA IS MISSING.
T  INDICATES TRACE AMOUNT.




$$
