000
CDUS43 KLOT 060650
CLIRFD


CLIMATE REPORT
NATIONAL WEATHER SERVICE CHICAGO IL
150 AM CDT SAT SEP 6 2014


...................................

...THE ROCKFORD IL CLIMATE SUMMARY FOR SEPTEMBER 5 2014...

CLIMATE NORMAL PERIOD 1981 TO 2010
CLIMATE RECORD PERIOD 1905 TO 2014


WEATHER ITEM   OBSERVED TIME   RECORD YEAR NORMAL DEPARTURE LAST
                VALUE   (LST)  VALUE       VALUE  FROM      YEAR
                                                  NORMAL
..................................................................
TEMPERATURE (F)
 YESTERDAY
  MAXIMUM         83   1205 PM 100    1925  79      4       78
  MINIMUM         60   1159 PM  41    1924  57      3       60
  AVERAGE         72                        68      4       69

PRECIPITATION (IN)
  YESTERDAY        0.21          1.22 1929   0.11   0.10     0.00
  MONTH TO DATE    1.04                      0.59   0.45     0.00
  SINCE SEP 1      1.04                      0.59   0.45     0.00
  SINCE JAN 1     27.29                     26.25   1.04    32.00

SNOWFALL (IN)
  YESTERDAY        0.0           0.0    MM   0.0    0.0      0.0
  MONTH TO DATE    0.0                       0.0    0.0      0.0
  SINCE SEP 1      0.0                       0.0    0.0      0.0
  SINCE JUL 1      T                         0.0    0.0      0.0
  SNOW DEPTH       0

DEGREE DAYS
 HEATING
  YESTERDAY        0                         1     -1        0
  MONTH TO DATE    0                         5     -5        0
  SINCE SEP 1      0                         5     -5        0
  SINCE JUL 1     10                        19     -9       11

 COOLING
  YESTERDAY        7                         5      2        4
  MONTH TO DATE   41                        25     16       19
  SINCE SEP 1     41                        25     16       19
  SINCE JAN 1    697                       752    -55      768
..................................................................


WIND (MPH)
  HIGHEST WIND SPEED    25   HIGHEST WIND DIRECTION    NW (310)
  HIGHEST GUST SPEED    34   HIGHEST GUST DIRECTION    NW (300)
  AVERAGE WIND SPEED     9.7


SKY COVER
  POSSIBLE SUNSHINE  MM
  AVERAGE SKY COVER 0.8


WEATHER CONDITIONS
 THE FOLLOWING WEATHER WAS RECORDED YESTERDAY.
  THUNDERSTORM
  LIGHT RAIN


RELATIVE HUMIDITY (PERCENT)
 HIGHEST    93           600 AM
 LOWEST     64           300 PM
 AVERAGE    79

..........................................................


THE ROCKFORD IL CLIMATE NORMALS FOR TODAY
                         NORMAL    RECORD    YEAR
 MAXIMUM TEMPERATURE (F)   79       102      1922
 MINIMUM TEMPERATURE (F)   57        38      1924


SUNRISE AND SUNSET
SEPTEMBER  6 2014.....SUNRISE   627 AM CDT   SUNSET   722 PM CDT
SEPTEMBER  7 2014.....SUNRISE   628 AM CDT   SUNSET   720 PM CDT


-  INDICATES NEGATIVE NUMBERS.
R  INDICATES RECORD WAS SET OR TIED.
MM INDICATES DATA IS MISSING.
T  INDICATES TRACE AMOUNT.




$$
