000
CDUS43 KLOT 142134
CLIRFD


CLIMATE REPORT
NATIONAL WEATHER SERVICE CHICAGO IL
433 PM CDT SAT MAR 14 2015


...................................

...THE ROCKFORD IL CLIMATE SUMMARY FOR MARCH 14 2015...
VALID TODAY AS OF 0400 PM LOCAL TIME.

CLIMATE NORMAL PERIOD 1981 TO 2010
CLIMATE RECORD PERIOD 1905 TO 2015


WEATHER ITEM   OBSERVED TIME   RECORD YEAR NORMAL DEPARTURE LAST
                VALUE   (LST)  VALUE       VALUE  FROM      YEAR
                                                  NORMAL
..................................................................
TEMPERATURE (F)
 TODAY
  MAXIMUM         61    257 PM  79    2012  46     15       50
  MINIMUM         39    637 AM   5    1993  27     12       35
  AVERAGE         50                        36     14       43

PRECIPITATION (IN)
  TODAY            0.00          1.65 1944   0.07  -0.07     0.00
  MONTH TO DATE    0.40                      0.92  -0.52     0.56
  SINCE MAR 1      0.40                      0.92  -0.52     0.56
  SINCE JAN 1      2.32                      3.70  -1.38     4.30

SNOWFALL (IN)
  TODAY            0.0           2.2  1965   0.2   -0.2      0.0
  MONTH TO DATE    2.5                       2.8   -0.3      7.6
  SINCE MAR 1      2.5                       2.8   -0.3      7.6
  SINCE JUL 1     30.4                      33.8   -3.4     55.1

DEGREE DAYS
 HEATING
  TODAY           15                        29    -14       22
  MONTH TO DATE  497                       439     58      570
  SINCE MAR 1    497                       439     58      570
  SINCE JUL 1   5943                      5441    502     6462

 COOLING
  TODAY            0                         0      0        0
  MONTH TO DATE    0                         0      0        0
  SINCE MAR 1      0                         0      0        0
  SINCE JAN 1      0                         0      0        0
..................................................................


WIND (MPH)
  HIGHEST WIND SPEED    21   HIGHEST WIND DIRECTION    NW (300)
  HIGHEST GUST SPEED    26   HIGHEST GUST DIRECTION    NW (300)
  AVERAGE WIND SPEED    10.4


SKY COVER
  POSSIBLE SUNSHINE  MM
  AVERAGE SKY COVER 0.7


WEATHER CONDITIONS
 THE FOLLOWING WEATHER WAS RECORDED TODAY.
  NO SIGNIFICANT WEATHER WAS OBSERVED.


RELATIVE HUMIDITY (PERCENT)
 HIGHEST    83          1200 AM
 LOWEST     36           200 PM
 AVERAGE    60

..........................................................


THE ROCKFORD IL CLIMATE NORMALS FOR TOMORROW
                         NORMAL    RECORD    YEAR
 MAXIMUM TEMPERATURE (F)   46        82      2012
 MINIMUM TEMPERATURE (F)   27         5      1979


SUNRISE AND SUNSET
MARCH 14 2015.........SUNRISE   710 AM CDT   SUNSET   701 PM CDT
MARCH 15 2015.........SUNRISE   709 AM CDT   SUNSET   703 PM CDT


-  INDICATES NEGATIVE NUMBERS.
R  INDICATES RECORD WAS SET OR TIED.
MM INDICATES DATA IS MISSING.
T  INDICATES TRACE AMOUNT.




$$
