000
CDUS43 KLOT 161148
CLIRFD

CLIMATE REPORT
NATIONAL WEATHER SERVICE CHICAGO IL
1233 AM CST FRI JAN 16 2015


...................................

...THE ROCKFORD IL CLIMATE SUMMARY FOR JANUARY 15 2015...

CLIMATE NORMAL PERIOD 1981 TO 2010
CLIMATE RECORD PERIOD 1905 TO 2015


WEATHER ITEM   OBSERVED TIME   RECORD YEAR NORMAL DEPARTURE LAST
                VALUE   (LST)  VALUE       VALUE  FROM      YEAR
                                                  NORMAL
..................................................................
TEMPERATURE (F)
 YESTERDAY
  MAXIMUM         34    330 PM  55    1953  29      5       20
  MINIMUM         18    831 AM -24    1979  13      5       10
  AVERAGE         26                        21      5       15

PRECIPITATION (IN)
  YESTERDAY        0.00          0.60 1943   0.04  -0.04      T
  MONTH TO DATE    0.80                      0.71   0.09     1.34
  SINCE DEC 1      1.73                      2.69  -0.96     3.03
  SINCE JAN 1      0.80                      0.71   0.09     1.34

SNOWFALL (IN)
  YESTERDAY        0.0           5.5  1943   0.3   -0.3       T
  MONTH TO DATE    7.1                       5.1    2.0      6.7
  SINCE DEC 1      7.2                      16.4   -9.2     24.4
  SINCE JUL 1     10.8                      18.2   -7.4     25.4
  SNOW DEPTH       4

DEGREE DAYS
 HEATING
  YESTERDAY       39                        44     -5       50
  MONTH TO DATE  781                       654    127      772
  SINCE DEC 1   1844                      1880    -36     2177
  SINCE JUL 1   3391                      3215    176     3560

 COOLING
  YESTERDAY        0                         0      0        0
  MONTH TO DATE    0                         0      0        0
  SINCE DEC 1      0                         0      0        0
  SINCE JAN 1      0                         0      0        0
..................................................................


WIND (MPH)
  HIGHEST WIND SPEED    15   HIGHEST WIND DIRECTION    SW (230)
  HIGHEST GUST SPEED    19   HIGHEST GUST DIRECTION    SW (240)
  AVERAGE WIND SPEED     6.9


SKY COVER
  POSSIBLE SUNSHINE  MM
  AVERAGE SKY COVER 0.5


WEATHER CONDITIONS
 THE FOLLOWING WEATHER WAS RECORDED YESTERDAY.

  HAZE


RELATIVE HUMIDITY (PERCENT)
 HIGHEST    81          1100 PM
 LOWEST     63           200 PM
 AVERAGE    72

..........................................................


THE ROCKFORD IL CLIMATE NORMALS FOR TODAY
                         NORMAL    RECORD    YEAR
 MAXIMUM TEMPERATURE (F)   29        53      1933
 MINIMUM TEMPERATURE (F)   13       -25      2009


SUNRISE AND SUNSET
JANUARY 16 2015.......SUNRISE   722 AM CST   SUNSET   450 PM CST
JANUARY 17 2015.......SUNRISE   721 AM CST   SUNSET   452 PM CST


-  INDICATES NEGATIVE NUMBERS.
R  INDICATES RECORD WAS SET OR TIED.
MM INDICATES DATA IS MISSING.
T  INDICATES TRACE AMOUNT.




$$
