000
CDUS43 KLOT 300634
CLIRFD


CLIMATE REPORT
NATIONAL WEATHER SERVICE CHICAGO IL
133 AM CDT SAT APR 30 2016


...................................

...THE ROCKFORD IL CLIMATE SUMMARY FOR APRIL 29 2016...

CLIMATE NORMAL PERIOD 1981 TO 2010
CLIMATE RECORD PERIOD 1905 TO 2016


WEATHER ITEM   OBSERVED TIME   RECORD YEAR NORMAL DEPARTURE LAST
                VALUE   (LST)  VALUE       VALUE  FROM      YEAR
                                                  NORMAL
..................................................................
TEMPERATURE (F)
 YESTERDAY
  MAXIMUM         50    350 PM  90    1915  66    -16       70
  MINIMUM         42    947 PM  27    1958  43     -1       37
  AVERAGE         46                        54     -8       54

PRECIPITATION (IN)
  YESTERDAY        0.01          2.62 1963   0.12  -0.11      T
  MONTH TO DATE    2.30                      3.23  -0.93     3.12
  SINCE MAR 1      6.31                      5.55   0.76     4.42
  SINCE JAN 1      7.84                      8.33  -0.49     6.34

SNOWFALL (IN)
  YESTERDAY       MM             T    2008   0.0   MM        0.0
                                      1996
  MONTH TO DATE    0.4                       0.9   -0.5       T
  SINCE MAR 1      2.8                       5.7   -2.9      7.6
  SINCE JUL 1     24.0                      36.7  -12.7     35.5
  SNOW DEPTH       0

DEGREE DAYS
 HEATING
  YESTERDAY       19                        11      8       11
  MONTH TO DATE  453                       465    -12      399
  SINCE MAR 1   1132                      1327   -195     1335
  SINCE JUL 1   5318                      6329  -1011     6781

 COOLING
  YESTERDAY        0                         0      0        0
  MONTH TO DATE    7                         0      7        0
  SINCE MAR 1      7                         0      7        0
  SINCE JAN 1      7                         0      7        0
..................................................................


WIND (MPH)
  HIGHEST WIND SPEED    17   HIGHEST WIND DIRECTION    NE (40)
  HIGHEST GUST SPEED    20   HIGHEST GUST DIRECTION    NE (40)
  AVERAGE WIND SPEED     7.0


SKY COVER
  POSSIBLE SUNSHINE  MM
  AVERAGE SKY COVER 0.9


WEATHER CONDITIONS
 THE FOLLOWING WEATHER WAS RECORDED YESTERDAY.
  LIGHT RAIN
  FOG
  HAZE


RELATIVE HUMIDITY (PERCENT)
 HIGHEST    89          1200 AM
 LOWEST     66          1100 AM
 AVERAGE    78

..........................................................


THE ROCKFORD IL CLIMATE NORMALS FOR TODAY
                         NORMAL    RECORD    YEAR
 MAXIMUM TEMPERATURE (F)   67        91      1942
 MINIMUM TEMPERATURE (F)   43        28      1931


SUNRISE AND SUNSET
APRIL 30 2016.........SUNRISE   553 AM CDT   SUNSET   755 PM CDT
MAY  1 2016...........SUNRISE   551 AM CDT   SUNSET   756 PM CDT


-  INDICATES NEGATIVE NUMBERS.
R  INDICATES RECORD WAS SET OR TIED.
MM INDICATES DATA IS MISSING.
T  INDICATES TRACE AMOUNT.




$$
