000
CDUS43 KLOT 210641
CLIRFD


CLIMATE REPORT
NATIONAL WEATHER SERVICE CHICAGO IL
136 AM CDT MON APR 21 2014


...................................

...THE ROCKFORD IL CLIMATE SUMMARY FOR APRIL 20 2014...

CLIMATE NORMAL PERIOD 1981 TO 2010
CLIMATE RECORD PERIOD 1905 TO 2014


WEATHER ITEM   OBSERVED TIME   RECORD YEAR NORMAL DEPARTURE LAST
                VALUE   (LST)  VALUE       VALUE  FROM      YEAR
                                                  NORMAL
..................................................................
TEMPERATURE (F)
 YESTERDAY
  MAXIMUM         80    427 PM  89    1987  63     17       47
  MINIMUM         47    549 AM  25    1956  40      7       28
  AVERAGE         64                        51     13       38

PRECIPITATION (IN)
  YESTERDAY        0.00          2.46 1929   0.11  -0.11     0.00
  MONTH TO DATE    1.71                      2.22  -0.51     7.54
  SINCE MAR 1      2.74                      4.54  -1.80     9.83
  SINCE JAN 1      6.48                      7.32  -0.84    15.90

SNOWFALL (IN)
  YESTERDAY        0.0           T    1959   0.0    0.0      0.0
  MONTH TO DATE    0.3                       0.8   -0.5       T
  SINCE MAR 1      9.4                       5.6    3.8     13.9
  SINCE JUL 1     56.9                      36.6   20.3     40.5
  SNOW DEPTH       0

DEGREE DAYS
 HEATING
  YESTERDAY        1                        14    -13       27
  MONTH TO DATE  354                       354      0      426
  SINCE MAR 1   1446                      1216    230     1518
  SINCE JUL 1   7338                      6218   1120     6255

 COOLING
  YESTERDAY        0                         0      0        0
  MONTH TO DATE    0                         0      0        0
  SINCE MAR 1      0                         0      0        0
  SINCE JAN 1      0                         0      0        0
..................................................................


WIND (MPH)
  HIGHEST WIND SPEED    21   HIGHEST WIND DIRECTION    SW (230)
  HIGHEST GUST SPEED    26   HIGHEST GUST DIRECTION    SW (220)
  AVERAGE WIND SPEED    11.4


SKY COVER
  POSSIBLE SUNSHINE  MM
  AVERAGE SKY COVER 0.7


WEATHER CONDITIONS
 THE FOLLOWING WEATHER WAS RECORDED YESTERDAY.
  NO SIGNIFICANT WEATHER WAS OBSERVED.


RELATIVE HUMIDITY (PERCENT)
 HIGHEST    71           200 AM
 LOWEST     23           300 PM
 AVERAGE    47

..........................................................


THE ROCKFORD IL CLIMATE NORMALS FOR TODAY
                         NORMAL    RECORD    YEAR
 MAXIMUM TEMPERATURE (F)   63        86      1985
 MINIMUM TEMPERATURE (F)   40        24      1988


SUNRISE AND SUNSET
APRIL 21 2014.........SUNRISE   606 AM CDT   SUNSET   744 PM CDT
APRIL 22 2014.........SUNRISE   605 AM CDT   SUNSET   746 PM CDT


-  INDICATES NEGATIVE NUMBERS.
R  INDICATES RECORD WAS SET OR TIED.
MM INDICATES DATA IS MISSING.
T  INDICATES TRACE AMOUNT.




$$
