000
CDUS43 KLOT 240634
CLIRFD


CLIMATE REPORT
NATIONAL WEATHER SERVICE CHICAGO IL
1234 AM CST WED DEC 24 2014


...................................

...THE ROCKFORD IL CLIMATE SUMMARY FOR DECEMBER 23 2014...

CLIMATE NORMAL PERIOD 1981 TO 2010
CLIMATE RECORD PERIOD 1905 TO 2014


WEATHER ITEM   OBSERVED TIME   RECORD YEAR NORMAL DEPARTURE LAST
                VALUE   (LST)  VALUE       VALUE  FROM      YEAR
                                                  NORMAL
..................................................................
TEMPERATURE (F)
 YESTERDAY
  MAXIMUM         46    238 PM  57    1941  31     15       24
  MINIMUM         35   1159 PM -21    1983  16     19       -8
  AVERAGE         41                        23     18        8

PRECIPITATION (IN)
  YESTERDAY        0.19          0.57 1923   0.05   0.14      T
  MONTH TO DATE    0.91                      1.56  -0.65     1.37
  SINCE DEC 1      0.91                      1.56  -0.65     1.37
  SINCE JAN 1     33.48                     35.82  -2.34    40.25

SNOWFALL (IN)
  YESTERDAY        0.0           4.9  1959   0.4   -0.4      0.1
  MONTH TO DATE    0.1                       8.3   -8.2     12.7
  SINCE DEC 1      0.1                       8.3   -8.2     12.7
  SINCE JUL 1      3.7                      10.1   -6.4     13.7
  SNOW DEPTH       0

DEGREE DAYS
 HEATING
  YESTERDAY       24                        42    -18       57
  MONTH TO DATE  770                       886   -116     1010
  SINCE DEC 1    770                       886   -116     1010
  SINCE JUL 1   2317                      2221     96     2393

 COOLING
  YESTERDAY        0                         0      0        0
  MONTH TO DATE    0                         0      0        0
  SINCE DEC 1      0                         0      0        0
  SINCE JAN 1    729                       820    -91      890
..................................................................


WIND (MPH)
  HIGHEST WIND SPEED    24   HIGHEST WIND DIRECTION    SW (210)
  HIGHEST GUST SPEED    32   HIGHEST GUST DIRECTION    SW (220)
  AVERAGE WIND SPEED     9.6


SKY COVER
  POSSIBLE SUNSHINE  MM
  AVERAGE SKY COVER 1.0


WEATHER CONDITIONS
 THE FOLLOWING WEATHER WAS RECORDED YESTERDAY.
  RAIN
  LIGHT RAIN
  FOG


RELATIVE HUMIDITY (PERCENT)
 HIGHEST    96           300 AM
 LOWEST     65           200 PM
 AVERAGE    81

..........................................................


THE ROCKFORD IL CLIMATE NORMALS FOR TODAY
                         NORMAL    RECORD    YEAR
 MAXIMUM TEMPERATURE (F)   31        55      1982
 MINIMUM TEMPERATURE (F)   15       -24      1983


SUNRISE AND SUNSET
DECEMBER 24 2014......SUNRISE   723 AM CST   SUNSET   429 PM CST
DECEMBER 25 2014......SUNRISE   723 AM CST   SUNSET   430 PM CST


-  INDICATES NEGATIVE NUMBERS.
R  INDICATES RECORD WAS SET OR TIED.
MM INDICATES DATA IS MISSING.
T  INDICATES TRACE AMOUNT.




$$
