000
CDUS43 KLOT 052140
CLIRFD


CLIMATE REPORT
NATIONAL WEATHER SERVICE CHICAGO IL
438 PM CDT SUN JUL 5 2015


...................................

...THE ROCKFORD IL CLIMATE SUMMARY FOR JULY 5 2015...
VALID TODAY AS OF 0400 PM LOCAL TIME.

CLIMATE NORMAL PERIOD 1981 TO 2010
CLIMATE RECORD PERIOD 1905 TO 2015


WEATHER ITEM   OBSERVED TIME   RECORD YEAR NORMAL DEPARTURE LAST
                VALUE   (LST)  VALUE       VALUE  FROM      YEAR
                                                  NORMAL
..................................................................
TEMPERATURE (F)
 TODAY
  MAXIMUM         83    223 PM 102    2012  85     -2       75
  MINIMUM         60    501 AM  43    1967  63     -3       57
  AVERAGE         72                        74     -2       66

PRECIPITATION (IN)
  TODAY            0.00          1.80 1943   0.13  -0.13     0.00
  MONTH TO DATE    0.00                      0.62  -0.62     0.09
  SINCE JUN 1      4.64                      5.27  -0.63     8.15
  SINCE JAN 1     15.83                     17.74  -1.91    18.12

SNOWFALL (IN)
  TODAY            0.0           0.0    MM   0.0    0.0      0.0
  MONTH TO DATE    0.0                       0.0    0.0      0.0
  SINCE JUN 1      0.0                       0.0    0.0      0.0
  SINCE JUL 1      0.0                       0.0    0.0      0.0

DEGREE DAYS
 HEATING
  TODAY            0                         0      0        0
  MONTH TO DATE    2                         0      2        3
  SINCE JUN 1     18                        31    -13       14
  SINCE JUL 1      2                         0      2        3

 COOLING
  TODAY            7                         9     -2        1
  MONTH TO DATE   15                        45    -30       11
  SINCE JUN 1    167                       220    -53      206
  SINCE JAN 1    227                       275    -48      289
..................................................................


WIND (MPH)
  HIGHEST WIND SPEED    14   HIGHEST WIND DIRECTION     S (180)
  HIGHEST GUST SPEED    17   HIGHEST GUST DIRECTION     S (180)
  AVERAGE WIND SPEED     3.8


SKY COVER
  POSSIBLE SUNSHINE  MM
  AVERAGE SKY COVER 0.1


WEATHER CONDITIONS
 THE FOLLOWING WEATHER WAS RECORDED TODAY.
  NO SIGNIFICANT WEATHER WAS OBSERVED.


RELATIVE HUMIDITY (PERCENT)
 HIGHEST    90           200 AM
 LOWEST     51           200 PM
 AVERAGE    71

..........................................................


THE ROCKFORD IL CLIMATE NORMALS FOR TOMORROW
                         NORMAL    RECORD    YEAR
 MAXIMUM TEMPERATURE (F)   85       104      2012
 MINIMUM TEMPERATURE (F)   63        44      1967


SUNRISE AND SUNSET
JULY  5 2015..........SUNRISE   526 AM CDT   SUNSET   835 PM CDT
JULY  6 2015..........SUNRISE   527 AM CDT   SUNSET   835 PM CDT


-  INDICATES NEGATIVE NUMBERS.
R  INDICATES RECORD WAS SET OR TIED.
MM INDICATES DATA IS MISSING.
T  INDICATES TRACE AMOUNT.




$$
