000
CDUS43 KLOT 290634
CLIRFD


CLIMATE REPORT
NATIONAL WEATHER SERVICE CHICAGO IL
1233 AM CST SAT NOV 29 2014


...................................

...THE ROCKFORD IL CLIMATE SUMMARY FOR NOVEMBER 28 2014...

CLIMATE NORMAL PERIOD 1981 TO 2010
CLIMATE RECORD PERIOD 1905 TO 2014


WEATHER ITEM   OBSERVED TIME   RECORD YEAR NORMAL DEPARTURE LAST
                VALUE   (LST)  VALUE       VALUE  FROM      YEAR
                                                  NORMAL
..................................................................
TEMPERATURE (F)
 YESTERDAY
  MAXIMUM         34    905 PM  65    1998  40     -6       32
  MINIMUM         13    106 AM  -6    1930  24    -11       16
  AVERAGE         24                        32     -8       24

PRECIPITATION (IN)
  YESTERDAY        T             0.97 1987   0.09  -0.09     0.00
  MONTH TO DATE    1.63                      2.42  -0.79     2.09
  SINCE SEP 1      6.32                      8.44  -2.12     6.88
  SINCE JAN 1     32.57                     34.10  -1.53    38.88

SNOWFALL (IN)
  YESTERDAY        T             4.5  1968   0.1   -0.1      0.0
  MONTH TO DATE    3.5                       1.4    2.1      1.0
  SINCE SEP 1      3.6                       1.5    2.1      1.0
  SINCE JUL 1      3.6                       1.5    2.1      1.0
  SNOW DEPTH       1

DEGREE DAYS
 HEATING
  YESTERDAY       41                        33      8       41
  MONTH TO DATE  924                       716    208      812
  SINCE SEP 1   1476                      1255    221     1302
  SINCE JUL 1   1486                      1269    217     1313

 COOLING
  YESTERDAY        0                         0      0        0
  MONTH TO DATE    0                         0      0        0
  SINCE SEP 1     73                        93    -20      141
  SINCE JAN 1    729                       820    -91      890
..................................................................


WIND (MPH)
  HIGHEST WIND SPEED    22   HIGHEST WIND DIRECTION     S (160)
  HIGHEST GUST SPEED    27   HIGHEST GUST DIRECTION    SE (150)
  AVERAGE WIND SPEED     9.8


SKY COVER
  POSSIBLE SUNSHINE  MM
  AVERAGE SKY COVER 1.0


WEATHER CONDITIONS
 THE FOLLOWING WEATHER WAS RECORDED YESTERDAY.
  LIGHT SNOW


RELATIVE HUMIDITY (PERCENT)
 HIGHEST    85           400 PM
 LOWEST     62          1100 AM
 AVERAGE    74

..........................................................


THE ROCKFORD IL CLIMATE NORMALS FOR TODAY
                         NORMAL    RECORD    YEAR
 MAXIMUM TEMPERATURE (F)   40        67      1941
 MINIMUM TEMPERATURE (F)   24        -6      1976


SUNRISE AND SUNSET
NOVEMBER 29 2014......SUNRISE   703 AM CST   SUNSET   426 PM CST
NOVEMBER 30 2014......SUNRISE   704 AM CST   SUNSET   426 PM CST


-  INDICATES NEGATIVE NUMBERS.
R  INDICATES RECORD WAS SET OR TIED.
MM INDICATES DATA IS MISSING.
T  INDICATES TRACE AMOUNT.




$$
