000
CDUS43 KLOT 010633
CLIRFD


CLIMATE REPORT
NATIONAL WEATHER SERVICE CHICAGO IL
133 AM CDT WED JUN 1 2016


...................................

...THE ROCKFORD IL CLIMATE SUMMARY FOR MAY 31 2016...

CLIMATE NORMAL PERIOD 1981 TO 2010
CLIMATE RECORD PERIOD 1905 TO 2016


WEATHER ITEM   OBSERVED TIME   RECORD YEAR NORMAL DEPARTURE LAST
                VALUE   (LST)  VALUE       VALUE  FROM      YEAR
                                                  NORMAL
..................................................................
TEMPERATURE (F)
 YESTERDAY
  MAXIMUM         81    941 AM 106    1934  77      4       65
  MINIMUM         64    527 AM  39    1931  53     11       42
  AVERAGE         73                        65      8       54

PRECIPITATION (IN)
  YESTERDAY        0.56          1.54 1969   0.15   0.41     0.00
  MONTH TO DATE    3.12                      4.02  -0.90     4.85
  SINCE MAR 1     10.03                      9.69   0.34     9.27
  SINCE JAN 1     11.56                     12.47  -0.91    11.19

SNOWFALL (IN)
  YESTERDAY        0.0           0.0    MM   0.0    0.0      0.0
  MONTH TO DATE    0.0                       T      0.0       T
  SINCE MAR 1      2.8                       5.7   -2.9      7.6
  SINCE JUL 1     24.0                      36.7  -12.7     35.5
  SNOW DEPTH       0

DEGREE DAYS
 HEATING
  YESTERDAY        0                         3     -3       11
  MONTH TO DATE  199                       200     -1      161
  SINCE MAR 1   1349                      1536   -187     1511
  SINCE JUL 1   5535                      6538  -1003     6957

 COOLING
  YESTERDAY        8                         3      5        0
  MONTH TO DATE   78                        47     31       60
  SINCE MAR 1     85                        55     30       60
  SINCE JAN 1     85                        55     30       60
..................................................................


WIND (MPH)
  HIGHEST WIND SPEED    22   HIGHEST WIND DIRECTION     W (280)
  HIGHEST GUST SPEED    29   HIGHEST GUST DIRECTION     W (270)
  AVERAGE WIND SPEED     7.1


SKY COVER
  POSSIBLE SUNSHINE  MM
  AVERAGE SKY COVER 0.8


WEATHER CONDITIONS
 THE FOLLOWING WEATHER WAS RECORDED YESTERDAY.
  THUNDERSTORM
  HEAVY RAIN
  RAIN
  LIGHT RAIN
  FOG


RELATIVE HUMIDITY (PERCENT)
 HIGHEST    93           300 PM
 LOWEST     48          1000 AM
 AVERAGE    71

..........................................................


THE ROCKFORD IL CLIMATE NORMALS FOR TODAY
                         NORMAL    RECORD    YEAR
 MAXIMUM TEMPERATURE (F)   77       106      1934
 MINIMUM TEMPERATURE (F)   54        37      2003


SUNRISE AND SUNSET
JUNE  1 2016..........SUNRISE   522 AM CDT   SUNSET   827 PM CDT
JUNE  2 2016..........SUNRISE   522 AM CDT   SUNSET   827 PM CDT


-  INDICATES NEGATIVE NUMBERS.
R  INDICATES RECORD WAS SET OR TIED.
MM INDICATES DATA IS MISSING.
T  INDICATES TRACE AMOUNT.




$$
