000
CDUS43 KLOT 160640
CLIRFD


CLIMATE REPORT
NATIONAL WEATHER SERVICE CHICAGO IL
140 AM CDT WED APR 16 2014


...................................

...THE ROCKFORD IL CLIMATE SUMMARY FOR APRIL 15 2014...

CLIMATE NORMAL PERIOD 1981 TO 2010
CLIMATE RECORD PERIOD 1905 TO 2014


WEATHER ITEM   OBSERVED TIME   RECORD YEAR NORMAL DEPARTURE LAST
                VALUE   (LST)  VALUE       VALUE  FROM      YEAR
                                                  NORMAL
..................................................................
TEMPERATURE (F)
 YESTERDAY
  MAXIMUM         40    355 PM  87    2002  61    -21       63
  MINIMUM         23    555 AM  16    1928  38    -15       41
  AVERAGE         32                        49    -17       52

PRECIPITATION (IN)
  YESTERDAY        T             2.26 2012   0.12  -0.12     0.24
  MONTH TO DATE    1.71                      1.66   0.05     2.85
  SINCE MAR 1      2.74                      3.98  -1.24     5.14
  SINCE JAN 1      6.48                      6.76  -0.28    11.21

SNOWFALL (IN)
  YESTERDAY        T             2.5  1949   0.0    0.0      0.0
                                      1923
  MONTH TO DATE    0.3                       0.7   -0.4       T
  SINCE MAR 1      9.4                       5.5    3.9     13.9
  SINCE JUL 1     56.9                      36.5   20.4     40.5
  SNOW DEPTH       0

DEGREE DAYS
 HEATING
  YESTERDAY       33                        16     17       13
  MONTH TO DATE  283                       279      4      318
  SINCE MAR 1   1375                      1141    234     1410
  SINCE JUL 1   7267                      6143   1124     6147

 COOLING
  YESTERDAY        0                         0      0        0
  MONTH TO DATE    0                         0      0        0
  SINCE MAR 1      0                         0      0        0
  SINCE JAN 1      0                         0      0        0
..................................................................


WIND (MPH)
  HIGHEST WIND SPEED    16   HIGHEST WIND DIRECTION     W (280)
  HIGHEST GUST SPEED    22   HIGHEST GUST DIRECTION     W (260)
  AVERAGE WIND SPEED     6.0


SKY COVER
  POSSIBLE SUNSHINE  MM
  AVERAGE SKY COVER 0.3


WEATHER CONDITIONS
 THE FOLLOWING WEATHER WAS RECORDED YESTERDAY.
  LIGHT SNOW


RELATIVE HUMIDITY (PERCENT)
 HIGHEST    81           300 AM
 LOWEST     37           300 PM
 AVERAGE    59

..........................................................


THE ROCKFORD IL CLIMATE NORMALS FOR TODAY
                         NORMAL    RECORD    YEAR
 MAXIMUM TEMPERATURE (F)   61        86      2002
                                             1977
 MINIMUM TEMPERATURE (F)   38        19      1949


SUNRISE AND SUNSET
APRIL 16 2014.........SUNRISE   614 AM CDT   SUNSET   739 PM CDT
APRIL 17 2014.........SUNRISE   613 AM CDT   SUNSET   740 PM CDT


-  INDICATES NEGATIVE NUMBERS.
R  INDICATES RECORD WAS SET OR TIED.
MM INDICATES DATA IS MISSING.
T  INDICATES TRACE AMOUNT.




$$
