000
CDUS43 KLOT 072142
CLIRFD


CLIMATE REPORT
NATIONAL WEATHER SERVICE CHICAGO IL
441 PM CDT MON JUL 7 2014


...................................

...THE ROCKFORD IL CLIMATE SUMMARY FOR JULY 7 2014...
VALID TODAY AS OF 0400 PM LOCAL TIME.

CLIMATE NORMAL PERIOD 1981 TO 2010
CLIMATE RECORD PERIOD 1905 TO 2014


WEATHER ITEM   OBSERVED TIME   RECORD YEAR NORMAL DEPARTURE LAST
                VALUE   (LST)  VALUE       VALUE  FROM      YEAR
                                                  NORMAL
..................................................................
TEMPERATURE (F)
 TODAY
  MAXIMUM         85    257 PM 105    2012  85      0       89
                                      1936
  MINIMUM         71    502 AM  47    1984  63      8       69
  AVERAGE         78                        74      4       79

PRECIPITATION (IN)
  TODAY            0.00          2.70 1912   0.13  -0.13     0.00
  MONTH TO DATE    0.47                      0.87  -0.40      T
  SINCE JUN 1      8.53                      5.52   3.01     7.72
  SINCE JAN 1     18.50                     17.99   0.51    27.16

SNOWFALL (IN)
  TODAY            0.0           0.0    MM   0.0    0.0      0.0
  MONTH TO DATE    0.0                       0.0    0.0      0.0
  SINCE JUN 1      0.0                       0.0    0.0      0.0
  SINCE JUL 1      0.0                       0.0    0.0      0.0

DEGREE DAYS
 HEATING
  TODAY            0                         0      0        0
  MONTH TO DATE    3                         0      3        0
  SINCE JUN 1     14                        31    -17       34
  SINCE JUL 1      3                         0      3        0

 COOLING
  TODAY           13                         9      4       14
  MONTH TO DATE   33                        63    -30       41
  SINCE JUN 1    228                       238    -10      210
  SINCE JAN 1    311                       293     18      302
..................................................................


WIND (MPH)
  HIGHEST WIND SPEED    13   HIGHEST WIND DIRECTION    NW (310)
  HIGHEST GUST SPEED    18   HIGHEST GUST DIRECTION     W (290)
  AVERAGE WIND SPEED     6.8


SKY COVER
  POSSIBLE SUNSHINE  MM
  AVERAGE SKY COVER 0.5


WEATHER CONDITIONS
 THE FOLLOWING WEATHER WAS RECORDED TODAY.
  FOG


RELATIVE HUMIDITY (PERCENT)
 HIGHEST    93           200 AM
 LOWEST     44           100 PM
 AVERAGE    69

..........................................................


THE ROCKFORD IL CLIMATE NORMALS FOR TOMORROW
                         NORMAL    RECORD    YEAR
 MAXIMUM TEMPERATURE (F)   85       104      1936
 MINIMUM TEMPERATURE (F)   63        46      1927


SUNRISE AND SUNSET
JULY  7 2014..........SUNRISE   528 AM CDT   SUNSET   835 PM CDT
JULY  8 2014..........SUNRISE   528 AM CDT   SUNSET   834 PM CDT


-  INDICATES NEGATIVE NUMBERS.
R  INDICATES RECORD WAS SET OR TIED.
MM INDICATES DATA IS MISSING.
T  INDICATES TRACE AMOUNT.




$$
