000
CDUS43 KLOT 280634
CLIRFD


CLIMATE REPORT
NATIONAL WEATHER SERVICE CHICAGO IL
134 AM CDT TUE JUL 28 2015


...................................

...THE ROCKFORD IL CLIMATE SUMMARY FOR JULY 27 2015...

CLIMATE NORMAL PERIOD 1981 TO 2010
CLIMATE RECORD PERIOD 1905 TO 2015


WEATHER ITEM   OBSERVED TIME   RECORD YEAR NORMAL DEPARTURE LAST
                VALUE   (LST)  VALUE       VALUE  FROM      YEAR
                                                  NORMAL
..................................................................
TEMPERATURE (F)
 YESTERDAY
  MAXIMUM         90    153 PM 103    1955  84      6       82
  MINIMUM         65    404 AM  46    1937  63      2       65
  AVERAGE         78                        73      5       74

PRECIPITATION (IN)
  YESTERDAY        0.00          1.73 1979   0.13  -0.13     0.00
  MONTH TO DATE    3.50                      3.41   0.09     2.46
  SINCE JUN 1      8.14                      8.06   0.08    10.52
  SINCE JAN 1     19.33                     20.53  -1.20    20.49

SNOWFALL (IN)
  YESTERDAY        0.0           0.0    MM   0.0    0.0      0.0
  MONTH TO DATE    0.0                       0.0    0.0      0.0
  SINCE JUN 1      0.0                       0.0    0.0      0.0
  SINCE JUL 1      0.0                       0.0    0.0      0.0
  SNOW DEPTH       0

DEGREE DAYS
 HEATING
  YESTERDAY        0                         0      0        0
  MONTH TO DATE    5                         0      5       10
  SINCE JUN 1     21                        31    -10       21
  SINCE JUL 1      5                         0      5       10

 COOLING
  YESTERDAY       13                         8      5        9
  MONTH TO DATE  197                       242    -45      134
  SINCE JUN 1    349                       417    -68      329
  SINCE JAN 1    409                       472    -63      412
..................................................................


WIND (MPH)
  HIGHEST WIND SPEED    14   HIGHEST WIND DIRECTION    SE (150)
  HIGHEST GUST SPEED    20   HIGHEST GUST DIRECTION    SE (130)
  AVERAGE WIND SPEED     6.0


SKY COVER
  POSSIBLE SUNSHINE  MM
  AVERAGE SKY COVER 0.6


WEATHER CONDITIONS
 THE FOLLOWING WEATHER WAS RECORDED YESTERDAY.
  NO SIGNIFICANT WEATHER WAS OBSERVED.


RELATIVE HUMIDITY (PERCENT)
 HIGHEST    81           500 AM
 LOWEST     46           400 PM
 AVERAGE    64

..........................................................


THE ROCKFORD IL CLIMATE NORMALS FOR TODAY
                         NORMAL    RECORD    YEAR
 MAXIMUM TEMPERATURE (F)   84       103      1916
 MINIMUM TEMPERATURE (F)   63        46      1925


SUNRISE AND SUNSET
JULY 28 2015..........SUNRISE   545 AM CDT   SUNSET   820 PM CDT
JULY 29 2015..........SUNRISE   546 AM CDT   SUNSET   819 PM CDT


-  INDICATES NEGATIVE NUMBERS.
R  INDICATES RECORD WAS SET OR TIED.
MM INDICATES DATA IS MISSING.
T  INDICATES TRACE AMOUNT.




$$
