000
CDUS43 KLOT 222237
CLIRFD


CLIMATE REPORT
NATIONAL WEATHER SERVICE CHICAGO IL
436 PM CST THU JAN 22 2015


...................................

...THE ROCKFORD IL CLIMATE SUMMARY FOR JANUARY 22 2015...
VALID TODAY AS OF 0400 PM LOCAL TIME.

CLIMATE NORMAL PERIOD 1981 TO 2010
CLIMATE RECORD PERIOD 1905 TO 2015


WEATHER ITEM   OBSERVED TIME   RECORD YEAR NORMAL DEPARTURE LAST
                VALUE   (LST)  VALUE       VALUE  FROM      YEAR
                                                  NORMAL
..................................................................
TEMPERATURE (F)
 TODAY
  MAXIMUM         32    214 PM  55    1964  29      3       14
  MINIMUM         27   1122 AM -21    1936  13     14       -2
  AVERAGE         30                        21      9        6

PRECIPITATION (IN)
  TODAY            T             2.07 1965   0.04  -0.04     0.02
  MONTH TO DATE    0.86                      1.00  -0.14     1.65
  SINCE DEC 1      1.79                      2.98  -1.19     3.34
  SINCE JAN 1      0.86                      1.00  -0.14     1.65

SNOWFALL (IN)
  TODAY            T             3.3  2008   0.3   -0.3      0.4
  MONTH TO DATE    7.4                       7.3    0.1     11.3
  SINCE DEC 1      7.5                      18.6  -11.1     29.0
  SINCE JUL 1     11.1                      20.4   -9.3     30.0

DEGREE DAYS
 HEATING
  TODAY           35                        44     -9       59
  MONTH TO DATE 1022                       962     60     1129
  SINCE DEC 1   2085                      2188   -103     2534
  SINCE JUL 1   3632                      3523    109     3917

 COOLING
  TODAY            0                         0      0        0
  MONTH TO DATE    0                         0      0        0
  SINCE DEC 1      0                         0      0        0
  SINCE JAN 1      0                         0      0        0
..................................................................


WIND (MPH)
  HIGHEST WIND SPEED    10   HIGHEST WIND DIRECTION     W (260)
  HIGHEST GUST SPEED    13   HIGHEST GUST DIRECTION     W (270)
  AVERAGE WIND SPEED     3.9


SKY COVER
  POSSIBLE SUNSHINE  MM
  AVERAGE SKY COVER 1.0


WEATHER CONDITIONS
 THE FOLLOWING WEATHER WAS RECORDED TODAY.
  LIGHT SNOW
  FOG
  HAZE


RELATIVE HUMIDITY (PERCENT)
 HIGHEST    85          1200 AM
 LOWEST     72          1000 AM
 AVERAGE    79

..........................................................


THE ROCKFORD IL CLIMATE NORMALS FOR TOMORROW
                         NORMAL    RECORD    YEAR
 MAXIMUM TEMPERATURE (F)   30        55      1909
 MINIMUM TEMPERATURE (F)   13       -24      1936


SUNRISE AND SUNSET
JANUARY 22 2015.......SUNRISE   718 AM CST   SUNSET   458 PM CST
JANUARY 23 2015.......SUNRISE   718 AM CST   SUNSET   459 PM CST


-  INDICATES NEGATIVE NUMBERS.
R  INDICATES RECORD WAS SET OR TIED.
MM INDICATES DATA IS MISSING.
T  INDICATES TRACE AMOUNT.




$$
