000
CDUS43 KLOT 230631
CLIRFD


CLIMATE REPORT
NATIONAL WEATHER SERVICE CHICAGO IL
131 AM CDT TUE AUG 23 2016


...................................

...THE ROCKFORD IL CLIMATE SUMMARY FOR AUGUST 22 2016...

CLIMATE NORMAL PERIOD 1981 TO 2010
CLIMATE RECORD PERIOD 1905 TO 2016


WEATHER ITEM   OBSERVED TIME   RECORD YEAR NORMAL DEPARTURE LAST
                VALUE   (LST)  VALUE       VALUE  FROM      YEAR
                                                  NORMAL
..................................................................
TEMPERATURE (F)
 YESTERDAY
  MAXIMUM         77    408 PM 101    1936  82     -5       81
  MINIMUM         52    428 AM  41    1923  61     -9       59
  AVERAGE         65                        71     -6       70

PRECIPITATION (IN)
  YESTERDAY        0.00          2.95 2002   0.14  -0.14     0.00
  MONTH TO DATE    2.44                      3.33  -0.89     3.56
  SINCE JUN 1     12.50                     11.93   0.57    11.70
  SINCE JAN 1     24.06                     24.40  -0.34    22.89

SNOWFALL (IN)
  YESTERDAY        0.0           0.0    MM   0.0    0.0      0.0
  MONTH TO DATE    0.0                       0.0    0.0      0.0
  SINCE JUN 1      0.0                       0.0    0.0      0.0
  SINCE JUL 1      0.0                       0.0    0.0      0.0
  SNOW DEPTH       0

DEGREE DAYS
 HEATING
  YESTERDAY        0                         0      0        0
  MONTH TO DATE    0                         0      0        0
  SINCE JUN 1      6                        34    -28       21
  SINCE JUL 1      0                         3     -3        5

 COOLING
  YESTERDAY        0                         7     -7        5
  MONTH TO DATE  217                       168     49      185
  SINCE JUN 1    747                       617    130      578
  SINCE JAN 1    832                       672    160      638
..................................................................


WIND (MPH)
  HIGHEST WIND SPEED    15   HIGHEST WIND DIRECTION     S (190)
  HIGHEST GUST SPEED    18   HIGHEST GUST DIRECTION     S (180)
  AVERAGE WIND SPEED     5.9


SKY COVER
  POSSIBLE SUNSHINE  MM
  AVERAGE SKY COVER 0.1


WEATHER CONDITIONS
 THE FOLLOWING WEATHER WAS RECORDED YESTERDAY.
  NO SIGNIFICANT WEATHER WAS OBSERVED.


RELATIVE HUMIDITY (PERCENT)
 HIGHEST    93           100 AM
 LOWEST     47           300 PM
 AVERAGE    70

..........................................................


THE ROCKFORD IL CLIMATE NORMALS FOR TODAY
                         NORMAL    RECORD    YEAR
 MAXIMUM TEMPERATURE (F)   82       101      1947
 MINIMUM TEMPERATURE (F)   61        42      1920


SUNRISE AND SUNSET
AUGUST 23 2016........SUNRISE   613 AM CDT   SUNSET   744 PM CDT
AUGUST 24 2016........SUNRISE   614 AM CDT   SUNSET   743 PM CDT


-  INDICATES NEGATIVE NUMBERS.
R  INDICATES RECORD WAS SET OR TIED.
MM INDICATES DATA IS MISSING.
T  INDICATES TRACE AMOUNT.




$$
