000
CDUS43 KLOT 270634
CLIRFD


CLIMATE REPORT
NATIONAL WEATHER SERVICE CHICAGO IL
1233 AM CST TUE JAN 27 2015


...................................

...THE ROCKFORD IL CLIMATE SUMMARY FOR JANUARY 26 2015...

CLIMATE NORMAL PERIOD 1981 TO 2010
CLIMATE RECORD PERIOD 1905 TO 2015


WEATHER ITEM   OBSERVED TIME   RECORD YEAR NORMAL DEPARTURE LAST
                VALUE   (LST)  VALUE       VALUE  FROM      YEAR
                                                  NORMAL
..................................................................
TEMPERATURE (F)
 YESTERDAY
  MAXIMUM         27   1159 PM  61    1944  30     -3       30
  MINIMUM         12    358 AM -18    1982  14     -2        2
  AVERAGE         20                        22     -2       16

PRECIPITATION (IN)
  YESTERDAY        0.04          1.32 1974   0.04   0.00     0.27
  MONTH TO DATE    0.93                      1.16  -0.23     1.95
  SINCE DEC 1      1.86                      3.14  -1.28     3.64
  SINCE JAN 1      0.93                      1.16  -0.23     1.95

SNOWFALL (IN)
  YESTERDAY        0.4           7.5  1941   0.4    0.0      3.0
  MONTH TO DATE    8.1                       8.6   -0.5     14.8
  SINCE DEC 1      8.2                      19.9  -11.7     32.5
  SINCE JUL 1     11.8                      21.7   -9.9     33.5
  SNOW DEPTH       0

DEGREE DAYS
 HEATING
  YESTERDAY       45                        43      2       49
  MONTH TO DATE 1175                      1136     39     1345
  SINCE DEC 1   2238                      2362   -124     2750
  SINCE JUL 1   3785                      3697     88     4133

 COOLING
  YESTERDAY        0                         0      0        0
  MONTH TO DATE    0                         0      0        0
  SINCE DEC 1      0                         0      0        0
  SINCE JAN 1      0                         0      0        0
..................................................................


WIND (MPH)
  HIGHEST WIND SPEED    13   HIGHEST WIND DIRECTION     S (160)
  HIGHEST GUST SPEED    15   HIGHEST GUST DIRECTION    SE (150)
  AVERAGE WIND SPEED     5.6


SKY COVER
  POSSIBLE SUNSHINE  MM
  AVERAGE SKY COVER 0.9


WEATHER CONDITIONS
 THE FOLLOWING WEATHER WAS RECORDED YESTERDAY.
  LT FREEZING RAIN
  SNOW
  LIGHT SNOW
  FOG


RELATIVE HUMIDITY (PERCENT)
 HIGHEST    92           700 PM
 LOWEST     73           200 AM
 AVERAGE    83

..........................................................


THE ROCKFORD IL CLIMATE NORMALS FOR TODAY
                         NORMAL    RECORD    YEAR
 MAXIMUM TEMPERATURE (F)   30        61      1944
 MINIMUM TEMPERATURE (F)   14       -13      1988
                                             1976
                                             1955


SUNRISE AND SUNSET
JANUARY 27 2015.......SUNRISE   714 AM CST   SUNSET   504 PM CST
JANUARY 28 2015.......SUNRISE   714 AM CST   SUNSET   505 PM CST


-  INDICATES NEGATIVE NUMBERS.
R  INDICATES RECORD WAS SET OR TIED.
MM INDICATES DATA IS MISSING.
T  INDICATES TRACE AMOUNT.




$$
