000
CDUS43 KLOT 190637
CLIRFD


CLIMATE REPORT
NATIONAL WEATHER SERVICE CHICAGO IL
136 AM CDT TUE JUL 19 2016


...................................

...THE ROCKFORD IL CLIMATE SUMMARY FOR JULY 18 2016...

CLIMATE NORMAL PERIOD 1981 TO 2010
CLIMATE RECORD PERIOD 1905 TO 2016


WEATHER ITEM   OBSERVED TIME   RECORD YEAR NORMAL DEPARTURE LAST
                VALUE   (LST)  VALUE       VALUE  FROM      YEAR
                                                  NORMAL
..................................................................
TEMPERATURE (F)
 YESTERDAY
  MAXIMUM         87    243 PM  99    2012  85      2       90
  MINIMUM         69        MM  45    1924  63      6       74
  AVERAGE         78                        74      4       82

PRECIPITATION (IN)
  YESTERDAY        0.00          4.70 1952   0.12  -0.12     0.00
  MONTH TO DATE    1.92                      2.25  -0.33     3.46
  SINCE JUN 1      4.11                      6.90  -2.79     8.10
  SINCE JAN 1     15.67                     19.37  -3.70    19.29

SNOWFALL (IN)
  YESTERDAY        0.0           0.0    MM   0.0    0.0      0.0
  MONTH TO DATE    0.0                       0.0    0.0      0.0
  SINCE JUN 1      0.0                       0.0    0.0      0.0
  SINCE JUL 1      0.0                       0.0    0.0      0.0
  SNOW DEPTH       0

DEGREE DAYS
 HEATING
  YESTERDAY        0                         0      0        0
  MONTH TO DATE    0                         0      0        5
  SINCE JUN 1      6                        31    -25       21
  SINCE JUL 1      0                         0      0        5

 COOLING
  YESTERDAY       13                         9      4       17
  MONTH TO DATE  156                       162     -6      113
  SINCE JUN 1    372                       337     35      265
  SINCE JAN 1    457                       392     65      325
..................................................................


WIND (MPH)
  HIGHEST WIND SPEED    12   HIGHEST WIND DIRECTION     W (280)
  HIGHEST GUST SPEED    14   HIGHEST GUST DIRECTION     W (290)
  AVERAGE WIND SPEED     3.9


SKY COVER
  POSSIBLE SUNSHINE  MM
  AVERAGE SKY COVER 0.5


WEATHER CONDITIONS
 THE FOLLOWING WEATHER WAS RECORDED YESTERDAY.
  FOG


RELATIVE HUMIDITY (PERCENT)
 HIGHEST    97           500 AM
 LOWEST     44           100 PM
 AVERAGE    71

..........................................................


THE ROCKFORD IL CLIMATE NORMALS FOR TODAY
                         NORMAL    RECORD    YEAR
 MAXIMUM TEMPERATURE (F)   85       100      2011
                                             1930
 MINIMUM TEMPERATURE (F)   63        49      1909


SUNRISE AND SUNSET
JULY 19 2016..........SUNRISE   537 AM CDT   SUNSET   827 PM CDT
JULY 20 2016..........SUNRISE   538 AM CDT   SUNSET   827 PM CDT


-  INDICATES NEGATIVE NUMBERS.
R  INDICATES RECORD WAS SET OR TIED.
MM INDICATES DATA IS MISSING.
T  INDICATES TRACE AMOUNT.




$$
