000
CDUS43 KLOT 260633
CLIRFD


CLIMATE REPORT
NATIONAL WEATHER SERVICE CHICAGO IL
1232 AM CST MON JAN 26 2015


...................................

...THE ROCKFORD IL CLIMATE SUMMARY FOR JANUARY 25 2015...

CLIMATE NORMAL PERIOD 1981 TO 2010
CLIMATE RECORD PERIOD 1905 TO 2015


WEATHER ITEM   OBSERVED TIME   RECORD YEAR NORMAL DEPARTURE LAST
                VALUE   (LST)  VALUE       VALUE  FROM      YEAR
                                                  NORMAL
..................................................................
TEMPERATURE (F)
 YESTERDAY
  MAXIMUM         34    343 AM  54    1973  30      4       34
  MINIMUM         16   1159 PM -20    1936  14      2        4
  AVERAGE         25                        22      3       19

PRECIPITATION (IN)
  YESTERDAY        0.03          1.20 1950   0.04  -0.01     0.01
  MONTH TO DATE    0.89                      1.12  -0.23     1.68
  SINCE DEC 1      1.82                      3.10  -1.28     3.37
  SINCE JAN 1      0.89                      1.12  -0.23     1.68

SNOWFALL (IN)
  YESTERDAY        0.3           8.2  1990   0.3    0.0       T
  MONTH TO DATE    7.7                       8.2   -0.5     11.8
  SINCE DEC 1      7.8                      19.5  -11.7     29.5
  SINCE JUL 1     11.4                      21.3   -9.9     30.5
  SNOW DEPTH       0

DEGREE DAYS
 HEATING
  YESTERDAY       40                        43     -3       46
  MONTH TO DATE 1130                      1093     37     1296
  SINCE DEC 1   2193                      2319   -126     2701
  SINCE JUL 1   3740                      3654     86     4084

 COOLING
  YESTERDAY        0                         0      0        0
  MONTH TO DATE    0                         0      0        0
  SINCE DEC 1      0                         0      0        0
  SINCE JAN 1      0                         0      0        0
..................................................................


WIND (MPH)
  HIGHEST WIND SPEED    28   HIGHEST WIND DIRECTION    NE (30)
  HIGHEST GUST SPEED    34   HIGHEST GUST DIRECTION    NE (30)
  AVERAGE WIND SPEED    16.2


SKY COVER
  POSSIBLE SUNSHINE  MM
  AVERAGE SKY COVER 0.7


WEATHER CONDITIONS
 THE FOLLOWING WEATHER WAS RECORDED YESTERDAY.
  LIGHT SNOW
  FOG


RELATIVE HUMIDITY (PERCENT)
 HIGHEST    85           500 AM
 LOWEST     55           400 PM
 AVERAGE    70

..........................................................


THE ROCKFORD IL CLIMATE NORMALS FOR TODAY
                         NORMAL    RECORD    YEAR
 MAXIMUM TEMPERATURE (F)   30        61      1944
 MINIMUM TEMPERATURE (F)   14       -18      1982


SUNRISE AND SUNSET
JANUARY 26 2015.......SUNRISE   715 AM CST   SUNSET   503 PM CST
JANUARY 27 2015.......SUNRISE   714 AM CST   SUNSET   504 PM CST


-  INDICATES NEGATIVE NUMBERS.
R  INDICATES RECORD WAS SET OR TIED.
MM INDICATES DATA IS MISSING.
T  INDICATES TRACE AMOUNT.




$$
