000
CDUS43 KLOT 230639
CLIRFD


CLIMATE REPORT
NATIONAL WEATHER SERVICE CHICAGO IL
139 AM CDT SAT AUG 23 2014


...................................

...THE ROCKFORD IL CLIMATE SUMMARY FOR AUGUST 22 2014...

CLIMATE NORMAL PERIOD 1981 TO 2010
CLIMATE RECORD PERIOD 1905 TO 2014


WEATHER ITEM   OBSERVED TIME   RECORD YEAR NORMAL DEPARTURE LAST
                VALUE   (LST)  VALUE       VALUE  FROM      YEAR
                                                  NORMAL
..................................................................
TEMPERATURE (F)
 YESTERDAY
  MAXIMUM         85    237 PM 101    1936  82      3       75
  MINIMUM         73    626 AM  41    1923  61     12       64
  AVERAGE         79                        71      8       70

PRECIPITATION (IN)
  YESTERDAY        0.00          2.95 2002   0.14  -0.14     1.39
  MONTH TO DATE    4.13                      3.33   0.80     2.72
  SINCE JUN 1     14.65                     11.93   2.72    12.36
  SINCE JAN 1     24.62                     24.40   0.22    31.80

SNOWFALL (IN)
  YESTERDAY        0.0           0.0    MM   0.0    0.0      0.0
  MONTH TO DATE    T                         0.0    0.0      0.0
  SINCE JUN 1      T                         0.0    0.0      0.0
  SINCE JUL 1      T                         0.0    0.0      0.0
  SNOW DEPTH       0

DEGREE DAYS
 HEATING
  YESTERDAY        0                         0      0        0
  MONTH TO DATE    0                         0      0        2
  SINCE JUN 1     21                        34    -13       45
  SINCE JUL 1     10                         3      7       11

 COOLING
  YESTERDAY       14                         7      7        5
  MONTH TO DATE  150                       168    -18      124
  SINCE JUN 1    492                       617   -125      549
  SINCE JAN 1    575                       672    -97      641
..................................................................


WIND (MPH)
  HIGHEST WIND SPEED    16   HIGHEST WIND DIRECTION    SW (210)
  HIGHEST GUST SPEED    20   HIGHEST GUST DIRECTION     S (200)
  AVERAGE WIND SPEED     5.4


SKY COVER
  POSSIBLE SUNSHINE  MM
  AVERAGE SKY COVER 0.8


WEATHER CONDITIONS
 THE FOLLOWING WEATHER WAS RECORDED YESTERDAY.
  FOG


RELATIVE HUMIDITY (PERCENT)
 HIGHEST    94           900 PM
 LOWEST     74          1100 AM
 AVERAGE    84

..........................................................


THE ROCKFORD IL CLIMATE NORMALS FOR TODAY
                         NORMAL    RECORD    YEAR
 MAXIMUM TEMPERATURE (F)   82       101      1947
 MINIMUM TEMPERATURE (F)   61        42      1920


SUNRISE AND SUNSET
AUGUST 23 2014........SUNRISE   612 AM CDT   SUNSET   745 PM CDT
AUGUST 24 2014........SUNRISE   613 AM CDT   SUNSET   743 PM CDT


-  INDICATES NEGATIVE NUMBERS.
R  INDICATES RECORD WAS SET OR TIED.
MM INDICATES DATA IS MISSING.
T  INDICATES TRACE AMOUNT.




$$
