000
CDUS43 KLOT 142150
CLIRFD


CLIMATE REPORT
NATIONAL WEATHER SERVICE CHICAGO IL
450 PM CDT WED JUN 14 2017


...................................

...THE ROCKFORD IL CLIMATE SUMMARY FOR JUNE 14 2017...
VALID TODAY AS OF 0400 PM LOCAL TIME.

CLIMATE NORMAL PERIOD 1981 TO 2010
CLIMATE RECORD PERIOD 1905 TO 2017


WEATHER ITEM   OBSERVED TIME   RECORD YEAR NORMAL DEPARTURE LAST
                VALUE   (LST)  VALUE       VALUE  FROM      YEAR
                                                  NORMAL
..................................................................
TEMPERATURE (F)
 TODAY
  MAXIMUM         92    134 PM  98    1987  81     11       90
  MINIMUM         70    425 AM  40    1933  58     12       66
  AVERAGE         81                        70     11       78

PRECIPITATION (IN)
  TODAY            0.13          4.67 1926   0.16  -0.03     1.17
  MONTH TO DATE    1.15                      2.27  -1.12     1.73
  SINCE JUN 1      1.15                      2.27  -1.12     1.73
  SINCE JAN 1     20.00                     14.74   5.26    13.29

SNOWFALL (IN)
  TODAY            0.0           0.0    MM   0.0    0.0      0.0
  MONTH TO DATE    0.0                       0.0    0.0      0.0
  SINCE JUN 1      0.0                       0.0    0.0      0.0
  SINCE JUL 1     22.1                      36.7  -14.6     24.0

DEGREE DAYS
 HEATING
  TODAY            0                         1     -1        0
  MONTH TO DATE    2                        23    -21        6
  SINCE JUN 1      2                        23    -21        6
  SINCE JUL 1   5454                      6561  -1107     5541

 COOLING
  TODAY           16                         6     10       13
  MONTH TO DATE  120                        59     61       78
  SINCE JUN 1    120                        59     61       78
  SINCE JAN 1    156                       114     42      163
..................................................................


WIND (MPH)
  HIGHEST WIND SPEED    33   HIGHEST WIND DIRECTION     S (180)
  HIGHEST GUST SPEED    39   HIGHEST GUST DIRECTION     S (180)
  AVERAGE WIND SPEED     8.3


SKY COVER
  POSSIBLE SUNSHINE  MM
  AVERAGE SKY COVER 0.7


WEATHER CONDITIONS
 THE FOLLOWING WEATHER WAS RECORDED TODAY.
  THUNDERSTORM
  LIGHT RAIN


RELATIVE HUMIDITY (PERCENT)
 HIGHEST    84           200 AM
 LOWEST     55          1100 AM
 AVERAGE    70

..........................................................


THE ROCKFORD IL CLIMATE NORMALS FOR TOMORROW
                         NORMAL    RECORD    YEAR
 MAXIMUM TEMPERATURE (F)   81        95      1994
 MINIMUM TEMPERATURE (F)   59        39      1927


SUNRISE AND SUNSET
JUNE 14 2017..........SUNRISE   520 AM CDT   SUNSET   834 PM CDT
JUNE 15 2017..........SUNRISE   520 AM CDT   SUNSET   835 PM CDT


-  INDICATES NEGATIVE NUMBERS.
R  INDICATES RECORD WAS SET OR TIED.
MM INDICATES DATA IS MISSING.
T  INDICATES TRACE AMOUNT.




$$
