000
CDUS43 KLOT 200634
CLIRFD


CLIMATE REPORT
NATIONAL WEATHER SERVICE CHICAGO IL
133 AM CDT SUN JUL 20 2014


...................................

...THE ROCKFORD IL CLIMATE SUMMARY FOR JULY 19 2014...

CLIMATE NORMAL PERIOD 1981 TO 2010
CLIMATE RECORD PERIOD 1905 TO 2014


WEATHER ITEM   OBSERVED TIME   RECORD YEAR NORMAL DEPARTURE LAST
                VALUE   (LST)  VALUE       VALUE  FROM      YEAR
                                                  NORMAL
..................................................................
TEMPERATURE (F)
 YESTERDAY
  MAXIMUM         78    325 PM 100    2011  85     -7       93
                                      1930
  MINIMUM         56    416 AM  49    1909  63     -7       74
  AVERAGE         67                        74     -7       84

PRECIPITATION (IN)
  YESTERDAY        0.00          2.72 1952   0.12  -0.12      T
  MONTH TO DATE    2.44                      2.37   0.07     1.01
  SINCE JUN 1     10.50                      7.02   3.48     8.73
  SINCE JAN 1     20.47                     19.49   0.98    28.17

SNOWFALL (IN)
  YESTERDAY        0.0           0.0    MM   0.0    0.0      0.0
  MONTH TO DATE    0.0                       0.0    0.0      0.0
  SINCE JUN 1      0.0                       0.0    0.0      0.0
  SINCE JUL 1      0.0                       0.0    0.0      0.0
  SNOW DEPTH       0

DEGREE DAYS
 HEATING
  YESTERDAY        0                         0      0        0
  MONTH TO DATE    9                         0      9        0
  SINCE JUN 1     20                        31    -11       34
  SINCE JUL 1      9                         0      9        0

 COOLING
  YESTERDAY        2                         9     -7       19
  MONTH TO DATE   79                       171    -92      201
  SINCE JUN 1    274                       346    -72      370
  SINCE JAN 1    357                       401    -44      462
..................................................................


WIND (MPH)
  HIGHEST WIND SPEED    12   HIGHEST WIND DIRECTION     S (200)
  HIGHEST GUST SPEED    15   HIGHEST GUST DIRECTION     S (160)
  AVERAGE WIND SPEED     3.6


SKY COVER
  POSSIBLE SUNSHINE  MM
  AVERAGE SKY COVER 0.4


WEATHER CONDITIONS
 THE FOLLOWING WEATHER WAS RECORDED YESTERDAY.
  NO SIGNIFICANT WEATHER WAS OBSERVED.


RELATIVE HUMIDITY (PERCENT)
 HIGHEST    90          1100 PM
 LOWEST     47          1200 PM
 AVERAGE    69

..........................................................


THE ROCKFORD IL CLIMATE NORMALS FOR TODAY
                         NORMAL    RECORD    YEAR
 MAXIMUM TEMPERATURE (F)   85       102      1930
 MINIMUM TEMPERATURE (F)   63        49      1927


SUNRISE AND SUNSET
JULY 20 2014..........SUNRISE   538 AM CDT   SUNSET   827 PM CDT
JULY 21 2014..........SUNRISE   539 AM CDT   SUNSET   826 PM CDT


-  INDICATES NEGATIVE NUMBERS.
R  INDICATES RECORD WAS SET OR TIED.
MM INDICATES DATA IS MISSING.
T  INDICATES TRACE AMOUNT.




$$
