000
CDUS43 KLOT 110641
CLIRFD


CLIMATE REPORT
NATIONAL WEATHER SERVICE CHICAGO IL
140 AM CDT FRI APR 11 2014


...................................

...THE ROCKFORD IL CLIMATE SUMMARY FOR APRIL 10 2014...

CLIMATE NORMAL PERIOD 1981 TO 2010
CLIMATE RECORD PERIOD 1905 TO 2014


WEATHER ITEM   OBSERVED TIME   RECORD YEAR NORMAL DEPARTURE LAST
                VALUE   (LST)  VALUE       VALUE  FROM      YEAR
                                                  NORMAL
..................................................................
TEMPERATURE (F)
 YESTERDAY
  MAXIMUM         68    213 PM  93    1930  59      9       42
  MINIMUM         45    429 AM  18    1989  36      9       35
  AVERAGE         57                        47     10       39

PRECIPITATION (IN)
  YESTERDAY        0.00          1.48 2008   0.12  -0.12     1.39
  MONTH TO DATE    0.03                      1.09  -1.06     2.44
  SINCE MAR 1      1.06                      3.41  -2.35     4.73
  SINCE JAN 1      4.80                      6.19  -1.39    10.80

SNOWFALL (IN)
  YESTERDAY        0.0           1.5  1923   0.0    0.0      0.0
  MONTH TO DATE    0.0                       0.5   -0.5      0.0
  SINCE MAR 1      9.1                       5.3    3.8     13.9
  SINCE JUL 1     56.6                      36.3   20.3     40.5
  SNOW DEPTH       0

DEGREE DAYS
 HEATING
  YESTERDAY        8                        18    -10       26
  MONTH TO DATE  198                       196      2      220
  SINCE MAR 1   1290                      1058    232     1312
  SINCE JUL 1   7182                      6060   1122     6049

 COOLING
  YESTERDAY        0                         0      0        0
  MONTH TO DATE    0                         0      0        0
  SINCE MAR 1      0                         0      0        0
  SINCE JAN 1      0                         0      0        0
..................................................................


WIND (MPH)
  HIGHEST WIND SPEED    21   HIGHEST WIND DIRECTION    NW (300)
  HIGHEST GUST SPEED    30   HIGHEST GUST DIRECTION     W (290)
  AVERAGE WIND SPEED    10.9


SKY COVER
  POSSIBLE SUNSHINE  MM
  AVERAGE SKY COVER 0.6


WEATHER CONDITIONS
 THE FOLLOWING WEATHER WAS RECORDED YESTERDAY.
  HAZE


RELATIVE HUMIDITY (PERCENT)
 HIGHEST    60          1200 AM
 LOWEST     15           300 PM
 AVERAGE    38

..........................................................


THE ROCKFORD IL CLIMATE NORMALS FOR TODAY
                         NORMAL    RECORD    YEAR
 MAXIMUM TEMPERATURE (F)   59        88      1930
 MINIMUM TEMPERATURE (F)   37        19      1973


SUNRISE AND SUNSET
APRIL 11 2014.........SUNRISE   622 AM CDT   SUNSET   733 PM CDT
APRIL 12 2014.........SUNRISE   620 AM CDT   SUNSET   734 PM CDT


-  INDICATES NEGATIVE NUMBERS.
R  INDICATES RECORD WAS SET OR TIED.
MM INDICATES DATA IS MISSING.
T  INDICATES TRACE AMOUNT.




$$

BMD
