000
CDUS43 KLOT 260639
CLIRFD


CLIMATE REPORT
NATIONAL WEATHER SERVICE CHICAGO IL
138 AM CDT THU MAR 26 2015


...................................

...THE ROCKFORD IL CLIMATE SUMMARY FOR MARCH 25 2015...

CLIMATE NORMAL PERIOD 1981 TO 2010
CLIMATE RECORD PERIOD 1905 TO 2015


WEATHER ITEM   OBSERVED TIME   RECORD YEAR NORMAL DEPARTURE LAST
                VALUE   (LST)  VALUE       VALUE  FROM      YEAR
                                                  NORMAL
..................................................................
TEMPERATURE (F)
 YESTERDAY
  MAXIMUM         43    447 PM  79    2007  51     -8       29
  MINIMUM         34   1130 PM   5    1960  31      3       17
  AVERAGE         39                        41     -2       23

PRECIPITATION (IN)
  YESTERDAY        0.29          2.01 1920   0.08   0.21      T
  MONTH TO DATE    1.24                      1.77  -0.53     0.72
  SINCE MAR 1      1.24                      1.77  -0.53     0.72
  SINCE JAN 1      3.16                      4.55  -1.39     4.46

SNOWFALL (IN)
  YESTERDAY        0.0           6.0  1933   0.1   -0.1       T
  MONTH TO DATE    7.6                       4.2    3.4      9.1
  SINCE MAR 1      7.6                       4.2    3.4      9.1
  SINCE JUL 1     35.5                      35.2    0.3     56.6
  SNOW DEPTH       2

DEGREE DAYS
 HEATING
  YESTERDAY       26                        24      2       42
  MONTH TO DATE  775                       727     48      944
  SINCE MAR 1    775                       727     48      944
  SINCE JUL 1   6221                      5729    492     6836

 COOLING
  YESTERDAY        0                         0      0        0
  MONTH TO DATE    0                         0      0        0
  SINCE MAR 1      0                         0      0        0
  SINCE JAN 1      0                         0      0        0
..................................................................


WIND (MPH)
  HIGHEST WIND SPEED    20   HIGHEST WIND DIRECTION     W (250)
  HIGHEST GUST SPEED    25   HIGHEST GUST DIRECTION     W (250)
  AVERAGE WIND SPEED    10.0


SKY COVER
  POSSIBLE SUNSHINE  MM
  AVERAGE SKY COVER 0.9


WEATHER CONDITIONS
 THE FOLLOWING WEATHER WAS RECORDED YESTERDAY.
  HEAVY RAIN
  RAIN
  LIGHT RAIN
  FOG
  HAZE


RELATIVE HUMIDITY (PERCENT)
 HIGHEST    96           600 AM
 LOWEST     70           500 PM
 AVERAGE    83

..........................................................


THE ROCKFORD IL CLIMATE NORMALS FOR TODAY
                         NORMAL    RECORD    YEAR
 MAXIMUM TEMPERATURE (F)   52        81      1907
 MINIMUM TEMPERATURE (F)   31         5      1960


SUNRISE AND SUNSET
MARCH 26 2015.........SUNRISE   650 AM CDT   SUNSET   715 PM CDT
MARCH 27 2015.........SUNRISE   648 AM CDT   SUNSET   716 PM CDT


-  INDICATES NEGATIVE NUMBERS.
R  INDICATES RECORD WAS SET OR TIED.
MM INDICATES DATA IS MISSING.
T  INDICATES TRACE AMOUNT.




$$
