000
CDUS43 KLOT 260635
CLIRFD


CLIMATE REPORT
NATIONAL WEATHER SERVICE CHICAGO IL
134 AM CDT SAT JUL 26 2014


...................................

...THE ROCKFORD IL CLIMATE SUMMARY FOR JULY 25 2014...

CLIMATE NORMAL PERIOD 1981 TO 2010
CLIMATE RECORD PERIOD 1905 TO 2014


WEATHER ITEM   OBSERVED TIME   RECORD YEAR NORMAL DEPARTURE LAST
                VALUE   (LST)  VALUE       VALUE  FROM      YEAR
                                                  NORMAL
..................................................................
TEMPERATURE (F)
 YESTERDAY
  MAXIMUM         71    543 PM 105    1934  84    -13       81
  MINIMUM         57    308 AM  47    1920  63     -6       54
  AVERAGE         64                        74    -10       68

PRECIPITATION (IN)
  YESTERDAY        0.02          1.40 1989   0.13  -0.11     0.00
  MONTH TO DATE    2.46                      3.15  -0.69     1.19
  SINCE JUN 1     10.52                      7.80   2.72     8.91
  SINCE JAN 1     20.49                     20.27   0.22    28.35

SNOWFALL (IN)
  YESTERDAY        0.0           0.0    MM   0.0    0.0      0.0
  MONTH TO DATE    0.0                       0.0    0.0      0.0
  SINCE JUN 1      0.0                       0.0    0.0      0.0
  SINCE JUL 1      0.0                       0.0    0.0      0.0
  SNOW DEPTH       0

DEGREE DAYS
 HEATING
  YESTERDAY        1                         0      1        0
  MONTH TO DATE   10                         0     10        0
  SINCE JUN 1     21                        31    -10       34
  SINCE JUL 1     10                         0     10        0

 COOLING
  YESTERDAY        0                         9     -9        3
  MONTH TO DATE  114                       225   -111      247
  SINCE JUN 1    309                       400    -91      416
  SINCE JAN 1    392                       455    -63      508
..................................................................


WIND (MPH)
  HIGHEST WIND SPEED    29   HIGHEST WIND DIRECTION    SE (140)
  HIGHEST GUST SPEED    38   HIGHEST GUST DIRECTION    SE (140)
  AVERAGE WIND SPEED     9.2


SKY COVER
  POSSIBLE SUNSHINE  MM
  AVERAGE SKY COVER 0.9


WEATHER CONDITIONS
 THE FOLLOWING WEATHER WAS RECORDED YESTERDAY.
  LIGHT RAIN


RELATIVE HUMIDITY (PERCENT)
 HIGHEST    84           700 AM
 LOWEST     66          1100 AM
 AVERAGE    75

..........................................................


THE ROCKFORD IL CLIMATE NORMALS FOR TODAY
                         NORMAL    RECORD    YEAR
 MAXIMUM TEMPERATURE (F)   84       103      1936
 MINIMUM TEMPERATURE (F)   63        49      1920
                                             1911


SUNRISE AND SUNSET
JULY 26 2014..........SUNRISE   543 AM CDT   SUNSET   822 PM CDT
JULY 27 2014..........SUNRISE   544 AM CDT   SUNSET   821 PM CDT


-  INDICATES NEGATIVE NUMBERS.
R  INDICATES RECORD WAS SET OR TIED.
MM INDICATES DATA IS MISSING.
T  INDICATES TRACE AMOUNT.




$$
