000
CDUS43 KLOT 242147
CLIRFD


CLIMATE REPORT
NATIONAL WEATHER SERVICE CHICAGO IL
445 PM CDT WED SEP 24 2014


...................................

...THE ROCKFORD IL CLIMATE SUMMARY FOR SEPTEMBER 24 2014...
VALID TODAY AS OF 0400 PM LOCAL TIME.

CLIMATE NORMAL PERIOD 1981 TO 2010
CLIMATE RECORD PERIOD 1905 TO 2014


WEATHER ITEM   OBSERVED TIME   RECORD YEAR NORMAL DEPARTURE LAST
                VALUE   (LST)  VALUE       VALUE  FROM      YEAR
                                                  NORMAL
..................................................................
TEMPERATURE (F)
 TODAY
  MAXIMUM         75    247 PM  92    2007  72      3       74
                                      1920
  MINIMUM         50    514 AM  28    1976  49      1       49
  AVERAGE         63                        60      3       62

PRECIPITATION (IN)
  TODAY            0.00          3.26 1986   0.11  -0.11     0.00
  MONTH TO DATE    2.00                      2.73  -0.73     1.54
  SINCE SEP 1      2.00                      2.73  -0.73     1.54
  SINCE JAN 1     28.25                     28.39  -0.14    33.54

SNOWFALL (IN)
  TODAY            0.0           0.0    MM   0.0    0.0      0.0
  MONTH TO DATE    0.0                       0.0    0.0      0.0
  SINCE SEP 1      0.0                       0.0    0.0      0.0
  SINCE JUL 1      T                         0.0    0.0      0.0

DEGREE DAYS
 HEATING
  TODAY            2                         6     -4        3
  MONTH TO DATE  120                        72     48       58
  SINCE SEP 1    120                        72     48       58
  SINCE JUL 1    130                        86     44       69

 COOLING
  TODAY            0                         1     -1        0
  MONTH TO DATE   52                        78    -26      119
  SINCE SEP 1     52                        78    -26      119
  SINCE JAN 1    708                       805    -97      868
..................................................................


WIND (MPH)
  HIGHEST WIND SPEED    15   HIGHEST WIND DIRECTION     S (170)
  HIGHEST GUST SPEED    17   HIGHEST GUST DIRECTION    SE (150)
  AVERAGE WIND SPEED     5.8


SKY COVER
  POSSIBLE SUNSHINE  MM
  AVERAGE SKY COVER 0.7


WEATHER CONDITIONS
 THE FOLLOWING WEATHER WAS RECORDED TODAY.
  NO SIGNIFICANT WEATHER WAS OBSERVED.


RELATIVE HUMIDITY (PERCENT)
 HIGHEST    89           500 AM
 LOWEST     38           200 PM
 AVERAGE    64

..........................................................


THE ROCKFORD IL CLIMATE NORMALS FOR TOMORROW
                         NORMAL    RECORD    YEAR
 MAXIMUM TEMPERATURE (F)   72        95      1920
 MINIMUM TEMPERATURE (F)   48        27      1942


SUNRISE AND SUNSET
SEPTEMBER 24 2014.....SUNRISE   646 AM CDT   SUNSET   650 PM CDT
SEPTEMBER 25 2014.....SUNRISE   647 AM CDT   SUNSET   648 PM CDT


-  INDICATES NEGATIVE NUMBERS.
R  INDICATES RECORD WAS SET OR TIED.
MM INDICATES DATA IS MISSING.
T  INDICATES TRACE AMOUNT.




$$
