994
CDUS43 KLOT 060643
CLIRFD


CLIMATE REPORT
NATIONAL WEATHER SERVICE CHICAGO IL
1242 AM CST SAT FEB 6 2016


...................................

...THE ROCKFORD IL CLIMATE SUMMARY FOR FEBRUARY 5 2016...

CLIMATE NORMAL PERIOD 1981 TO 2010
CLIMATE RECORD PERIOD 1905 TO 2016


WEATHER ITEM   OBSERVED TIME   RECORD YEAR NORMAL DEPARTURE LAST
                VALUE   (LST)  VALUE       VALUE  FROM      YEAR
                                                  NORMAL
..................................................................
TEMPERATURE (F)
 YESTERDAY
  MAXIMUM         32    148 PM  56    1946  31      1       15
  MINIMUM         25    750 AM -21    1979  15     10      -11
  AVERAGE         29                        23      6        2

PRECIPITATION (IN)
  YESTERDAY        T             0.59 1953   0.04  -0.04     0.00
  MONTH TO DATE    0.40                      0.20   0.20     0.69
  SINCE DEC 1      5.93                      3.55   2.38     2.69
  SINCE JAN 1      1.28                      1.57  -0.29     1.76

SNOWFALL (IN)
  YESTERDAY        T             5.0  1924   0.3   -0.3      0.0
  MONTH TO DATE    0.3                       1.6   -1.3     11.6
  SINCE DEC 1      9.2                      23.1  -13.9     21.2
  SINCE JUL 1     18.0                      24.9   -6.9     24.8
  SNOW DEPTH       0

DEGREE DAYS
 HEATING
  YESTERDAY       36                        42     -6       63
  MONTH TO DATE  179                       211    -32      270
  SINCE DEC 1   2319                      2785   -466     2695
  SINCE JUL 1   3350                      4120   -770     4242

 COOLING
  YESTERDAY        0                         0      0        0
  MONTH TO DATE    0                         0      0        0
  SINCE DEC 1      0                         0      0        0
  SINCE JAN 1      0                         0      0        0
..................................................................


WIND (MPH)
  HIGHEST WIND SPEED    16   HIGHEST WIND DIRECTION     N (340)
  HIGHEST GUST SPEED    21   HIGHEST GUST DIRECTION    NW (320)
  AVERAGE WIND SPEED     6.2


SKY COVER
  POSSIBLE SUNSHINE  MM
  AVERAGE SKY COVER 1.0


WEATHER CONDITIONS
 THE FOLLOWING WEATHER WAS RECORDED YESTERDAY.
  LIGHT SNOW


RELATIVE HUMIDITY (PERCENT)
 HIGHEST    85           100 AM
 LOWEST     58           600 PM
 AVERAGE    72

..........................................................


THE ROCKFORD IL CLIMATE NORMALS FOR TODAY
                         NORMAL    RECORD    YEAR
 MAXIMUM TEMPERATURE (F)   31        54      1946
                                             1925
 MINIMUM TEMPERATURE (F)   15       -20      1982


SUNRISE AND SUNSET
FEBRUARY  6 2016......SUNRISE   705 AM CST   SUNSET   517 PM CST
FEBRUARY  7 2016......SUNRISE   703 AM CST   SUNSET   518 PM CST


-  INDICATES NEGATIVE NUMBERS.
R  INDICATES RECORD WAS SET OR TIED.
MM INDICATES DATA IS MISSING.
T  INDICATES TRACE AMOUNT.




$$
