000
CDUS43 KLOT 260632
CLIRFD


CLIMATE REPORT
NATIONAL WEATHER SERVICE CHICAGO IL
132 AM CDT FRI JUN 26 2015


...................................

...THE ROCKFORD IL CLIMATE SUMMARY FOR JUNE 25 2015...

CLIMATE NORMAL PERIOD 1981 TO 2010
CLIMATE RECORD PERIOD 1905 TO 2015


WEATHER ITEM   OBSERVED TIME   RECORD YEAR NORMAL DEPARTURE LAST
                VALUE   (LST)  VALUE       VALUE  FROM      YEAR
                                                  NORMAL
..................................................................
TEMPERATURE (F)
 YESTERDAY
  MAXIMUM         78    950 AM 101    1988  84     -6       84
  MINIMUM         64   1159 PM  43    1979  61      3       65
  AVERAGE         71                        72     -1       75

PRECIPITATION (IN)
  YESTERDAY        0.32          2.55 1978   0.15   0.17     0.22
  MONTH TO DATE    4.09                      3.96   0.13     6.20
  SINCE JUN 1      4.09                      3.96   0.13     6.20
  SINCE JAN 1     15.28                     16.43  -1.15    16.17

SNOWFALL (IN)
  YESTERDAY        0.0           0.0    MM   0.0    0.0      0.0
  MONTH TO DATE    0.0                       0.0    0.0      0.0
  SINCE JUN 1      0.0                       0.0    0.0      0.0
  SINCE JUL 1     35.5                      36.7   -1.2     56.9
  SNOW DEPTH       0

DEGREE DAYS
 HEATING
  YESTERDAY        0                         0      0        0
  MONTH TO DATE   16                        29    -13       11
  SINCE JUN 1     16                        29    -13       11
  SINCE JUL 1   6973                      6567    406     7680

 COOLING
  YESTERDAY        6                         8     -2       10
  MONTH TO DATE  138                       134      4      146
  SINCE JUN 1    138                       134      4      146
  SINCE JAN 1    198                       189      9      229
..................................................................


WIND (MPH)
  HIGHEST WIND SPEED    17   HIGHEST WIND DIRECTION     S (200)
  HIGHEST GUST SPEED    21   HIGHEST GUST DIRECTION     S (190)
  AVERAGE WIND SPEED     6.6


SKY COVER
  POSSIBLE SUNSHINE  MM
  AVERAGE SKY COVER 0.7


WEATHER CONDITIONS
 THE FOLLOWING WEATHER WAS RECORDED YESTERDAY.
  THUNDERSTORM
  HEAVY RAIN
  RAIN
  LIGHT RAIN
  FOG
  HAZE


RELATIVE HUMIDITY (PERCENT)
 HIGHEST    93           400 AM
 LOWEST     69           900 AM
 AVERAGE    81

..........................................................


THE ROCKFORD IL CLIMATE NORMALS FOR TODAY
                         NORMAL    RECORD    YEAR
 MAXIMUM TEMPERATURE (F)   84       100      1931
 MINIMUM TEMPERATURE (F)   62        45      1926


SUNRISE AND SUNSET
JUNE 26 2015..........SUNRISE   522 AM CDT   SUNSET   837 PM CDT
JUNE 27 2015..........SUNRISE   522 AM CDT   SUNSET   837 PM CDT


-  INDICATES NEGATIVE NUMBERS.
R  INDICATES RECORD WAS SET OR TIED.
MM INDICATES DATA IS MISSING.
T  INDICATES TRACE AMOUNT.




$$
