000
CDUS43 KLOT 230639
CLIRFD


CLIMATE REPORT
NATIONAL WEATHER SERVICE CHICAGO IL
1238 AM CST WED NOV 23 2016


...................................

...THE ROCKFORD IL CLIMATE SUMMARY FOR NOVEMBER 22 2016...

CLIMATE NORMAL PERIOD 1981 TO 2010
CLIMATE RECORD PERIOD 1905 TO 2016


WEATHER ITEM   OBSERVED TIME   RECORD YEAR NORMAL DEPARTURE LAST
                VALUE   (LST)  VALUE       VALUE  FROM      YEAR
                                                  NORMAL
..................................................................
TEMPERATURE (F)
 YESTERDAY
  MAXIMUM         41    100 PM  69    2010  44     -3       26
  MINIMUM         26    138 AM  -1    1929  27     -1        7
  AVERAGE         34                        36     -2       17

PRECIPITATION (IN)
  YESTERDAY        0.08          1.21 1963   0.09  -0.01     0.00
  MONTH TO DATE    0.76                      1.92  -1.16     3.25
  SINCE SEP 1      5.45                      7.94  -2.49     8.55
  SINCE JAN 1     31.37                     33.60  -2.23    33.08

SNOWFALL (IN)
  YESTERDAY        T             1.5  1945   0.1   -0.1      0.0
  MONTH TO DATE    T                         0.7   -0.7      8.8
  SINCE SEP 1      T                         0.8   -0.8      8.8
  SINCE JUL 1      T                         0.8   -0.8      8.8
  SNOW DEPTH       0

DEGREE DAYS
 HEATING
  YESTERDAY       31                        29      2       48
  MONTH TO DATE  373                       528   -155      415
  SINCE SEP 1    670                      1067   -397      792
  SINCE JUL 1    670                      1081   -411      802

 COOLING
  YESTERDAY        0                         0      0        0
  MONTH TO DATE    4                         0      4        0
  SINCE SEP 1    186                        93     93      172
  SINCE JAN 1   1103                       820    283      825
..................................................................


WIND (MPH)
  HIGHEST WIND SPEED    18   HIGHEST WIND DIRECTION    SE (140)
  HIGHEST GUST SPEED    26   HIGHEST GUST DIRECTION    SE (120)
  AVERAGE WIND SPEED     9.3


SKY COVER
  POSSIBLE SUNSHINE  MM
  AVERAGE SKY COVER 1.0


WEATHER CONDITIONS
 THE FOLLOWING WEATHER WAS RECORDED YESTERDAY.
  LIGHT RAIN
  SNOW
  FOG


RELATIVE HUMIDITY (PERCENT)
 HIGHEST    78           300 AM
 LOWEST     59           300 PM
 AVERAGE    69

..........................................................


THE ROCKFORD IL CLIMATE NORMALS FOR TODAY
                         NORMAL    RECORD    YEAR
 MAXIMUM TEMPERATURE (F)   43        65      1931
 MINIMUM TEMPERATURE (F)   27         0      1950


SUNRISE AND SUNSET
NOVEMBER 23 2016......SUNRISE   657 AM CST   SUNSET   429 PM CST
NOVEMBER 24 2016......SUNRISE   658 AM CST   SUNSET   428 PM CST


-  INDICATES NEGATIVE NUMBERS.
R  INDICATES RECORD WAS SET OR TIED.
MM INDICATES DATA IS MISSING.
T  INDICATES TRACE AMOUNT.




$$
