000
CDUS43 KLOT 220631
CLIRFD


CLIMATE REPORT
NATIONAL WEATHER SERVICE CHICAGO IL
131 AM CDT FRI APR 22 2016


...................................

...THE ROCKFORD IL CLIMATE SUMMARY FOR APRIL 21 2016...

CLIMATE NORMAL PERIOD 1981 TO 2010
CLIMATE RECORD PERIOD 1905 TO 2016


WEATHER ITEM   OBSERVED TIME   RECORD YEAR NORMAL DEPARTURE LAST
                VALUE   (LST)  VALUE       VALUE  FROM      YEAR
                                                  NORMAL
..................................................................
TEMPERATURE (F)
 YESTERDAY
  MAXIMUM         71    342 PM  86    1985  63      8       54
  MINIMUM         49   1110 PM  24    1988  40      9       36
  AVERAGE         60                        52      8       45

PRECIPITATION (IN)
  YESTERDAY        T             3.38 1973   0.11  -0.11     0.00
  MONTH TO DATE    1.77                      2.33  -0.56     2.89
  SINCE MAR 1      5.78                      4.65   1.13     4.19
  SINCE JAN 1      7.31                      7.43  -0.12     6.11

SNOWFALL (IN)
  YESTERDAY       MM             0.3  1988   0.0   MM        0.0
  MONTH TO DATE    0.4                       0.8   -0.4       T
  SINCE MAR 1      2.8                       5.6   -2.8      7.6
  SINCE JUL 1     24.0                      36.6  -12.6     35.5
  SNOW DEPTH       0

DEGREE DAYS
 HEATING
  YESTERDAY        5                        14     -9       20
  MONTH TO DATE  362                       368     -6      256
  SINCE MAR 1   1041                      1230   -189     1192
  SINCE JUL 1   5227                      6232  -1005     6638

 COOLING
  YESTERDAY        0                         0      0        0
  MONTH TO DATE    2                         0      2        0
  SINCE MAR 1      2                         0      2        0
  SINCE JAN 1      2                         0      2        0
..................................................................


WIND (MPH)
  HIGHEST WIND SPEED    24   HIGHEST WIND DIRECTION     W (260)
  HIGHEST GUST SPEED    29   HIGHEST GUST DIRECTION     W (270)
  AVERAGE WIND SPEED     4.8


SKY COVER
  POSSIBLE SUNSHINE  MM
  AVERAGE SKY COVER 0.7


WEATHER CONDITIONS
 THE FOLLOWING WEATHER WAS RECORDED YESTERDAY.
  LIGHT RAIN
  FOG
  HAZE


RELATIVE HUMIDITY (PERCENT)
 HIGHEST    93           300 AM
 LOWEST     37           400 PM
 AVERAGE    65

..........................................................


THE ROCKFORD IL CLIMATE NORMALS FOR TODAY
                         NORMAL    RECORD    YEAR
 MAXIMUM TEMPERATURE (F)   64        91      1980
 MINIMUM TEMPERATURE (F)   41        23      1986


SUNRISE AND SUNSET
APRIL 22 2016.........SUNRISE   604 AM CDT   SUNSET   746 PM CDT
APRIL 23 2016.........SUNRISE   603 AM CDT   SUNSET   747 PM CDT


-  INDICATES NEGATIVE NUMBERS.
R  INDICATES RECORD WAS SET OR TIED.
MM INDICATES DATA IS MISSING.
T  INDICATES TRACE AMOUNT.




$$
