702
CDUS43 KLOT 050647
CLIRFD


CLIMATE REPORT
NATIONAL WEATHER SERVICE CHICAGO IL
1246 AM CST FRI FEB 5 2016


...................................

...THE ROCKFORD IL CLIMATE SUMMARY FOR FEBRUARY 4 2016...

CLIMATE NORMAL PERIOD 1981 TO 2010
CLIMATE RECORD PERIOD 1905 TO 2016


WEATHER ITEM   OBSERVED TIME   RECORD YEAR NORMAL DEPARTURE LAST
                VALUE   (LST)  VALUE       VALUE  FROM      YEAR
                                                  NORMAL
..................................................................
TEMPERATURE (F)
 YESTERDAY
  MAXIMUM         32    402 PM  49    1973  31      1       22
                                      1962
  MINIMUM         16    722 AM -19    1996  15      1        4
  AVERAGE         24                        23      1       13

PRECIPITATION (IN)
  YESTERDAY        T             0.75 1986   0.04  -0.04      T
  MONTH TO DATE    0.40                      0.16   0.24     0.69
  SINCE DEC 1      5.93                      3.51   2.42     2.69
  SINCE JAN 1      1.28                      1.53  -0.25     1.76

SNOWFALL (IN)
  YESTERDAY        0.1           3.3  1977   0.3   -0.2       T
  MONTH TO DATE    0.3                       1.3   -1.0     11.6
  SINCE DEC 1      9.2                      22.8  -13.6     21.2
  SINCE JUL 1     18.0                      24.6   -6.6     24.8
  SNOW DEPTH       0

DEGREE DAYS
 HEATING
  YESTERDAY       41                        42     -1       52
  MONTH TO DATE  143                       169    -26      207
  SINCE DEC 1   2283                      2743   -460     2632
  SINCE JUL 1   3314                      4078   -764     4179

 COOLING
  YESTERDAY        0                         0      0        0
  MONTH TO DATE    0                         0      0        0
  SINCE DEC 1      0                         0      0        0
  SINCE JAN 1      0                         0      0        0
..................................................................


WIND (MPH)
  HIGHEST WIND SPEED    MM   HIGHEST WIND DIRECTION    MM
  HIGHEST GUST SPEED    MM   HIGHEST GUST DIRECTION    MM
  AVERAGE WIND SPEED     7.2


SKY COVER
  POSSIBLE SUNSHINE  MM
  AVERAGE SKY COVER 0.6


WEATHER CONDITIONS
 THE FOLLOWING WEATHER WAS RECORDED YESTERDAY.
  LIGHT SNOW


RELATIVE HUMIDITY (PERCENT)
 HIGHEST    80           700 AM
 LOWEST     54           400 PM
 AVERAGE    67

..........................................................


THE ROCKFORD IL CLIMATE NORMALS FOR TODAY
                         NORMAL    RECORD    YEAR
 MAXIMUM TEMPERATURE (F)   31        56      1946
 MINIMUM TEMPERATURE (F)   15       -21      1979


SUNRISE AND SUNSET
FEBRUARY  5 2016......SUNRISE   706 AM CST   SUNSET   515 PM CST
FEBRUARY  6 2016......SUNRISE   705 AM CST   SUNSET   517 PM CST


-  INDICATES NEGATIVE NUMBERS.
R  INDICATES RECORD WAS SET OR TIED.
MM INDICATES DATA IS MISSING.
T  INDICATES TRACE AMOUNT.




$$
