000
CDUS43 KLOT 271136
CLIRFD


CLIMATE REPORT
NATIONAL WEATHER SERVICE CHICAGO IL
633 AM CDT TUE SEP 27 2016


...................................

...THE ROCKFORD IL CLIMATE SUMMARY FOR SEPTEMBER 26 2016...

CLIMATE NORMAL PERIOD 1981 TO 2010
CLIMATE RECORD PERIOD 1905 TO 2016


WEATHER ITEM   OBSERVED TIME   RECORD YEAR NORMAL DEPARTURE LAST
                VALUE   (LST)  VALUE       VALUE  FROM      YEAR
                                                  NORMAL
..................................................................
TEMPERATURE (F)
 YESTERDAY
  MAXIMUM         69    342 PM  92    1920  71     -2       80
  MINIMUM         51   1134 PM  26    1926  48      3       60
  AVERAGE         60                        59      1       70

PRECIPITATION (IN)
  YESTERDAY        0.00          3.93 2011   0.11  -0.11     0.00
  MONTH TO DATE    2.93                      2.95  -0.02     2.99
  SINCE SEP 1      2.93                      2.95  -0.02     2.99
  SINCE JAN 1     28.85                     28.61   0.24    27.52

SNOWFALL (IN)
  YESTERDAY        0.0           0.0    MM   0.0    0.0      0.0
  MONTH TO DATE    T                         0.0    0.0      0.0
  SINCE SEP 1      T                         0.0    0.0      0.0
  SINCE JUL 1      T                         0.0    0.0      0.0
  SNOW DEPTH       0

DEGREE DAYS
 HEATING
  YESTERDAY        5                         7     -2        0
  MONTH TO DATE    7                        85    -78       29
  SINCE SEP 1      7                        85    -78       29
  SINCE JUL 1      7                        99    -92       39

 COOLING
  YESTERDAY        0                         1     -1        5
  MONTH TO DATE  160                        80     80      158
  SINCE SEP 1    160                        80     80      158
  SINCE JAN 1   1077                       807    270      811
..................................................................


WIND (MPH)
  HIGHEST WIND SPEED    32   HIGHEST WIND DIRECTION    NW (300)
  HIGHEST GUST SPEED    40   HIGHEST GUST DIRECTION    NW (310)
  AVERAGE WIND SPEED    13.0


SKY COVER
  POSSIBLE SUNSHINE  MM
  AVERAGE SKY COVER 0.3


WEATHER CONDITIONS
 THE FOLLOWING WEATHER WAS RECORDED YESTERDAY.
  NO SIGNIFICANT WEATHER WAS OBSERVED.


RELATIVE HUMIDITY (PERCENT)
 HIGHEST    80           400 AM
 LOWEST     28           300 PM
 AVERAGE    54

..........................................................


THE ROCKFORD IL CLIMATE NORMALS FOR TODAY
                         NORMAL    RECORD    YEAR
 MAXIMUM TEMPERATURE (F)   71        89      1954
 MINIMUM TEMPERATURE (F)   47        29      1942


SUNRISE AND SUNSET
SEPTEMBER 27 2016.....SUNRISE   650 AM CDT   SUNSET   644 PM CDT
SEPTEMBER 28 2016.....SUNRISE   651 AM CDT   SUNSET   642 PM CDT


-  INDICATES NEGATIVE NUMBERS.
R  INDICATES RECORD WAS SET OR TIED.
MM INDICATES DATA IS MISSING.
T  INDICATES TRACE AMOUNT.




$$
