000
CDUS43 KLOT 220633
CLIRFD


CLIMATE REPORT
NATIONAL WEATHER SERVICE CHICAGO IL
133 AM CDT SUN MAR 22 2015


...................................

...THE ROCKFORD IL CLIMATE SUMMARY FOR MARCH 21 2015...

CLIMATE NORMAL PERIOD 1981 TO 2010
CLIMATE RECORD PERIOD 1905 TO 2015


WEATHER ITEM   OBSERVED TIME   RECORD YEAR NORMAL DEPARTURE LAST
                VALUE   (LST)  VALUE       VALUE  FROM      YEAR
                                                  NORMAL
..................................................................
TEMPERATURE (F)
 YESTERDAY
  MAXIMUM         57    253 PM  84    2012  49      8       54
  MINIMUM         31   1159 PM   6    1965  29      2       26
  AVERAGE         44                        39      5       40

PRECIPITATION (IN)
  YESTERDAY        0.00          1.20 1932   0.08  -0.08      T
  MONTH TO DATE    0.40                      1.45  -1.05     0.70
  SINCE MAR 1      0.40                      1.45  -1.05     0.70
  SINCE JAN 1      2.32                      4.23  -1.91     4.44

SNOWFALL (IN)
  YESTERDAY        0.0          11.0  1932   0.2   -0.2      0.0
  MONTH TO DATE    2.5                       3.8   -1.3      8.9
  SINCE MAR 1      2.5                       3.8   -1.3      8.9
  SINCE JUL 1     30.4                      34.8   -4.4     56.4
  SNOW DEPTH       0

DEGREE DAYS
 HEATING
  YESTERDAY       21                        26     -5       25
  MONTH TO DATE  645                       628     17      790
  SINCE MAR 1    645                       628     17      790
  SINCE JUL 1   6091                      5630    461     6682

 COOLING
  YESTERDAY        0                         0      0        0
  MONTH TO DATE    0                         0      0        0
  SINCE MAR 1      0                         0      0        0
  SINCE JAN 1      0                         0      0        0
..................................................................


WIND (MPH)
  HIGHEST WIND SPEED    20   HIGHEST WIND DIRECTION     N (10)
  HIGHEST GUST SPEED    24   HIGHEST GUST DIRECTION     N (360)
  AVERAGE WIND SPEED    10.0


SKY COVER
  POSSIBLE SUNSHINE  MM
  AVERAGE SKY COVER 0.2


WEATHER CONDITIONS
 THE FOLLOWING WEATHER WAS RECORDED YESTERDAY.
  FOG


RELATIVE HUMIDITY (PERCENT)
 HIGHEST    85           100 AM
 LOWEST     18           400 PM
 AVERAGE    52

..........................................................


THE ROCKFORD IL CLIMATE NORMALS FOR TODAY
                         NORMAL    RECORD    YEAR
 MAXIMUM TEMPERATURE (F)   50        79      2012
 MINIMUM TEMPERATURE (F)   30         4      1912


SUNRISE AND SUNSET
MARCH 22 2015.........SUNRISE   657 AM CDT   SUNSET   711 PM CDT
MARCH 23 2015.........SUNRISE   655 AM CDT   SUNSET   712 PM CDT


-  INDICATES NEGATIVE NUMBERS.
R  INDICATES RECORD WAS SET OR TIED.
MM INDICATES DATA IS MISSING.
T  INDICATES TRACE AMOUNT.




$$
