000
CDUS43 KLOT 302137
CLIRFD


CLIMATE REPORT
NATIONAL WEATHER SERVICE CHICAGO IL
436 PM CDT SUN AUG 30 2015


...................................

...THE ROCKFORD IL CLIMATE SUMMARY FOR AUGUST 30 2015...
VALID TODAY AS OF 0400 PM LOCAL TIME.

CLIMATE NORMAL PERIOD 1981 TO 2010
CLIMATE RECORD PERIOD 1905 TO 2015


WEATHER ITEM   OBSERVED TIME   RECORD YEAR NORMAL DEPARTURE LAST
                VALUE   (LST)  VALUE       VALUE  FROM      YEAR
                                                  NORMAL
..................................................................
TEMPERATURE (F)
 TODAY
  MAXIMUM         76    238 PM  99    1953  81     -5       81
  MINIMUM         65    604 AM  35    1915  59      6       66
  AVERAGE         71                        70      1       74

PRECIPITATION (IN)
  TODAY            0.00          0.94 1956   0.14  -0.14     0.03
  MONTH TO DATE    5.20                      4.45   0.75     5.76
  SINCE JUN 1     13.34                     13.05   0.29    16.28
  SINCE JAN 1     24.53                     25.52  -0.99    26.25

SNOWFALL (IN)
  TODAY            0.0           0.0    MM   0.0    0.0      0.0
  MONTH TO DATE    0.0                       0.0    0.0       T
  SINCE JUN 1      0.0                       0.0    0.0       T
  SINCE JUL 1      0.0                       0.0    0.0       T

DEGREE DAYS
 HEATING
  TODAY            0                         1     -1        0
  MONTH TO DATE    5                         5      0        0
  SINCE JUN 1     26                        39    -13       21
  SINCE JUL 1     10                         8      2       10

 COOLING
  TODAY            6                         6      0        9
  MONTH TO DATE  195                       218    -23      223
  SINCE JUN 1    588                       667    -79      565
  SINCE JAN 1    648                       722    -74      648
..................................................................


WIND (MPH)
  HIGHEST WIND SPEED     9   HIGHEST WIND DIRECTION     N (20)
  HIGHEST GUST SPEED    10   HIGHEST GUST DIRECTION     N (20)
  AVERAGE WIND SPEED     3.1


SKY COVER
  POSSIBLE SUNSHINE  MM
  AVERAGE SKY COVER 1.0


WEATHER CONDITIONS
 THE FOLLOWING WEATHER WAS RECORDED TODAY.
  FOG


RELATIVE HUMIDITY (PERCENT)
 HIGHEST    93           600 AM
 LOWEST     64           100 PM
 AVERAGE    79

..........................................................


THE ROCKFORD IL CLIMATE NORMALS FOR TOMORROW
                         NORMAL    RECORD    YEAR
 MAXIMUM TEMPERATURE (F)   81       101      1953
 MINIMUM TEMPERATURE (F)   59        41      1915


SUNRISE AND SUNSET
AUGUST 30 2015........SUNRISE   619 AM CDT   SUNSET   734 PM CDT
AUGUST 31 2015........SUNRISE   620 AM CDT   SUNSET   732 PM CDT


-  INDICATES NEGATIVE NUMBERS.
R  INDICATES RECORD WAS SET OR TIED.
MM INDICATES DATA IS MISSING.
T  INDICATES TRACE AMOUNT.




$$
