000
CDUS43 KLOT 090636
CLIRFD


CLIMATE REPORT
NATIONAL WEATHER SERVICE CHICAGO IL
135 AM CDT TUE SEP 9 2014


...................................

...THE ROCKFORD IL CLIMATE SUMMARY FOR SEPTEMBER 8 2014...

CLIMATE NORMAL PERIOD 1981 TO 2010
CLIMATE RECORD PERIOD 1905 TO 2014


WEATHER ITEM   OBSERVED TIME   RECORD YEAR NORMAL DEPARTURE LAST
                VALUE   (LST)  VALUE       VALUE  FROM      YEAR
                                                  NORMAL
..................................................................
TEMPERATURE (F)
 YESTERDAY
  MAXIMUM         76    133 PM 101    1922  78     -2       79
  MINIMUM         54    550 AM  37    1986  56     -2       69
  AVERAGE         65                        67     -2       74

PRECIPITATION (IN)
  YESTERDAY        0.00          1.55 1935   0.12  -0.12     0.00
  MONTH TO DATE    1.04                      0.94   0.10     0.03
  SINCE SEP 1      1.04                      0.94   0.10     0.03
  SINCE JAN 1     27.29                     26.60   0.69    32.03

SNOWFALL (IN)
  YESTERDAY        0.0           0.0    MM   0.0    0.0      0.0
  MONTH TO DATE    0.0                       0.0    0.0      0.0
  SINCE SEP 1      0.0                       0.0    0.0      0.0
  SINCE JUL 1      T                         0.0    0.0      0.0
  SNOW DEPTH       0

DEGREE DAYS
 HEATING
  YESTERDAY        0                         2     -2        0
  MONTH TO DATE    0                        10    -10        0
  SINCE SEP 1      0                        10    -10        0
  SINCE JUL 1     10                        24    -14       11

 COOLING
  YESTERDAY        0                         4     -4        9
  MONTH TO DATE   41                        37      4       49
  SINCE SEP 1     41                        37      4       49
  SINCE JAN 1    697                       764    -67      798
..................................................................


WIND (MPH)
  HIGHEST WIND SPEED    18   HIGHEST WIND DIRECTION     S (180)
  HIGHEST GUST SPEED    22   HIGHEST GUST DIRECTION     S (180)
  AVERAGE WIND SPEED     6.6


SKY COVER
  POSSIBLE SUNSHINE  MM
  AVERAGE SKY COVER 0.6


WEATHER CONDITIONS
 THE FOLLOWING WEATHER WAS RECORDED YESTERDAY.
  NO SIGNIFICANT WEATHER WAS OBSERVED.


RELATIVE HUMIDITY (PERCENT)
 HIGHEST    86           100 AM
 LOWEST     46          1200 PM
 AVERAGE    66

..........................................................


THE ROCKFORD IL CLIMATE NORMALS FOR TODAY
                         NORMAL    RECORD    YEAR
 MAXIMUM TEMPERATURE (F)   78        97      1955
 MINIMUM TEMPERATURE (F)   56        41      1924
                                             1923
                                             1914


SUNRISE AND SUNSET
SEPTEMBER  9 2014.....SUNRISE   630 AM CDT   SUNSET   716 PM CDT
SEPTEMBER 10 2014.....SUNRISE   631 AM CDT   SUNSET   715 PM CDT


-  INDICATES NEGATIVE NUMBERS.
R  INDICATES RECORD WAS SET OR TIED.
MM INDICATES DATA IS MISSING.
T  INDICATES TRACE AMOUNT.




$$
