702
CDUS43 KLOT 192135
CLIRFD


CLIMATE REPORT
NATIONAL WEATHER SERVICE CHICAGO IL
435 PM CDT MON SEP 19 2016


...................................

...THE ROCKFORD IL CLIMATE SUMMARY FOR SEPTEMBER 19 2016...
VALID TODAY AS OF 0400 PM LOCAL TIME.

CLIMATE NORMAL PERIOD 1981 TO 2010
CLIMATE RECORD PERIOD 1905 TO 2016


WEATHER ITEM   OBSERVED TIME   RECORD YEAR NORMAL DEPARTURE LAST
                VALUE   (LST)  VALUE       VALUE  FROM      YEAR
                                                  NORMAL
..................................................................
TEMPERATURE (F)
 TODAY
  MAXIMUM         88    254 PM  93    1948  74     14       71
                                      1947
                                      1925
  MINIMUM         57    459 AM  34    1929  51      6       51
  AVERAGE         73                        63     10       61

PRECIPITATION (IN)
  TODAY            0.00          2.38 1968   0.11  -0.11     0.03
  MONTH TO DATE    1.53                      2.17  -0.64     2.99
  SINCE SEP 1      1.53                      2.17  -0.64     2.99
  SINCE JAN 1     27.45                     27.83  -0.38    27.52

SNOWFALL (IN)
  TODAY            0.0           0.0    MM   0.0    0.0      0.0
  MONTH TO DATE    0.0                       0.0    0.0      0.0
  SINCE SEP 1      0.0                       0.0    0.0      0.0
  SINCE JUL 1      0.0                       0.0    0.0      0.0

DEGREE DAYS
 HEATING
  TODAY            0                         5     -5        4
  MONTH TO DATE    2                        45    -43       22
  SINCE SEP 1      2                        45    -43       22
  SINCE JUL 1      2                        59    -57       32

 COOLING
  TODAY            8                         2      6        0
  MONTH TO DATE  114                        69     45      140
  SINCE SEP 1    114                        69     45      140
  SINCE JAN 1   1031                       796    235      793
..................................................................


WIND (MPH)
  HIGHEST WIND SPEED    21   HIGHEST WIND DIRECTION    SW (210)
  HIGHEST GUST SPEED    28   HIGHEST GUST DIRECTION    SW (220)
  AVERAGE WIND SPEED     8.6


SKY COVER
  POSSIBLE SUNSHINE  MM
  AVERAGE SKY COVER 0.2


WEATHER CONDITIONS
 THE FOLLOWING WEATHER WAS RECORDED TODAY.
  NO SIGNIFICANT WEATHER WAS OBSERVED.


RELATIVE HUMIDITY (PERCENT)
 HIGHEST    87           300 AM
 LOWEST     29           100 PM
 AVERAGE    58

..........................................................


THE ROCKFORD IL CLIMATE NORMALS FOR TOMORROW
                         NORMAL    RECORD    YEAR
 MAXIMUM TEMPERATURE (F)   74        92      1920
 MINIMUM TEMPERATURE (F)   50        30      1956


SUNRISE AND SUNSET
SEPTEMBER 19 2016.....SUNRISE   641 AM CDT   SUNSET   658 PM CDT
SEPTEMBER 20 2016.....SUNRISE   642 AM CDT   SUNSET   656 PM CDT


-  INDICATES NEGATIVE NUMBERS.
R  INDICATES RECORD WAS SET OR TIED.
MM INDICATES DATA IS MISSING.
T  INDICATES TRACE AMOUNT.




$$
