000
CDUS43 KLOT 240637
CLIRFD


CLIMATE REPORT
NATIONAL WEATHER SERVICE CHICAGO IL
136 AM CDT THU JUL 24 2014


...................................

...THE ROCKFORD IL CLIMATE SUMMARY FOR JULY 23 2014...

CLIMATE NORMAL PERIOD 1981 TO 2010
CLIMATE RECORD PERIOD 1905 TO 2014


WEATHER ITEM   OBSERVED TIME   RECORD YEAR NORMAL DEPARTURE LAST
                VALUE   (LST)  VALUE       VALUE  FROM      YEAR
                                                  NORMAL
..................................................................
TEMPERATURE (F)
 YESTERDAY
  MAXIMUM         80    326 PM 104    1934  84     -4       80
  MINIMUM         59   1138 PM  47    1947  63     -4       60
                                      1927
  AVERAGE         70                        74     -4       70

PRECIPITATION (IN)
  YESTERDAY        0.00          4.70 2010   0.13  -0.13     0.00
  MONTH TO DATE    2.44                      2.88  -0.44     1.19
  SINCE JUN 1     10.50                      7.53   2.97     8.91
  SINCE JAN 1     20.47                     20.00   0.47    28.35

SNOWFALL (IN)
  YESTERDAY        0.0           0.0    MM   0.0    0.0      0.0
  MONTH TO DATE    0.0                       0.0    0.0      0.0
  SINCE JUN 1      0.0                       0.0    0.0      0.0
  SINCE JUL 1      0.0                       0.0    0.0      0.0
  SNOW DEPTH       0

DEGREE DAYS
 HEATING
  YESTERDAY        0                         0      0        0
  MONTH TO DATE    9                         0      9        0
  SINCE JUN 1     20                        31    -11       34
  SINCE JUL 1      9                         0      9        0

 COOLING
  YESTERDAY        5                         9     -4        5
  MONTH TO DATE  112                       207    -95      241
  SINCE JUN 1    307                       382    -75      410
  SINCE JAN 1    390                       437    -47      502
..................................................................


WIND (MPH)
  HIGHEST WIND SPEED    21   HIGHEST WIND DIRECTION    NE (40)
  HIGHEST GUST SPEED    26   HIGHEST GUST DIRECTION     N (10)
  AVERAGE WIND SPEED    12.3


SKY COVER
  POSSIBLE SUNSHINE  MM
  AVERAGE SKY COVER 0.3


WEATHER CONDITIONS
 THE FOLLOWING WEATHER WAS RECORDED YESTERDAY.
  NO SIGNIFICANT WEATHER WAS OBSERVED.


RELATIVE HUMIDITY (PERCENT)
 HIGHEST    81           300 AM
 LOWEST     43           300 PM
 AVERAGE    62

..........................................................


THE ROCKFORD IL CLIMATE NORMALS FOR TODAY
                         NORMAL    RECORD    YEAR
 MAXIMUM TEMPERATURE (F)   84       107      1934
 MINIMUM TEMPERATURE (F)   63        51      2000


SUNRISE AND SUNSET
JULY 24 2014..........SUNRISE   541 AM CDT   SUNSET   824 PM CDT
JULY 25 2014..........SUNRISE   542 AM CDT   SUNSET   823 PM CDT


-  INDICATES NEGATIVE NUMBERS.
R  INDICATES RECORD WAS SET OR TIED.
MM INDICATES DATA IS MISSING.
T  INDICATES TRACE AMOUNT.




$$
