000
CDUS43 KLOT 120650
CLIRFD


CLIMATE REPORT
NATIONAL WEATHER SERVICE CHICAGO IL
150 AM CDT FRI SEP 12 2014


...................................

...THE ROCKFORD IL CLIMATE SUMMARY FOR SEPTEMBER 11 2014...

CLIMATE NORMAL PERIOD 1981 TO 2010
CLIMATE RECORD PERIOD 1905 TO 2014


WEATHER ITEM   OBSERVED TIME   RECORD YEAR NORMAL DEPARTURE LAST
                VALUE   (LST)  VALUE       VALUE  FROM      YEAR
                                                  NORMAL
..................................................................
TEMPERATURE (F)
 YESTERDAY
  MAXIMUM         54    350 PM  96    1931  77    -23       87
  MINIMUM         48   1159 PM  34    1917  55     -7       66
  AVERAGE         51                        66    -15       77

PRECIPITATION (IN)
  YESTERDAY        0.00          3.10 2000   0.11  -0.11     0.02
  MONTH TO DATE    1.73                      1.28   0.45     0.05
  SINCE SEP 1      1.73                      1.28   0.45     0.05
  SINCE JAN 1     27.98                     26.94   1.04    32.05

SNOWFALL (IN)
  YESTERDAY        0.0           0.0    MM   0.0    0.0      0.0
  MONTH TO DATE    0.0                       0.0    0.0      0.0
  SINCE SEP 1      0.0                       0.0    0.0      0.0
  SINCE JUL 1      T                         0.0    0.0      0.0
  SNOW DEPTH       0

DEGREE DAYS
 HEATING
  YESTERDAY       14                         2     12        0
  MONTH TO DATE   14                        16     -2        0
  SINCE SEP 1     14                        16     -2        0
  SINCE JUL 1     24                        30     -6       11

 COOLING
  YESTERDAY        0                         3     -3       12
  MONTH TO DATE   47                        48     -1       95
  SINCE SEP 1     47                        48     -1       95
  SINCE JAN 1    703                       775    -72      844
..................................................................


WIND (MPH)
  HIGHEST WIND SPEED    20   HIGHEST WIND DIRECTION     N (10)
  HIGHEST GUST SPEED    24   HIGHEST GUST DIRECTION     N (20)
  AVERAGE WIND SPEED     9.2


SKY COVER
  POSSIBLE SUNSHINE  MM
  AVERAGE SKY COVER 1.0


WEATHER CONDITIONS
 THE FOLLOWING WEATHER WAS RECORDED YESTERDAY.
  NO SIGNIFICANT WEATHER WAS OBSERVED.


RELATIVE HUMIDITY (PERCENT)
 HIGHEST    80           600 AM
 LOWEST     66           100 PM
 AVERAGE    73

..........................................................


THE ROCKFORD IL CLIMATE NORMALS FOR TODAY
                         NORMAL    RECORD    YEAR
 MAXIMUM TEMPERATURE (F)   77        95      1927
 MINIMUM TEMPERATURE (F)   54        36      1975


SUNRISE AND SUNSET
SEPTEMBER 12 2014.....SUNRISE   633 AM CDT   SUNSET   711 PM CDT
SEPTEMBER 13 2014.....SUNRISE   634 AM CDT   SUNSET   710 PM CDT


-  INDICATES NEGATIVE NUMBERS.
R  INDICATES RECORD WAS SET OR TIED.
MM INDICATES DATA IS MISSING.
T  INDICATES TRACE AMOUNT.




$$
