000
CDUS43 KLOT 242239
CLIRFD


CLIMATE REPORT
NATIONAL WEATHER SERVICE CHICAGO IL
439 PM CST THU NOV 24 2016


...................................

...THE ROCKFORD IL CLIMATE SUMMARY FOR NOVEMBER 24 2016...
VALID TODAY AS OF 0400 PM LOCAL TIME.

CLIMATE NORMAL PERIOD 1981 TO 2010
CLIMATE RECORD PERIOD 1905 TO 2016


WEATHER ITEM   OBSERVED TIME   RECORD YEAR NORMAL DEPARTURE LAST
                VALUE   (LST)  VALUE       VALUE  FROM      YEAR
                                                  NORMAL
..................................................................
TEMPERATURE (F)
 TODAY
  MAXIMUM         40   1243 AM  65    1931  43     -3       39
  MINIMUM         36    359 PM  -6    1950  26     10       19
  AVERAGE         38                        34      4       29

PRECIPITATION (IN)
  TODAY            0.00          1.06 2001   0.08  -0.08     0.00
  MONTH TO DATE    1.04                      2.09  -1.05     3.25
  SINCE SEP 1      5.73                      8.11  -2.38     8.55
  SINCE JAN 1     31.65                     33.77  -2.12    33.08

SNOWFALL (IN)
  TODAY            0.0           4.0  1947   0.1   -0.1      0.0
  MONTH TO DATE    T                         0.9   -0.9      8.8
  SINCE SEP 1      T                         1.0   -1.0      8.8
  SINCE JUL 1      T                         1.0   -1.0      8.8

DEGREE DAYS
 HEATING
  TODAY           27                        30     -3       36
  MONTH TO DATE  425                       588   -163      488
  SINCE SEP 1    722                      1127   -405      865
  SINCE JUL 1    722                      1141   -419      875

 COOLING
  TODAY            0                         0      0        0
  MONTH TO DATE    4                         0      4        0
  SINCE SEP 1    186                        93     93      172
  SINCE JAN 1   1103                       820    283      825
..................................................................


WIND (MPH)
  HIGHEST WIND SPEED    18   HIGHEST WIND DIRECTION    NW (320)
  HIGHEST GUST SPEED    24   HIGHEST GUST DIRECTION    NW (310)
  AVERAGE WIND SPEED     8.9


SKY COVER
  POSSIBLE SUNSHINE  MM
  AVERAGE SKY COVER 1.0


WEATHER CONDITIONS
 THE FOLLOWING WEATHER WAS RECORDED TODAY.
  NO SIGNIFICANT WEATHER WAS OBSERVED.


RELATIVE HUMIDITY (PERCENT)
 HIGHEST    92          1200 AM
 LOWEST     76           100 PM
 AVERAGE    84

..........................................................


THE ROCKFORD IL CLIMATE NORMALS FOR TOMORROW
                         NORMAL    RECORD    YEAR
 MAXIMUM TEMPERATURE (F)   42        64      1915
 MINIMUM TEMPERATURE (F)   26        -4      1950


SUNRISE AND SUNSET
NOVEMBER 24 2016......SUNRISE   658 AM CST   SUNSET   428 PM CST
NOVEMBER 25 2016......SUNRISE   659 AM CST   SUNSET   427 PM CST


-  INDICATES NEGATIVE NUMBERS.
R  INDICATES RECORD WAS SET OR TIED.
MM INDICATES DATA IS MISSING.
T  INDICATES TRACE AMOUNT.




$$
