000
CDUS43 KLOT 260650
CLIRFD


CLIMATE REPORT
NATIONAL WEATHER SERVICE CHICAGO IL
1250 AM CST THU FEB 26 2015


...................................

...THE ROCKFORD IL CLIMATE SUMMARY FOR FEBRUARY 25 2015...

CLIMATE NORMAL PERIOD 1981 TO 2010
CLIMATE RECORD PERIOD 1905 TO 2015


WEATHER ITEM   OBSERVED TIME   RECORD YEAR NORMAL DEPARTURE LAST
                VALUE   (LST)  VALUE       VALUE  FROM      YEAR
                                                  NORMAL
..................................................................
TEMPERATURE (F)
 YESTERDAY
  MAXIMUM         21   1209 AM  70    2000  38    -17       16
  MINIMUM         10    651 AM -11    1967  21    -11        2
  AVERAGE         16                        29    -13        9

PRECIPITATION (IN)
  YESTERDAY        0.14          1.33 1926   0.06   0.08      T
  MONTH TO DATE    0.84                      1.23  -0.39     1.76
  SINCE DEC 1      2.84                      4.58  -1.74     5.43
  SINCE JAN 1      1.91                      2.60  -0.69     3.74

SNOWFALL (IN)
  YESTERDAY       MM             7.6  1994   0.2   MM         T
  MONTH TO DATE   12.4                       7.0    5.4     13.5
  SINCE DEC 1     22.0                      28.5   -6.5     46.5
  SINCE JUL 1     25.6                      30.3   -4.7     47.5
  SNOW DEPTH       3

DEGREE DAYS
 HEATING
  YESTERDAY       49                        36     13       56
  MONTH TO DATE 1283                       989    294     1294
  SINCE DEC 1   3708                      3563    145     4336
  SINCE JUL 1   5255                      4898    357     5719

 COOLING
  YESTERDAY        0                         0      0        0
  MONTH TO DATE    0                         0      0        0
  SINCE DEC 1      0                         0      0        0
  SINCE JAN 1      0                         0      0        0
..................................................................


WIND (MPH)
  HIGHEST WIND SPEED    16   HIGHEST WIND DIRECTION    NE (30)
  HIGHEST GUST SPEED    20   HIGHEST GUST DIRECTION     N (20)
  AVERAGE WIND SPEED     9.2


SKY COVER
  POSSIBLE SUNSHINE  MM
  AVERAGE SKY COVER 0.7


WEATHER CONDITIONS
 THE FOLLOWING WEATHER WAS RECORDED YESTERDAY.
  LIGHT SNOW
  FOG


RELATIVE HUMIDITY (PERCENT)
 HIGHEST    88           700 PM
 LOWEST     39          1200 PM
 AVERAGE    64

..........................................................


THE ROCKFORD IL CLIMATE NORMALS FOR TODAY
                         NORMAL    RECORD    YEAR
 MAXIMUM TEMPERATURE (F)   38        62      2000
 MINIMUM TEMPERATURE (F)   21        -6      1994
                                             1963


SUNRISE AND SUNSET
FEBRUARY 26 2015......SUNRISE   637 AM CST   SUNSET   542 PM CST
FEBRUARY 27 2015......SUNRISE   635 AM CST   SUNSET   544 PM CST


-  INDICATES NEGATIVE NUMBERS.
R  INDICATES RECORD WAS SET OR TIED.
MM INDICATES DATA IS MISSING.
T  INDICATES TRACE AMOUNT.




$$
