000
CDUS43 KLOT 080650
CLIRFD


CLIMATE REPORT
NATIONAL WEATHER SERVICE CHICAGO IL
150 AM CDT MON SEP 8 2014


...................................

...THE ROCKFORD IL CLIMATE SUMMARY FOR SEPTEMBER 7 2014...

CLIMATE NORMAL PERIOD 1981 TO 2010
CLIMATE RECORD PERIOD 1905 TO 2014


WEATHER ITEM   OBSERVED TIME   RECORD YEAR NORMAL DEPARTURE LAST
                VALUE   (LST)  VALUE       VALUE  FROM      YEAR
                                                  NORMAL
..................................................................
TEMPERATURE (F)
 YESTERDAY
  MAXIMUM         79    322 PM 103    1939  79      0       91
  MINIMUM         51    609 AM  37    1986  56     -5       65
  AVERAGE         65                        68     -3       78

PRECIPITATION (IN)
  YESTERDAY        0.00          2.20 1980   0.11  -0.11     0.03
  MONTH TO DATE    1.04                      0.82   0.22     0.03
  SINCE SEP 1      1.04                      0.82   0.22     0.03
  SINCE JAN 1     27.29                     26.48   0.81    32.03

SNOWFALL (IN)
  YESTERDAY        0.0           0.0    MM   0.0    0.0      0.0
  MONTH TO DATE    0.0                       0.0    0.0      0.0
  SINCE SEP 1      0.0                       0.0    0.0      0.0
  SINCE JUL 1      T                         0.0    0.0      0.0
  SNOW DEPTH       0

DEGREE DAYS
 HEATING
  YESTERDAY        0                         2     -2        0
  MONTH TO DATE    0                         8     -8        0
  SINCE SEP 1      0                         8     -8        0
  SINCE JUL 1     10                        22    -12       11

 COOLING
  YESTERDAY        0                         4     -4       13
  MONTH TO DATE   41                        33      8       40
  SINCE SEP 1     41                        33      8       40
  SINCE JAN 1    697                       760    -63      789
..................................................................


WIND (MPH)
  HIGHEST WIND SPEED     9   HIGHEST WIND DIRECTION    SW (210)
  HIGHEST GUST SPEED    12   HIGHEST GUST DIRECTION    SE (150)
  AVERAGE WIND SPEED     2.3


SKY COVER
  POSSIBLE SUNSHINE  MM
  AVERAGE SKY COVER 0.1


WEATHER CONDITIONS
 THE FOLLOWING WEATHER WAS RECORDED YESTERDAY.
  FOG


RELATIVE HUMIDITY (PERCENT)
 HIGHEST    96           300 AM
 LOWEST     37           200 PM
 AVERAGE    67

..........................................................


THE ROCKFORD IL CLIMATE NORMALS FOR TODAY
                         NORMAL    RECORD    YEAR
 MAXIMUM TEMPERATURE (F)   78       101      1922
 MINIMUM TEMPERATURE (F)   56        37      1986


SUNRISE AND SUNSET
SEPTEMBER  8 2014.....SUNRISE   629 AM CDT   SUNSET   718 PM CDT
SEPTEMBER  9 2014.....SUNRISE   630 AM CDT   SUNSET   716 PM CDT


-  INDICATES NEGATIVE NUMBERS.
R  INDICATES RECORD WAS SET OR TIED.
MM INDICATES DATA IS MISSING.
T  INDICATES TRACE AMOUNT.




$$
