000
CDUS43 KLOT 060646
CLIRFD


CLIMATE REPORT
NATIONAL WEATHER SERVICE CHICAGO IL
1246 AM CST MON MAR 6 2017


...................................

...THE ROCKFORD IL CLIMATE SUMMARY FOR MARCH 5 2017...

CLIMATE NORMAL PERIOD 1981 TO 2010
CLIMATE RECORD PERIOD 1905 TO 2017


WEATHER ITEM   OBSERVED TIME   RECORD YEAR NORMAL DEPARTURE LAST
                VALUE   (LST)  VALUE       VALUE  FROM      YEAR
                                                  NORMAL
..................................................................
TEMPERATURE (F)
 YESTERDAY
  MAXIMUM         61    319 PM  74    1983  42     19       43
  MINIMUM         32    322 AM  -9    1978  24      8       32
  AVERAGE         47                        33     14       38

PRECIPITATION (IN)
  YESTERDAY        T             1.02 1959   0.06  -0.06     0.00
  MONTH TO DATE    0.11                      0.32  -0.21     0.13
  SINCE MAR 1      0.11                      0.32  -0.21     0.13
  SINCE JAN 1      4.14                      3.10   1.04     1.66

SNOWFALL (IN)
  YESTERDAY       MM             9.6  2013   0.2   MM        0.0
  MONTH TO DATE    1.2                       1.0    0.2      1.8
  SINCE MAR 1      1.2                       1.0    0.2      1.8
  SINCE JUL 1     18.2                      32.0  -13.8     23.0
  SNOW DEPTH       0

DEGREE DAYS
 HEATING
  YESTERDAY       18                        32    -14       27
  MONTH TO DATE  146                       166    -20      183
  SINCE MAR 1    146                       166    -20      183
  SINCE JUL 1   4220                      5168   -948     4369

 COOLING
  YESTERDAY        0                         0      0        0
  MONTH TO DATE    0                         0      0        0
  SINCE MAR 1      0                         0      0        0
  SINCE JAN 1      0                         0      0        0
..................................................................


WIND (MPH)
  HIGHEST WIND SPEED    25   HIGHEST WIND DIRECTION     S (190)
  HIGHEST GUST SPEED    30   HIGHEST GUST DIRECTION     S (190)
  AVERAGE WIND SPEED    15.6


SKY COVER
  POSSIBLE SUNSHINE  MM
  AVERAGE SKY COVER 0.7


WEATHER CONDITIONS
 THE FOLLOWING WEATHER WAS RECORDED YESTERDAY.
  LIGHT RAIN


RELATIVE HUMIDITY (PERCENT)
 HIGHEST    82           600 AM
 LOWEST     46           300 PM
 AVERAGE    64

..........................................................


THE ROCKFORD IL CLIMATE NORMALS FOR TODAY
                         NORMAL    RECORD    YEAR
 MAXIMUM TEMPERATURE (F)   42        70      2000
                                             1983
 MINIMUM TEMPERATURE (F)   24        -7      1960


SUNRISE AND SUNSET
MARCH  6 2017.........SUNRISE   623 AM CST   SUNSET   553 PM CST
MARCH  7 2017.........SUNRISE   621 AM CST   SUNSET   554 PM CST


-  INDICATES NEGATIVE NUMBERS.
R  INDICATES RECORD WAS SET OR TIED.
MM INDICATES DATA IS MISSING.
T  INDICATES TRACE AMOUNT.




$$
