000
CDUS43 KLOT 072145
CLIRFD


CLIMATE REPORT
NATIONAL WEATHER SERVICE CHICAGO IL
445 PM CDT THU JUL 7 2016


...................................

...THE ROCKFORD IL CLIMATE SUMMARY FOR JULY 7 2016...
VALID TODAY AS OF 0400 PM LOCAL TIME.

CLIMATE NORMAL PERIOD 1981 TO 2010
CLIMATE RECORD PERIOD 1905 TO 2016


WEATHER ITEM   OBSERVED TIME   RECORD YEAR NORMAL DEPARTURE LAST
                VALUE   (LST)  VALUE       VALUE  FROM      YEAR
                                                  NORMAL
..................................................................
TEMPERATURE (F)
 TODAY
  MAXIMUM         84    258 PM 105    2012  85     -1       74
                                      1936
  MINIMUM         71    307 AM  47    1984  63      8       56
  AVERAGE         78                        74      4       65

PRECIPITATION (IN)
  TODAY            0.01          2.70 1912   0.13  -0.12      T
  MONTH TO DATE    1.39                      0.87   0.52     0.46
  SINCE JUN 1      3.58                      5.52  -1.94     5.10
  SINCE JAN 1     15.14                     17.99  -2.85    16.29

SNOWFALL (IN)
  TODAY            0.0           0.0    MM   0.0    0.0      0.0
  MONTH TO DATE    0.0                       0.0    0.0      0.0
  SINCE JUN 1      0.0                       0.0    0.0      0.0
  SINCE JUL 1      0.0                       0.0    0.0      0.0

DEGREE DAYS
 HEATING
  TODAY            0                         0      0        0
  MONTH TO DATE    0                         0      0        2
  SINCE JUN 1      6                        31    -25       18
  SINCE JUL 1      0                         0      0        2

 COOLING
  TODAY           13                         9      4        0
  MONTH TO DATE   52                        63    -11       24
  SINCE JUN 1    268                       238     30      176
  SINCE JAN 1    353                       293     60      236
..................................................................


WIND (MPH)
  HIGHEST WIND SPEED    12   HIGHEST WIND DIRECTION     S (170)
  HIGHEST GUST SPEED    15   HIGHEST GUST DIRECTION     S (180)
  AVERAGE WIND SPEED     6.0


SKY COVER
  POSSIBLE SUNSHINE  MM
  AVERAGE SKY COVER 1.0


WEATHER CONDITIONS
 THE FOLLOWING WEATHER WAS RECORDED TODAY.
  LIGHT RAIN


RELATIVE HUMIDITY (PERCENT)
 HIGHEST    93           100 AM
 LOWEST     63           300 PM
 AVERAGE    78

..........................................................


THE ROCKFORD IL CLIMATE NORMALS FOR TOMORROW
                         NORMAL    RECORD    YEAR
 MAXIMUM TEMPERATURE (F)   85       104      1936
 MINIMUM TEMPERATURE (F)   63        46      1927


SUNRISE AND SUNSET
JULY  7 2016..........SUNRISE   528 AM CDT   SUNSET   835 PM CDT
JULY  8 2016..........SUNRISE   529 AM CDT   SUNSET   834 PM CDT


-  INDICATES NEGATIVE NUMBERS.
R  INDICATES RECORD WAS SET OR TIED.
MM INDICATES DATA IS MISSING.
T  INDICATES TRACE AMOUNT.




$$
