000
CDUS43 KLOT 260632
CLIRFD


CLIMATE REPORT
NATIONAL WEATHER SERVICE CHICAGO IL
132 AM CDT MON SEP 26 2016


...................................

...THE ROCKFORD IL CLIMATE SUMMARY FOR SEPTEMBER 25 2016...

CLIMATE NORMAL PERIOD 1981 TO 2010
CLIMATE RECORD PERIOD 1905 TO 2016


WEATHER ITEM   OBSERVED TIME   RECORD YEAR NORMAL DEPARTURE LAST
                VALUE   (LST)  VALUE       VALUE  FROM      YEAR
                                                  NORMAL
..................................................................
TEMPERATURE (F)
 YESTERDAY
  MAXIMUM         86   1237 PM  95    1920  72     14       79
  MINIMUM         62   1159 PM  27    1942  48     14       57
  AVERAGE         74                        60     14       68

PRECIPITATION (IN)
  YESTERDAY        T             1.93 1993   0.11  -0.11     0.00
  MONTH TO DATE    2.93                      2.84   0.09     2.99
  SINCE SEP 1      2.93                      2.84   0.09     2.99
  SINCE JAN 1     28.85                     28.50   0.35    27.52

SNOWFALL (IN)
  YESTERDAY        0.0           0.0    MM   0.0    0.0      0.0
  MONTH TO DATE    T                         0.0    0.0      0.0
  SINCE SEP 1      T                         0.0    0.0      0.0
  SINCE JUL 1      T                         0.0    0.0      0.0
  SNOW DEPTH       0

DEGREE DAYS
 HEATING
  YESTERDAY        0                         6     -6        0
  MONTH TO DATE    2                        78    -76       29
  SINCE SEP 1      2                        78    -76       29
  SINCE JUL 1      2                        92    -90       39

 COOLING
  YESTERDAY        9                         1      8        3
  MONTH TO DATE  160                        79     81      153
  SINCE SEP 1    160                        79     81      153
  SINCE JAN 1   1077                       806    271      806
..................................................................


WIND (MPH)
  HIGHEST WIND SPEED    24   HIGHEST WIND DIRECTION     W (290)
  HIGHEST GUST SPEED    32   HIGHEST GUST DIRECTION    NW (300)
  AVERAGE WIND SPEED    11.3


SKY COVER
  POSSIBLE SUNSHINE  MM
  AVERAGE SKY COVER 0.7


WEATHER CONDITIONS
 THE FOLLOWING WEATHER WAS RECORDED YESTERDAY.
  THUNDERSTORM
  LIGHT RAIN
  FOG


RELATIVE HUMIDITY (PERCENT)
 HIGHEST    93          1200 AM
 LOWEST     55           800 PM
 AVERAGE    74

..........................................................


THE ROCKFORD IL CLIMATE NORMALS FOR TODAY
                         NORMAL    RECORD    YEAR
 MAXIMUM TEMPERATURE (F)   71        92      1920
 MINIMUM TEMPERATURE (F)   48        26      1926


SUNRISE AND SUNSET
SEPTEMBER 26 2016.....SUNRISE   649 AM CDT   SUNSET   646 PM CDT
SEPTEMBER 27 2016.....SUNRISE   650 AM CDT   SUNSET   644 PM CDT


-  INDICATES NEGATIVE NUMBERS.
R  INDICATES RECORD WAS SET OR TIED.
MM INDICATES DATA IS MISSING.
T  INDICATES TRACE AMOUNT.




$$
