000
CDUS43 KLOT 060634
CLIRFD


CLIMATE REPORT
NATIONAL WEATHER SERVICE CHICAGO IL
1233 AM CST FRI MAR 6 2015


...................................

...THE ROCKFORD IL CLIMATE SUMMARY FOR MARCH 5 2015...

CLIMATE NORMAL PERIOD 1981 TO 2010
CLIMATE RECORD PERIOD 1905 TO 2015


WEATHER ITEM   OBSERVED TIME   RECORD YEAR NORMAL DEPARTURE LAST
                VALUE   (LST)  VALUE       VALUE  FROM      YEAR
                                                  NORMAL
..................................................................
TEMPERATURE (F)
 YESTERDAY
  MAXIMUM         13    423 PM  74    1983  42    -29       22
  MINIMUM         -6    642 AM  -9    1978  24    -30       13
  AVERAGE          4                        33    -29       18

PRECIPITATION (IN)
  YESTERDAY        0.00          1.02 1959   0.06  -0.06     0.11
  MONTH TO DATE    0.40                      0.32   0.08     0.48
  SINCE MAR 1      0.40                      0.32   0.08     0.48
  SINCE JAN 1      2.32                      3.10  -0.78     4.22

SNOWFALL (IN)
  YESTERDAY        0.0           9.6  2013   0.2   -0.2      1.7
  MONTH TO DATE    2.5                       1.0    1.5      7.1
  SINCE MAR 1      2.5                       1.0    1.5      7.1
  SINCE JUL 1     30.4                      32.0   -1.6     54.6
  SNOW DEPTH       5

DEGREE DAYS
 HEATING
  YESTERDAY       61                        32     29       47
  MONTH TO DATE  240                       166     74      264
  SINCE MAR 1    240                       166     74      264
  SINCE JUL 1   5686                      5168    518     6156

 COOLING
  YESTERDAY        0                         0      0        0
  MONTH TO DATE    0                         0      0        0
  SINCE MAR 1      0                         0      0        0
  SINCE JAN 1      0                         0      0        0
..................................................................


WIND (MPH)
  HIGHEST WIND SPEED    15   HIGHEST WIND DIRECTION     W (280)
  HIGHEST GUST SPEED    20   HIGHEST GUST DIRECTION     W (280)
  AVERAGE WIND SPEED     6.5


SKY COVER
  POSSIBLE SUNSHINE  MM
  AVERAGE SKY COVER 0.1


WEATHER CONDITIONS
 THE FOLLOWING WEATHER WAS RECORDED YESTERDAY.
  NO SIGNIFICANT WEATHER WAS OBSERVED.


RELATIVE HUMIDITY (PERCENT)
 HIGHEST    78           700 AM
 LOWEST     48           400 PM
 AVERAGE    63

..........................................................


THE ROCKFORD IL CLIMATE NORMALS FOR TODAY
                         NORMAL    RECORD    YEAR
 MAXIMUM TEMPERATURE (F)   42        70      2000
                                             1983
 MINIMUM TEMPERATURE (F)   24        -7      1960


SUNRISE AND SUNSET
MARCH  6 2015.........SUNRISE   624 AM CST   SUNSET   552 PM CST
MARCH  7 2015.........SUNRISE   622 AM CST   SUNSET   553 PM CST


-  INDICATES NEGATIVE NUMBERS.
R  INDICATES RECORD WAS SET OR TIED.
MM INDICATES DATA IS MISSING.
T  INDICATES TRACE AMOUNT.




$$
